278
CXUS55 KRIW 210945
CF6WRL
PRELIMINARY LOCAL CLIMATOLOGICAL DATA (WS FORM: F-6)

                                          STATION:   WORLAND WY
                                          MONTH:     OCTOBER
                                          YEAR:      2019
                                          LATITUDE:   43 58 N
                                          LONGITUDE: 107 57 W

  TEMPERATURE IN F:       :PCPN:    SNOW:  WIND      :SUNSHINE: SKY     :PK WND
================================================================================
1   2   3   4   5  6A  6B    7    8   9   10  11  12  13   14  15   16   17  18
                                     12Z  AVG MX 2MIN
DY MAX MIN AVG DEP HDD CDD  WTR  SNW DPTH SPD SPD DIR MIN PSBL S-S WX    SPD DR
================================================================================

 1  42  36  39 -12  26   0 0.01    M    M  6.4 12 350   M    M  10 1      17  20
 2  44  28  36 -15  29   0 0.04    M    M  5.5 10 120   M    M   7 1      14 120
 3  62  24  43  -7  22   0 0.00    M    M  3.7 10 180   M    M   0 18     11 180
 4  64  30  47  -3  18   0 0.07    M    M  7.4 30 330   M    M   3 13     40 330
 5  54  33  44  -6  21   0 0.00    M    M  4.1 16 350   M    M   4        22 350
 6  59  28  44  -5  21   0 0.00    M    M  4.7 12 160   M    M   1        16 100
 7  70  27  49   0  16   0 0.00    M    M  3.2  9 150   M    M   0        11 170
 8  75  32  54   6  11   0 0.00    M    M  8.1 24 340   M    M   0        32 360
 9  39  22  31 -17  34   0 0.02    M    M 13.8 22 310   M    M   9 1      32 320
10  31  14  23 -25  42   0    T    M    M  9.0 17 340   M    M   7        24 340
11  44  13  29 -18  36   0 0.00    M    M  4.3 10 170   M    M   0        13 170
12  57  17  37 -10  28   0 0.00    M    M  2.8  9 170   M    M   0        11 170
13  65  20  43  -4  22   0 0.00    M    M  4.5 10 180   M    M   0        13  60
14  67  28  48   2  17   0 0.00    M    M  6.8 22 350   M    M   0        29 350
15  56  25  41  -5  24   0 0.00    M    M  3.2  8 170   M    M   0        12 150
16  72  32  52   6  13   0 0.00    M    M  3.7  9 200   M    M   0        13  90
17  77  34  56  11   9   0 0.00    M    M  9.6 24 210   M    M   1        34 200
18  58  32  45   0  20   0 0.02    M    M  5.7 29 340   M    M   6        40 330
19  56  24  40  -4  25   0 0.00    M    M  7.4 24 340   M    M   2        35 340
20  47  31  39  -5  26   0 0.18    M    M 20.7 37 340   M    M   7 1      50 340
================================================================================
SM 1139  530       460   0  0.34    M    134.6          M       57
================================================================================
AV 57.0 26.5                               6.7 FASTST   M    M   3    MAX(MPH)
                                 MISC ---->  # 37 340               # 50  340
================================================================================
NOTES:
# LAST OF SEVERAL OCCURRENCES

COLUMN 17 PEAK WIND IN M.P.H.

PRELIMINARY LOCAL CLIMATOLOGICAL DATA (WS FORM: F-6) , PAGE 2

                                          STATION:  WORLAND WY
                                          MONTH:    OCTOBER
                                          YEAR:     2019
                                          LATITUDE:   43 58 N
                                          LONGITUDE: 107 57 W

[TEMPERATURE DATA]      [PRECIPITATION DATA]       SYMBOLS USED IN COLUMN 16

AVERAGE MONTHLY: 41.7   TOTAL FOR MONTH:   0.34    1 = FOG OR MIST
DPTR FM NORMAL:  -5.8   DPTR FM NORMAL:   -0.19    2 = FOG REDUCING VISIBILITY
HIGHEST:    77 ON 17    GRTST 24HR  0.18 ON 20-20      TO 1/4 MILE OR LESS
LOWEST:     13 ON 11                               3 = THUNDER
                        SNOW, ICE PELLETS, HAIL    4 = ICE PELLETS
                        TOTAL MONTH:    M          5 = HAIL
                        GRTST 24HR    M  ON   M    6 = FREEZING RAIN OR DRIZZLE
                        GRTST DEPTH:  M  ON   M    7 = DUSTSTORM OR SANDSTORM:
                                                       VSBY 1/2 MILE OR LESS
                                                   8 = SMOKE OR HAZE
[NO. OF DAYS WITH]      [WEATHER - DAYS WITH]      9 = BLOWING SNOW
                                                   X = TORNADO
MAX 32 OR BELOW:   1    0.01 INCH OR MORE:   6
MAX 90 OR ABOVE:   0    0.10 INCH OR MORE:   1
MIN 32 OR BELOW:  17    0.50 INCH OR MORE:   0
MIN  0 OR BELOW:   0    1.00 INCH OR MORE:   0

[HDD (BASE 65) ]
TOTAL THIS MO.   460    CLEAR  (SCALE 0-3)  13
DPTR FM NORMAL   113    PTCLDY (SCALE 4-7)   5
TOTAL FM JUL 1   675    CLOUDY (SCALE 8-10)  2
DPTR FM NORMAL    71

[CDD (BASE 65) ]
TOTAL THIS MO.     0
DPTR FM NORMAL     0    [PRESSURE DATA]
TOTAL FM JAN 1   516    HIGHEST SLP M ON M
DPTR FM NORMAL   -19    LOWEST  SLP 29.41 ON 17

[REMARKS]
