000
CXUS56 KTFX 200915
CF6WYS
19
PRELIMINARY LOCAL CLIMATOLOGICAL DATA (WS FORM: F-6)

                                          STATION:   WEST YELLOWSTO MT
                                          MONTH:     January
                                          YEAR:      2019
                                          LATITUDE:   44.68  N
                                          LONGITUDE: 111.12  W

  TEMPERATURE IN F:       :PCPN:    SNOW:  WIND      :SUNSHINE: SKY     :PK WND
================================================================================
1   2   3   4   5  6A  6B    7    8   9   10  11  12  13   14  15   16   17  18
                                     12Z  AVG MX 2MIN
DY MAX MIN AVG DEP HDD CDD  WTR  SNW DPTH SPD SPD DIR MIN PSBL S-S WX    SPD DR
================================================================================

01   3 -38 -17 -28  82   0  0.00  M    M  0.8  M   M   M    M   M        M     M
02  14 -15   0 -12  65   0  0.00  M    M  1.4  M   M   M    M   M        M     M
03  18  -2   8  -4  57   0  0.00  M    M  2.9  M   M   M    M   M        20  230
04  30  10  20   8  45   0  0.00  M    M  2.0  M   M   M    M   M        13  350
05  30   7  18   6  47   0  0.00  M    M  0.9  M   M   M    M   M        M     M
06  30  21  25  13  40   0  0.00  M    M 12.6  M   M   M    M   M        39  240
07  25  14  19   7  46   0  0.00  M    M 12.7  M   M   M    M   M        36  320
08  25   0  12   0  53   0  0.00  M    M  2.6  M   M   M    M   M        23  290
09  39  -4  17   5  48   0  0.00  M    M  1.9  M   M   M    M   M        23  230
10  36  19  27  15  38   0  0.00  M    M  2.5  M   M   M    M   M        M     M
11  30  -2  14   1  51   0  0.00  M    M  0.7  M   M   M    M   M        M     M
12  23  -8   7  -6  58   0  0.00  M    M  0.0  M   M   M    M   M        M     M
13  27 -11   8  -5  57   0  0.00  M    M  0.4  M   M   M    M   M        M     M
14  27 -15   6  -7  59   0  0.00  M    M  0.5  M   M   M    M   M        M     M
15  19 -18   0 -13  65   0  0.00  M    M  0.5  M   M   M    M   M        M     M
16  30  18  24  11  41   0  0.00  M    M  3.2  M   M   M    M   M        21  240
17  32  27  29  16  36   0  0.02  M    M  8.7  M   M   M    M   M        31  250
18  28   9  18   5  47   0  0.00  M    M  7.6  M   M   M    M   M        26  250
19  28  23  25  12  40   0  0.00  M    M 13.6  M   M   M    M   M        29  230
================================================================================
SM 494 35         975  0  0.02         75.5
================================================================================
AV 26.0 1.8                              4.0                        MAX(MPH)
                                                                      39

[TEMPERATURE DATA]      [PRECIPITATION DATA]

Average Monthly:  13.9  Total for Month:  0.02
Dptr fm Normal:    1.3  Dptr fm Normal:  -1.38
