000
CXUS56 KTFX 230915
CF6WYS
22
PRELIMINARY LOCAL CLIMATOLOGICAL DATA (WS FORM: F-6)

                                          STATION:   WEST YELLOWSTO MT
                                          MONTH:     May
                                          YEAR:      2018
                                          LATITUDE:   44.68  N
                                          LONGITUDE: 111.12  W

  TEMPERATURE IN F:       :PCPN:    SNOW:  WIND      :SUNSHINE: SKY     :PK WND
================================================================================
1   2   3   4   5  6A  6B    7    8   9   10  11  12  13   14  15   16   17  18
                                     12Z  AVG MX 2MIN
DY MAX MIN AVG DEP HDD CDD  WTR  SNW DPTH SPD SPD DIR MIN PSBL S-S WX    SPD DR
================================================================================

01  41  30  35  -4  30   0  0.00  M    M  2.7  M   M   M    M   M        21  360
02  52  28  40   1  25   0  0.00  M    M  2.8  M   M   M    M   M        17  360
03  57  21  39  -1  26   0  0.00  M    M  2.1  M   M   M    M   M        20  360
04  61  25  43   3  22   0  0.00  M    M  4.8  M   M   M    M   M        26  340
05  63  27  45   4  20   0  0.00  M    M  3.4  M   M   M    M   M        23  350
06  70  30  50   9  15   0  0.00  M    M  2.8  M   M   M    M   M        29  300
07  64  30  47   6  18   0  0.00  M    M  5.2  M   M   M    M   M        28  350
08  66  27  46   4  19   0  0.00  M    M  4.7  M   M   M    M   M        23  350
09  68  28  48   6  17   0  0.00  M    M  5.4  M   M   M    M   M        26  280
10  64  30  47   5  18   0  0.00  M    M  6.6  M   M   M    M   M        30  350
11  48  37  42  -1  23   0  0.01  M    M  6.7  M   M   M    M   M        22  360
12  54  36  45   2  20   0  0.00  M    M  7.4  M   M   M    M   M        18  360
13  57  36  46   3  19   0  0.00  M    M  4.2  M   M   M    M   M        17  350
14  59  27  43   0  22   0  0.00  M    M  3.7  M   M   M    M   M        24  350
15  66  25  45   1  20   0  0.00  M    M  4.7  M   M   M    M   M        35  280
16  64  28  46   2  19   0  0.00  M    M  5.7  M   M   M    M   M        30  300
17  61  32  46   2  19   0  0.08  M    M  3.5  M   M   M    M   M        28  350
18  57  34  45   0  20   0  0.03  M    M  3.2  M   M   M    M   M        20  360
19  59  37  48   3  17   0  0.00  M    M  3.0  M   M   M    M   M        17  360
20  64  36  50   5  15   0  0.00  M    M  4.4  M   M   M    M   M        36  270
21  63  34  48   3  17   0  0.19  M    M  2.1  M   M   M    M   M        16  350
22  68  34  51   5  14   0  0.00  M    M  3.2  M   M   M    M   M        31  360
================================================================================
SM 1326 672         435  0  0.31         92.3
================================================================================
AV 60.3 30.5                              4.2                        MAX(MPH)
                                                                      36

[TEMPERATURE DATA]      [PRECIPITATION DATA]

Average Monthly:  45.4  Total for Month:  0.31
Dptr fm Normal:    2.6  Dptr fm Normal:  -1.34
