000
CXUS56 KTFX 230915
CF6WYS
22
PRELIMINARY LOCAL CLIMATOLOGICAL DATA (WS FORM: F-6)

                                          STATION:   WEST YELLOWSTO MT
                                          MONTH:     February
                                          YEAR:      2018
                                          LATITUDE:   44.68  N
                                          LONGITUDE: 111.12  W

  TEMPERATURE IN F:       :PCPN:    SNOW:  WIND      :SUNSHINE: SKY     :PK WND
================================================================================
1   2   3   4   5  6A  6B    7    8   9   10  11  12  13   14  15   16   17  18
                                     12Z  AVG MX 2MIN
DY MAX MIN AVG DEP HDD CDD  WTR  SNW DPTH SPD SPD DIR MIN PSBL S-S WX    SPD DR
================================================================================

01  25 -15   5  -8  60   0  0.00  M    M  5.4  M   M   M    M   M        24  220
02  34  25  29  16  36   0  0.00  M    M 10.8  M   M   M    M   M        26  230
03  37  28  32  19  33   0  0.00  M    M 14.3  M   M   M    M   M        29  220
04  36  32  34  21  31   0  0.00  M    M 14.5  M   M   M    M   M        35  220
05  36  23  29  16  36   0  0.00  M    M  8.4  M   M   M    M   M        23  340
06  32  12  22   9  43   0  0.00  M    M  6.4  M   M   M    M   M        26  250
07  32  25  28  15  37   0  0.00  M    M 11.9  M   M   M    M   M        29  250
08  34  25  29  15  36   0  0.00  M    M 12.7  M   M   M    M   M        38  260
09  30   7  18   4  47   0  0.00  M    M  4.0  M   M   M    M   M        18  360
10  25  -2  11  -3  54   0  0.00  M    M  2.9  M   M   M    M   M        16  330
11  23  -8   7  -7  58   0  0.00  M    M  6.4  M   M   M    M   M        26  330
12  21  -8   6  -8  59   0  0.00  M    M  3.8  M   M   M    M   M        13  360
13  25 -22   1 -13  64   0  0.00  M    M  5.4  M   M   M    M   M        28  240
14  30  19  24   9  41   0  0.01  M    M 10.0  M   M   M    M   M        36  310
15  25   1  13  -2  52   0  0.02  M    M  5.3  M   M   M    M   M        21  350
16  21   5  13  -2  52   0  0.00  M    M 13.2  M   M   M    M   M        33  260
17  30  18  24   9  41   0  0.00  M    M 18.3  M   M   M    M   M        46  250
18  32   3  17   1  48   0  0.00  M    M  5.4  M   M   M    M   M        47  360
19   7 -24  -8 -24  73   0  0.00  M    M  3.0  M   M   M    M   M        13  360
20   7 -38 -15 -31  80   0  0.00  M    M  4.8  M   M   M    M   M        26  240
21  14 -15   0 -17  65   0  0.00  M    M  5.3  M   M   M    M   M        28  250
22  18  -8   5 -12  60   0  0.00  M    M  0.3  M   M   M    M   M        14  350
================================================================================
SM 574 83         1106  0  0.03         172.5
================================================================================
AV 26.1 3.8                              7.8                        MAX(MPH)
                                                                      47

[TEMPERATURE DATA]      [PRECIPITATION DATA]

Average Monthly:  14.9  Total for Month:  0.03
Dptr fm Normal:    0.3  Dptr fm Normal:  -1.33
