000
CXUS56 KTFX 200915
CF6WYS
19
PRELIMINARY LOCAL CLIMATOLOGICAL DATA (WS FORM: F-6)

                                          STATION:   WEST YELLOWSTO MT
                                          MONTH:     October
                                          YEAR:      2018
                                          LATITUDE:   44.68  N
                                          LONGITUDE: 111.12  W

  TEMPERATURE IN F:       :PCPN:    SNOW:  WIND      :SUNSHINE: SKY     :PK WND
================================================================================
1   2   3   4   5  6A  6B    7    8   9   10  11  12  13   14  15   16   17  18
                                     12Z  AVG MX 2MIN
DY MAX MIN AVG DEP HDD CDD  WTR  SNW DPTH SPD SPD DIR MIN PSBL S-S WX    SPD DR
================================================================================

01  59  28  43   2  22   0  0.00  M    M  4.6  M   M   M    M   M        26  250
02  63  43  53  12  12   0  0.00  M    M  8.9  M   M   M    M   M        33  290
03  63  46  54  13  11   0  0.00  M    M 14.1  M   M   M    M   M        35  270
04  48  36  42   2  23   0  0.14  M    M  7.8  M   M   M    M   M        32  340
05  41  30  35  -5  30   0  0.00  M    M  3.6  M   M   M    M   M        M     M
06  39  30  34  -5  31   0  0.00  M    M  0.3  M   M   M    M   M        M     M
07  46  30  38  -1  27   0  0.00  M    M  7.4  M   M   M    M   M        21  360
08  48  18  33  -6  32   0  0.00  M    M  3.7  M   M   M    M   M        18  360
09  39  27  33  -5  32   0  0.02  M    M  1.0  M   M   M    M   M        M     M
10  37  28  32  -6  33   0  0.00  M    M  2.5  M   M   M    M   M        12  330
11  37  23  30  -8  35   0  0.01  M    M  2.8  M   M   M    M   M        15  320
12  43  19  31  -6  34   0  0.00  M    M  7.1  M   M   M    M   M        24  340
13  36  19  27 -10  38   0  0.00  M    M 10.8  M   M   M    M   M        25  290
14  34  14  24 -12  41   0  0.00  M    M  5.1  M   M   M    M   M        20  360
15  45   9  27  -9  38   0  0.00  M    M  1.6  M   M   M    M   M        M     M
16  55  14  34  -2  31   0  0.00  M    M  1.3  M   M   M    M   M        M     M
17  59  16  37   2  28   0  0.00  M    M  0.8  M   M   M    M   M        M     M
18  57  18  37   2  28   0  0.00  M    M  5.0  M   M   M    M   M        25  250
19  59  19  39   4  26   0  0.00  M    M  3.0  M   M   M    M   M        20  250
================================================================================
SM 908 467         552  0  0.17         91.4
================================================================================
AV 47.8 24.6                              4.8                        MAX(MPH)
                                                                      35

[TEMPERATURE DATA]      [PRECIPITATION DATA]

Average Monthly:  36.2  Total for Month:  0.17
Dptr fm Normal:    -2.0  Dptr fm Normal:  -0.76
