170
CXUS56 KTFX 200915
CF6WYS
19
PRELIMINARY LOCAL CLIMATOLOGICAL DATA (WS FORM: F-6)

                                          STATION:   WEST YELLOWSTO MT
                                          MONTH:     October
                                          YEAR:      2019
                                          LATITUDE:   44.68  N
                                          LONGITUDE: 111.12  W

  TEMPERATURE IN F:       :PCPN:    SNOW:  WIND      :SUNSHINE: SKY     :PK WND
================================================================================
1   2   3   4   5  6A  6B    7    8   9   10  11  12  13   14  15   16   17  18
                                     12Z  AVG MX 2MIN
DY MAX MIN AVG DEP HDD CDD  WTR  SNW DPTH SPD SPD DIR MIN PSBL S-S WX    SPD DR
================================================================================

01  43  27  35  -6  30   0  0.00  M    M  2.3  M   M   M    M   M        15  330
02  37  27  32  -9  33   0  0.00  M    M  5.8  M   M   M    M   M        23  333
03  54  16  35  -6  30   0  0.00  M    M  1.5  M   M   M    M   M        17  250
04  39  23  31  -9  34   0  0.00  M    M  5.1  M   M   M    M   M        26  350
05  37  25  31  -9  34   0  0.00  M    M  8.7  M   M   M    M   M        24  320
06  45  19  32  -7  33   0  0.00  M    M  6.2  M   M   M    M   M        26  240
07  52  18  35  -4  30   0  0.00  M    M  5.2  M   M   M    M   M        30  230
08  55  27  41   2  24   0  0.00  M    M 13.6  M   M   M    M   M        46  240
09  48  10  29  -9  36   0  0.00  M    M  9.1  M   M   M    M   M        22  360
10  23  -8   7 -31  58   0  0.00  M    M  4.2  M   M   M    M   M        16  350
11  32  -9  11 -27  54   0  0.00  M    M  2.3  M   M   M    M   M        20  240
12  45  -2  21 -16  44   0  0.00  M    M  1.1  M   M   M    M   M        M     M
13  50   9  29  -8  36   0  0.00  M    M  3.2  M   M   M    M   M        22  270
14  52  16  34  -2  31   0  0.00  M    M  6.2  M   M   M    M   M        30  260
15  54  18  36   0  29   0  0.00  M    M  4.7  M   M   M    M   M        26  240
16  59  23  41   5  24   0  0.00  M    M  5.9  M   M   M    M   M        33  230
17  54  23  38   3  27   0  0.00  M    M  7.8  M   M   M    M   M        38  240
18  39  25  32  -3  33   0  0.00  M    M  8.0  M   M   M    M   M        31  360
19  34  19  26  -9  39   0  0.00  M    M  4.8  M   M   M    M   M        28  300
================================================================================
SM 852 306         659  0  0         105.7
================================================================================
AV 44.8 16.1                              5.6                        MAX(MPH)
                                                                      46

[TEMPERATURE DATA]      [PRECIPITATION DATA]

Average Monthly:  30.5  Total for Month:  0
Dptr fm Normal:    -7.6  Dptr fm Normal:  -0.93
