000
CXUS54 KTSA 240840
CF6XNA
PRELIMINARY LOCAL CLIMATOLOGICAL DATA (WS FORM: F-6)

                                          STATION:   HIGHFILL ARKANSAS
                                          MONTH:     MAY
                                          YEAR:      2018
                                          LATITUDE:   36 16 N
                                          LONGITUDE:  94 19 W

  TEMPERATURE IN F:       :PCPN:    SNOW:  WIND      :SUNSHINE: SKY     :PK WND
================================================================================
1   2   3   4   5  6A  6B    7    8   9   10  11  12  13   14  15   16   17  18
                                     12Z  AVG MX 2MIN
DY MAX MIN AVG DEP HDD CDD  WTR  SNW DPTH SPD SPD DIR MIN PSBL S-S WX    SPD DR
================================================================================

 1  77  59  68   7   0   3    T  0.0    0 14.8 25 180   M    M   7        32 180
 2  80  65  73  12   0   8 0.61  0.0    0 13.9 26 260   M    M   8 13     38 270
 3  71  62  67   6   0   2 1.36  0.0    0 14.1 36 250   M    M   3 123    48 250
 4  72  55  64   2   1   0 0.17  0.0    0  6.1 17 210   M    M   6 13     24 200
 5  80  48  64   2   1   0 0.00  0.0    0  3.8 13 340   M    M   1        18 340
 6  83  51  67   5   0   2 0.00  0.0    0  5.5 16 260   M    M   0        21 260
 7  88  55  72  10   0   7 0.00  0.0    0  2.2  9 200   M    M   0        12 200
 8  87  58  73  10   0   8 0.00  0.0    0  8.3 22 180   M    M   0        28 180
 9  86  69  78  15   0  13 0.01  0.0    0 10.8 31 170   M    M   1        39 200
10  83  64  74  11   0   9    T  0.0    0  9.4 21 190   M    M   0        28 200
11  85  63  74  11   0   9 0.00  0.0    0 15.1 29 170   M    M   0        39 200
12  84  65  75  11   0  10    T  0.0    0 11.7 22 180   M    M   2        29 200
13  86  60  73   9   0   8 0.00  0.0    0  7.5 18 170   M    M   1 1      26 170
14  88  63  76  12   0  11 0.00  0.0    0  7.3 18 170   M    M   1        26 180
15  81  63  72   8   0   7 0.19  0.0    0  5.8 24 350   M    M   2 13     31 340
16  83  59  71   7   0   6 1.59  0.0    0  4.8 28 140   M    M   4 123    32 140
17  84  55  70   5   0   5 0.00  0.0    0  3.7 14  50   M    M   2 12     21  40
18  86  60  73   8   0   8 0.00  0.0    0  3.4 10 200   M    M   0        12 210
19  87  64  76  11   0  11    T  0.0    0  6.7 20 180   M    M   0        24 190
20  84  66  75   9   0  10 0.02  0.0    0  6.4 21 270   M    M   4 13     26 280
21  84  65  75   9   0  10 0.00  0.0    0  4.6 10 290   M    M   6 12     14  30
22  90  62  76  10   0  11 0.00  0.0    0  2.9 20 160   M    M   1 13     24 160
23  83  63  73   7   0   8 0.14  0.0    0  3.8 21 260   M    M   2 13     26 250
================================================================================
SM 1912 1394         2 166  4.09     0.0 172.6          M       51
================================================================================
AV 83.1 60.6                               7.5 FASTST   M    M   2    MAX(MPH)
                                 MISC ---->  # 36 250               # 48  250
================================================================================
NOTES:
# LAST OF SEVERAL OCCURRENCES

COLUMN 17 PEAK WIND IN M.P.H.

PRELIMINARY LOCAL CLIMATOLOGICAL DATA (WS FORM: F-6) , PAGE 2

                                          STATION:  HIGHFILL ARKANSAS
                                          MONTH:    MAY
                                          YEAR:     2018
                                          LATITUDE:   36 16 N
                                          LONGITUDE:  94 19 W

[TEMPERATURE DATA]      [PRECIPITATION DATA]       SYMBOLS USED IN COLUMN 16

AVERAGE MONTHLY: 71.9   TOTAL FOR MONTH:   4.09    1 = FOG OR MIST
DPTR FM NORMAL:   8.3   DPTR FM NORMAL:   -0.21    2 = FOG REDUCING VISIBILITY
HIGHEST:    90 ON 22    GRTST 24HR  1.59 ON 16-16      TO 1/4 MILE OR LESS
LOWEST:     48 ON  5                               3 = THUNDER
                        SNOW, ICE PELLETS, HAIL    4 = ICE PELLETS
                        TOTAL MONTH:   0.0 INCH    5 = HAIL
                        GRTST 24HR     0.0         6 = FREEZING RAIN OR DRIZZLE
                        GRTST DEPTH:   0           7 = DUSTSTORM OR SANDSTORM:
                                                       VSBY 1/2 MILE OR LESS
                                                   8 = SMOKE OR HAZE
[NO. OF DAYS WITH]      [WEATHER - DAYS WITH]      9 = BLOWING SNOW
                                                   X = TORNADO
MAX 32 OR BELOW:   0    0.01 INCH OR MORE:   8
MAX 90 OR ABOVE:   1    0.10 INCH OR MORE:   6
MIN 32 OR BELOW:   0    0.50 INCH OR MORE:   3
MIN  0 OR BELOW:   0    1.00 INCH OR MORE:   2

[HDD (BASE 65) ]
TOTAL THIS MO.     2    CLEAR  (SCALE 0-3)  17
DPTR FM NORMAL   -76    PTCLDY (SCALE 4-7)   6
TOTAL FM JUL 1  3804    CLOUDY (SCALE 8-10)  0
DPTR FM NORMAL  -498

[CDD (BASE 65) ]
TOTAL THIS MO.   166
DPTR FM NORMAL   121    [PRESSURE DATA]
TOTAL FM JAN 1   177    HIGHEST SLP M ON M
DPTR FM NORMAL   111    LOWEST  SLP 29.77 ON 18

[REMARKS]
