000
CXUS54 KTSA 200940
CF6XNA
PRELIMINARY LOCAL CLIMATOLOGICAL DATA (WS FORM: F-6)

                                          STATION:   HIGHFILL ARKANSAS
                                          MONTH:     NOVEMBER
                                          YEAR:      2018
                                          LATITUDE:   36 16 N
                                          LONGITUDE:  94 19 W

  TEMPERATURE IN F:       :PCPN:    SNOW:  WIND      :SUNSHINE: SKY     :PK WND
================================================================================
1   2   3   4   5  6A  6B    7    8   9   10  11  12  13   14  15   16   17  18
                                     12Z  AVG MX 2MIN
DY MAX MIN AVG DEP HDD CDD  WTR  SNW DPTH SPD SPD DIR MIN PSBL S-S WX    SPD DR
================================================================================

 1  50  37  44  -9  21   0 0.45  0.0    0 11.4 24  10   M    M   7 1      29 360
 2  59  36  48  -4  17   0 0.01  0.0    0  7.3 20 300   M    M   3        28 300
 3  65  38  52   0  13   0 0.67  0.0    0 11.8 25 170   M    M   4 13     31 160
 4  57  39  48  -4  17   0 0.01  0.0    0  7.8 17 280   M    M   7 1      23 310
 5  60  40  50  -1  15   0 0.12  0.0    0  7.1 20 210   M    M   5        25 170
 6  64  38  51   0  14   0 0.00  0.0    0  5.0 13  30   M    M   5 1      17  10
 7  62  48  55   5  10   0 0.00  0.0    0  9.8 17  50   M    M   8        23  60
 8  50  39  45  -5  20   0 0.12  0.0    0 10.1 17 360   M    M  10        22 360
 9  43  23  33 -16  32   0 0.00  0.0    0 11.2 20 340   M    M   7 18     24 340
10  49  18  34 -15  31   0 0.00  0.0    0  6.6 14 160   M    M   2        18 200
11  56  39  48   0  17   0 0.00  0.0    0  4.6 12  50   M    M  10        14 130
12  46  26  36 -12  29   0 0.11    M    0 15.8 25 360   M    M  10 1      33  20
13  34  17  26 -22  39   0    T    M    0 10.4 21 360   M    M   2        25  20
14  36  17  27 -20  38   0 0.00  0.0    0  4.8 10 360   M    M   5        14  20
15  56  18  37  -9  28   0 0.00  0.0    0  6.0 16 210   M    M   0        20 210
16  67  31  49   3  16   0 0.00  0.0    0  4.1 12 200   M    M   0        13 140
17  69  38  54   8  11   0 0.00  0.0    0  5.8 14 200   M    M   0        19 180
18  44  33  39  -6  26   0 0.08    M    0  8.5 14 360   M    M   9 18     18  20
19  48  32  40  -5  25   0 0.00  0.0    0  5.2 12 260   M    M   6 18     14 270
================================================================================
SM 1015  607       419   0  1.57     0.0 153.3          M      100
================================================================================
AV 53.4 32.0                               8.1 FASTST   M    M   5    MAX(MPH)
                                 MISC ---->  # 25 170               # 33   20
================================================================================
NOTES:
# LAST OF SEVERAL OCCURRENCES

COLUMN 17 PEAK WIND IN M.P.H.

PRELIMINARY LOCAL CLIMATOLOGICAL DATA (WS FORM: F-6) , PAGE 2

                                          STATION:  HIGHFILL ARKANSAS
                                          MONTH:    NOVEMBER
                                          YEAR:     2018
                                          LATITUDE:   36 16 N
                                          LONGITUDE:  94 19 W

[TEMPERATURE DATA]      [PRECIPITATION DATA]       SYMBOLS USED IN COLUMN 16

AVERAGE MONTHLY: 42.7   TOTAL FOR MONTH:   1.57    1 = FOG OR MIST
DPTR FM NORMAL:  -6.2   DPTR FM NORMAL:   -1.44    2 = FOG REDUCING VISIBILITY
HIGHEST:    69 ON 17    GRTST 24HR  0.67 ON  3- 3      TO 1/4 MILE OR LESS
LOWEST:     17 ON 14,13                            3 = THUNDER
                        SNOW, ICE PELLETS, HAIL    4 = ICE PELLETS
                        TOTAL MONTH:   0.0 INCH    5 = HAIL
                        GRTST 24HR     0.0         6 = FREEZING RAIN OR DRIZZLE
                        GRTST DEPTH:   0           7 = DUSTSTORM OR SANDSTORM:
                                                       VSBY 1/2 MILE OR LESS
                                                   8 = SMOKE OR HAZE
[NO. OF DAYS WITH]      [WEATHER - DAYS WITH]      9 = BLOWING SNOW
                                                   X = TORNADO
MAX 32 OR BELOW:   0    0.01 INCH OR MORE:   8
MAX 90 OR ABOVE:   0    0.10 INCH OR MORE:   5
MIN 32 OR BELOW:   8    0.50 INCH OR MORE:   1
MIN  0 OR BELOW:   0    1.00 INCH OR MORE:   0

[HDD (BASE 65) ]
TOTAL THIS MO.   419    CLEAR  (SCALE 0-3)   5
DPTR FM NORMAL   110    PTCLDY (SCALE 4-7)  10
TOTAL FM JUL 1   667    CLOUDY (SCALE 8-10)  4
DPTR FM NORMAL    50

[CDD (BASE 65) ]
TOTAL THIS MO.     0
DPTR FM NORMAL     0    [PRESSURE DATA]
TOTAL FM JAN 1  1848    HIGHEST SLP M ON M
DPTR FM NORMAL   608    LOWEST  SLP 29.66 ON  5

[REMARKS]
