542
CXUS54 KTSA 210840
CF6XNA
PRELIMINARY LOCAL CLIMATOLOGICAL DATA (WS FORM: F-6)

                                          STATION:   HIGHFILL ARKANSAS
                                          MONTH:     AUGUST
                                          YEAR:      2018
                                          LATITUDE:   36 16 N
                                          LONGITUDE:  94 19 W

  TEMPERATURE IN F:       :PCPN:    SNOW:  WIND      :SUNSHINE: SKY     :PK WND
================================================================================
1   2   3   4   5  6A  6B    7    8   9   10  11  12  13   14  15   16   17  18
                                     12Z  AVG MX 2MIN
DY MAX MIN AVG DEP HDD CDD  WTR  SNW DPTH SPD SPD DIR MIN PSBL S-S WX    SPD DR
================================================================================

 1  87  60  74  -4   0   9 0.00  0.0    0  1.8  9 360   M    M   0 1      12 340
 2  88  61  75  -3   0  10 0.00  0.0    0  2.0 10 230   M    M   0        12 200
 3  90  62  76  -2   0  11 0.00  0.0    0  3.5 10 190   M    M   0        15 180
 4  90  63  77  -1   0  12 0.00  0.0    0  7.5 17 170   M    M   0        20 170
 5  92  68  80   2   0  15 0.00  0.0    0  6.3 15 190   M    M   0        20 180
 6  93  71  82   4   0  17 0.00  0.0    0  7.1 16 190   M    M   1        20 190
 7  84  69  77  -1   0  12 0.23  0.0    0  4.5 18 280   M    M   3 13     25 280
 8  82  66  74  -4   0   9 0.00  0.0    0  4.7 14 240   M    M   6 1      17 240
 9  89  65  77  -1   0  12 0.00  0.0    0  2.1 18  70   M    M   1 1      24 100
10  91  63  77  -1   0  12 0.00  0.0    0  3.2 12 180   M    M   1        14 180
11  92  67  80   2   0  15 0.00  0.0    0  2.8 18 320   M    M   0 3      25 320
12  90  68  79   1   0  14 0.01  0.0    0  3.7 16 130   M    M   1 3      20 130
13  84  69  77  -1   0  12 0.39  0.0    0  7.6 20 180   M    M   3 1      23 180
14  76  68  72  -6   0   7 1.38  0.0    0 10.5 21 210   M    M   9 13     28 190
15  83  71  77  -1   0  12 0.32  0.0    0  9.4 20 190   M    M   7 1      26 180
16  92  72  82   4   0  17 0.02  0.0    0  5.8 20 300   M    M   3 123    25 300
17  84  69  77   0   0  12 1.08  0.0    0  4.4 25 350   M    M   6 13     31 360
18  88  66  77   0   0  12 0.00  0.0    0  2.6  9 130   M    M   3 12     14 360
19  82  69  76  -1   0  11 0.03  0.0    0  5.9 24 170   M    M   3 3      29 170
20  80  66  73  -4   0   8 0.01  0.0    0  7.8 18 280   M    M   6 12     25 280
================================================================================
SM 1737 1333         0 239  3.47     0.0 103.2          M       53
================================================================================
AV 86.9 66.7                               5.2 FASTST   M    M   3    MAX(MPH)
                                 MISC ---->  # 25 350               # 31  360
================================================================================
NOTES:
# LAST OF SEVERAL OCCURRENCES

COLUMN 17 PEAK WIND IN M.P.H.

PRELIMINARY LOCAL CLIMATOLOGICAL DATA (WS FORM: F-6) , PAGE 2

                                          STATION:  HIGHFILL ARKANSAS
                                          MONTH:    AUGUST
                                          YEAR:     2018
                                          LATITUDE:   36 16 N
                                          LONGITUDE:  94 19 W

[TEMPERATURE DATA]      [PRECIPITATION DATA]       SYMBOLS USED IN COLUMN 16

AVERAGE MONTHLY: 76.8   TOTAL FOR MONTH:   3.47    1 = FOG OR MIST
DPTR FM NORMAL:  -1.1   DPTR FM NORMAL:    1.21    2 = FOG REDUCING VISIBILITY
HIGHEST:    93 ON  6    GRTST 24HR  1.38 ON 14-14      TO 1/4 MILE OR LESS
LOWEST:     60 ON  1                               3 = THUNDER
                        SNOW, ICE PELLETS, HAIL    4 = ICE PELLETS
                        TOTAL MONTH:   0.0 INCH    5 = HAIL
                        GRTST 24HR     0.0         6 = FREEZING RAIN OR DRIZZLE
                        GRTST DEPTH:   0           7 = DUSTSTORM OR SANDSTORM:
                                                       VSBY 1/2 MILE OR LESS
                                                   8 = SMOKE OR HAZE
[NO. OF DAYS WITH]      [WEATHER - DAYS WITH]      9 = BLOWING SNOW
                                                   X = TORNADO
MAX 32 OR BELOW:   0    0.01 INCH OR MORE:   9
MAX 90 OR ABOVE:   8    0.10 INCH OR MORE:   5
MIN 32 OR BELOW:   0    0.50 INCH OR MORE:   2
MIN  0 OR BELOW:   0    1.00 INCH OR MORE:   2

[HDD (BASE 65) ]
TOTAL THIS MO.     0    CLEAR  (SCALE 0-3)  11
DPTR FM NORMAL     0    PTCLDY (SCALE 4-7)   8
TOTAL FM JUL 1     0    CLOUDY (SCALE 8-10)  1
DPTR FM NORMAL     0

[CDD (BASE 65) ]
TOTAL THIS MO.   239
DPTR FM NORMAL   -17    [PRESSURE DATA]
TOTAL FM JAN 1  1344    HIGHEST SLP M ON M
DPTR FM NORMAL   379    LOWEST  SLP 29.75 ON 19

[REMARKS]
