000
CXUS54 KTSA 190840
CF6XNA
PRELIMINARY LOCAL CLIMATOLOGICAL DATA (WS FORM: F-6)

                                          STATION:   HIGHFILL ARKANSAS
                                          MONTH:     OCTOBER
                                          YEAR:      2019
                                          LATITUDE:   36 16 N
                                          LONGITUDE:  94 19 W

  TEMPERATURE IN F:       :PCPN:    SNOW:  WIND      :SUNSHINE: SKY     :PK WND
================================================================================
1   2   3   4   5  6A  6B    7    8   9   10  11  12  13   14  15   16   17  18
                                     12Z  AVG MX 2MIN
DY MAX MIN AVG DEP HDD CDD  WTR  SNW DPTH SPD SPD DIR MIN PSBL S-S WX    SPD DR
================================================================================

 1  86  67  77  15   0  12 0.00  0.0    0  7.8 18 180   M    M   1        23 190
 2  87  67  77  16   0  12 0.00  0.0    0  7.1 16 190   M    M   0        24 180
 3  80  58  69   8   0   4 0.00  0.0    0  8.4 14  30   M    M   3 1      18  40
 4  78  57  68   7   0   3 0.00  0.0    0  6.8 13 110   M    M   4        21  80
 5  83  61  72  12   0   7 2.46  0.0    0  6.2 25 200   M    M   1 138    42 190
 6   M   M   M   M   M   M    T    M    0 12.4 16  20   M    M   6 13      M  M
 7  72  48  60   0   5   0 0.00  0.0    0  6.4 10  10   M    M   0         M  M
 8  72  46  59   0   6   0 0.00  0.0    0  4.8  9 130   M    M   0         M  M
 9  72  47  60   1   5   0 0.00  0.0    0  8.1 20 140   M    M   3        23 140
10  73  46  60   1   5   0 2.18  0.0    0 16.4 24 180   M    M   8 13     32 180
11  51  35  43 -16  22   0 0.35  0.0    0 10.3 22 310   M    M   5 138    27 320
12  61  31  46 -12  19   0 0.00  0.0    0  5.6 14 260   M    M   0        18 270
13  69  35  52  -6  13   0 0.00  0.0    0  4.5 16 220   M    M   0        21 220
14  75  42  59   1   6   0 0.00  0.0    0  5.5 15 150   M    M   0        19 150
15  72  48  60   2   5   0 0.07  0.0    0  8.3 30 360   M    M   9 1      37  10
16  60  39  50  -7  15   0 0.00  0.0    0  6.1 15  20   M    M   0 1      19  20
17  69  38  54  -3  11   0 0.00  0.0    0  4.4 14 170   M    M   0 1      17 190
18  71  43  57   0   8   0 0.00  0.0    0  7.8 18 150   M    M   0        23 140
================================================================================
SM 1231  808       120  38  5.06     0.0 136.9          M       40
================================================================================
AV 72.4 47.5                               7.6 FASTST   M    M   2    MAX(MPH)
                                 MISC ---->  # 30 360               # 42  190
================================================================================
NOTES:
# LAST OF SEVERAL OCCURRENCES

COLUMN 17 PEAK WIND IN M.P.H.

PRELIMINARY LOCAL CLIMATOLOGICAL DATA (WS FORM: F-6) , PAGE 2

                                          STATION:  HIGHFILL ARKANSAS
                                          MONTH:    OCTOBER
                                          YEAR:     2019
                                          LATITUDE:   36 16 N
                                          LONGITUDE:  94 19 W

[TEMPERATURE DATA]      [PRECIPITATION DATA]       SYMBOLS USED IN COLUMN 16

AVERAGE MONTHLY: 60.0   TOTAL FOR MONTH:   5.06    1 = FOG OR MIST
DPTR FM NORMAL:   0.9   DPTR FM NORMAL:    3.13    2 = FOG REDUCING VISIBILITY
HIGHEST:    87 ON  2    GRTST 24HR  2.46 ON  5- 5      TO 1/4 MILE OR LESS
LOWEST:     31 ON 12                               3 = THUNDER
                        SNOW, ICE PELLETS, HAIL    4 = ICE PELLETS
                        TOTAL MONTH:   0.0 INCH    5 = HAIL
                        GRTST 24HR     0.0         6 = FREEZING RAIN OR DRIZZLE
                        GRTST DEPTH:   0           7 = DUSTSTORM OR SANDSTORM:
                                                       VSBY 1/2 MILE OR LESS
                                                   8 = SMOKE OR HAZE
[NO. OF DAYS WITH]      [WEATHER - DAYS WITH]      9 = BLOWING SNOW
                                                   X = TORNADO
MAX 32 OR BELOW:   0    0.01 INCH OR MORE:   4
MAX 90 OR ABOVE:   0    0.10 INCH OR MORE:   3
MIN 32 OR BELOW:   1    0.50 INCH OR MORE:   2
MIN  0 OR BELOW:   0    1.00 INCH OR MORE:   2

[HDD (BASE 65) ]
TOTAL THIS MO.   120    CLEAR  (SCALE 0-3)  13
DPTR FM NORMAL    -2    PTCLDY (SCALE 4-7)   4
TOTAL FM JUL 1   120    CLOUDY (SCALE 8-10)  1
DPTR FM NORMAL   -52

[CDD (BASE 65) ]
TOTAL THIS MO.    38
DPTR FM NORMAL    24    [PRESSURE DATA]
TOTAL FM JAN 1  1622    HIGHEST SLP M ON M
DPTR FM NORMAL   387    LOWEST  SLP 29.73 ON 18

[REMARKS]
