288
CXAK56 PAJK 251432
CF6YAK
PRELIMINARY LOCAL CLIMATOLOGICAL DATA (WS FORM: F-6)

                                          STATION:   YAKUTAT
                                          MONTH:     MAY
                                          YEAR:      2018
                                          LATITUDE:   59 31 N
                                          LONGITUDE: 139 40 W

  TEMPERATURE IN F:       :PCPN:    SNOW:  WIND      :SUNSHINE: SKY     :PK WND
================================================================================
1   2   3   4   5  6A  6B    7    8   9   10  11  12  13   14  15   16   17  18
                                     12Z  AVG MX 2MIN
DY MAX MIN AVG DEP HDD CDD  WTR  SNW DPTH SPD SPD DIR MIN PSBL S-S WX    SPD DR
================================================================================

 1  46  41  44   3  21   0 1.23  0.0    0  7.6 14 260   M    M  10 1      19 270
 2  48  32  40  -2  25   0 0.01  0.0    0  4.6 15 210   M    M   5 128    20 230
 3  42  31  37  -5  28   0 0.89  0.0    0  7.8 15  90   M    M   9 1      20  90
 4  46  40  43   1  22   0 3.44  0.0    0 13.5 25 130   M    M  10 1      36 150
 5  46  43  45   3  20   0 2.73  0.0    0 10.3 23 130   M    M  10 1      37 140
 6  52  42  47   5  18   0 0.00  0.0    0  3.4 10 300   M    M   9        13 290
 7  52  38  45   2  20   0 0.01  0.0    0  4.2 10 290   M    M   6        15 310
 8  62  40  51   8  14   0 0.00  0.0    0  3.3 12 360   M    M   3        13 360
 9  65  43  54  11  11   0 0.07  0.0    0  3.6 14 220   M    M   7 1      17 220
10  56  48  52   9  13   0 0.15  0.0    0  9.0 21 120   M    M  10 18     34 130
11  48  42  45   1  20   0 0.66  0.0    0  9.0 28 130   M    M  10 12     40 130
12  51  37  44   0  21   0 0.00  0.0    0  3.5 12 240   M    M   7 12     14 300
13  50  43  47   3  18   0 1.51  0.0    0 12.8 25 130   M    M  10 18     37 130
14  48  43  46   2  19   0 0.12  0.0    0  8.1 15 140   M    M   9 18     23 130
15  52  36  44   0  21   0 0.12  0.0    0  4.7 13 290   M    M   8 1      17 250
16  52  34  43  -2  22   0 0.00  0.0    0  6.5 18 280   M    M   1 1      23 290
17  56  33  45   0  20   0 0.00  0.0    0  5.3 13 280   M    M   0 1      17 290
18  69  41  55  10  10   0 0.00  0.0    0  7.6 21 140   M    M   4 1      32 140
19  53  42  48   3  17   0    T  0.0    0  5.0 13 220   M    M   8        16 210
20  51  45  48   2  17   0 0.66  0.0    0  8.2 20 130   M    M  10 1      30 130
21  50  44  47   1  18   0 1.40  0.0    0 13.8 24 130   M    M  10 1      37 130
22  52  45  49   3  16   0 0.49  0.0    0  8.8 17 140   M    M  10 1      26 130
23  53  45  49   3  16   0 0.42  0.0    0  5.3 12 160   M    M   9 1      16 220
24  52  41  47   0  18   0 0.24  0.0    0  7.3 16 130   M    M   9 1      22 130
================================================================================
SM 1252  969       445   0 14.15     0.0 173.2          M      184
================================================================================
AV 52.2 40.4                               7.2 FASTST   M    M   8    MAX(MPH)
                                 MISC ---->  # 28 130               # 40  130
================================================================================
NOTES:
# LAST OF SEVERAL OCCURRENCES

COLUMN 17 PEAK WIND IN M.P.H.

PRELIMINARY LOCAL CLIMATOLOGICAL DATA (WS FORM: F-6) , PAGE 2

                                          STATION:  YAKUTAT
                                          MONTH:    MAY
                                          YEAR:     2018
                                          LATITUDE:   59 31 N
                                          LONGITUDE: 139 40 W

[TEMPERATURE DATA]      [PRECIPITATION DATA]       SYMBOLS USED IN COLUMN 16

AVERAGE MONTHLY: 46.3   TOTAL FOR MONTH:  14.15    1 = FOG OR MIST
DPTR FM NORMAL:   2.4   DPTR FM NORMAL:    7.73    2 = FOG REDUCING VISIBILITY
HIGHEST:    69 ON 18    GRTST 24HR  3.44 ON  4- 4      TO 1/4 MILE OR LESS
LOWEST:     31 ON  3                               3 = THUNDER
                        SNOW, ICE PELLETS, HAIL    4 = ICE PELLETS
                        TOTAL MONTH:   0.0 INCH    5 = HAIL
                        GRTST 24HR     0.0         6 = FREEZING RAIN OR DRIZZLE
                        GRTST DEPTH:   0           7 = DUSTSTORM OR SANDSTORM:
                                                       VSBY 1/2 MILE OR LESS
                                                   8 = SMOKE OR HAZE
[NO. OF DAYS WITH]      [WEATHER - DAYS WITH]      9 = BLOWING SNOW
                                                   X = TORNADO
MAX 32 OR BELOW:   0    0.01 INCH OR MORE:  17
MAX 90 OR ABOVE:   0    0.10 INCH OR MORE:  14
MIN 32 OR BELOW:   2    0.50 INCH OR MORE:   8
MIN  0 OR BELOW:   0    1.00 INCH OR MORE:   5

[HDD (BASE 65) ]
TOTAL THIS MO.   445    CLEAR  (SCALE 0-3)   2
DPTR FM NORMAL   -60    PTCLDY (SCALE 4-7)   7
TOTAL FM JUL 1  8020    CLOUDY (SCALE 8-10) 15
DPTR FM NORMAL  -440

[CDD (BASE 65) ]
TOTAL THIS MO.     0
DPTR FM NORMAL     0    [PRESSURE DATA]
TOTAL FM JAN 1     0    HIGHEST SLP M ON M
DPTR FM NORMAL     0    LOWEST  SLP 29.52 ON 21

[REMARKS]
