000
CXAK56 PAJK 191229
CF6YAK
PRELIMINARY LOCAL CLIMATOLOGICAL DATA (WS FORM: F-6)

                                          STATION:   YAKUTAT
                                          MONTH:     JANUARY
                                          YEAR:      2019
                                          LATITUDE:   59 31 N
                                          LONGITUDE: 139 40 W

  TEMPERATURE IN F:       :PCPN:    SNOW:  WIND      :SUNSHINE: SKY     :PK WND
================================================================================
1   2   3   4   5  6A  6B    7    8   9   10  11  12  13   14  15   16   17  18
                                     12Z  AVG MX 2MIN
DY MAX MIN AVG DEP HDD CDD  WTR  SNW DPTH SPD SPD DIR MIN PSBL S-S WX    SPD DR
================================================================================

 1  47  37  42  14  23   0 1.42    M    M 11.7 30 130   M    M   9 18     46 120
 2  41  34  38  10  27   0 0.87    M    M  4.9 10 350   M    M   9 1      16 160
 3  35  30  33   5  32   0 0.22    M    M  3.3 10  50   M    M   9 2      14 130
 4  31  17  24  -4  41   0 0.00    M    M  0.3  5  10   M    M   4 2       5  10
 5  24  10  17 -11  48   0 0.00    M    M  0.1  5  30   M    M   0 1       4  50
 6  26   7  17 -11  48   0 0.00    M    M  3.1 10  90   M    M   1        14  90
 7  25  19  22  -6  43   0 0.23    M    M  8.0 17  80   M    M  10 28     22  80
 8  22   6  14 -14  51   0 0.00    M    M  0.6  6  90   M    M   1 1       6  90
 9  18   2  10 -18  55   0 0.00    M    M  0.3  6  20   M    M   0 18      6  20
10  23   4  14 -14  51   0 0.00    M    M  1.8  7 120   M    M   3 18      9 130
11  21   6  14 -14  51   0 0.00    M    M  0.6  5  70   M    M   0 1       5  60
12  36   5  21  -7  44   0 0.09    M    M  3.5 10  80   M    M   6 16     14  90
13  34  17  26  -2  39   0 0.00    M    M  1.1  6  80   M    M   2 2       6  80
14  38  18  28   0  37   0 0.11    M    M  2.1  8  70   M    M   9 16      9  70
15  41  32  37   9  28   0 0.17    M    M  3.5  9  80   M    M  10 1      11  80
16  40  26  33   5  32   0 0.00    M    M  0.5  5  60   M    M   6 12      6  90
17  34  23  29   1  36   0 0.00    M    M  0.3  6  70   M    M   6 12      7 110
18  31  16  24  -4  41   0 0.00    M    M  0.0  3  10   M    M   2         3  20
================================================================================
SM  567  309       727   0  3.11    M     45.7          M       87
================================================================================
AV 31.5 17.2                               2.5 FASTST   M    M   5    MAX(MPH)
                                 MISC ---->  # 30 130               # 46  120
================================================================================
NOTES:
# LAST OF SEVERAL OCCURRENCES

COLUMN 17 PEAK WIND IN M.P.H.

PRELIMINARY LOCAL CLIMATOLOGICAL DATA (WS FORM: F-6) , PAGE 2

                                          STATION:  YAKUTAT
                                          MONTH:    JANUARY
                                          YEAR:     2019
                                          LATITUDE:   59 31 N
                                          LONGITUDE: 139 40 W

[TEMPERATURE DATA]      [PRECIPITATION DATA]       SYMBOLS USED IN COLUMN 16

AVERAGE MONTHLY: 24.3   TOTAL FOR MONTH:   3.11    1 = FOG OR MIST
DPTR FM NORMAL:  -3.7   DPTR FM NORMAL:   -5.07    2 = FOG REDUCING VISIBILITY
HIGHEST:    47 ON  1    GRTST 24HR  1.50 ON 31- 1      TO 1/4 MILE OR LESS
LOWEST:      2 ON  9                               3 = THUNDER
                        SNOW, ICE PELLETS, HAIL    4 = ICE PELLETS
                        TOTAL MONTH:    M          5 = HAIL
                        GRTST 24HR    M  ON   M    6 = FREEZING RAIN OR DRIZZLE
                        GRTST DEPTH:  M  ON   M    7 = DUSTSTORM OR SANDSTORM:
                                                       VSBY 1/2 MILE OR LESS
                                                   8 = SMOKE OR HAZE
[NO. OF DAYS WITH]      [WEATHER - DAYS WITH]      9 = BLOWING SNOW
                                                   X = TORNADO
MAX 32 OR BELOW:   9    0.01 INCH OR MORE:   7
MAX 90 OR ABOVE:   0    0.10 INCH OR MORE:   6
MIN 32 OR BELOW:  16    0.50 INCH OR MORE:   2
MIN  0 OR BELOW:   0    1.00 INCH OR MORE:   1

[HDD (BASE 65) ]
TOTAL THIS MO.   727    CLEAR  (SCALE 0-3)   8
DPTR FM NORMAL    62    PTCLDY (SCALE 4-7)   4
TOTAL FM JUL 1  3873    CLOUDY (SCALE 8-10)  6
DPTR FM NORMAL  -774

[CDD (BASE 65) ]
TOTAL THIS MO.     0
DPTR FM NORMAL     0    [PRESSURE DATA]
TOTAL FM JAN 1     0    HIGHEST SLP  0.00 ON 17
DPTR FM NORMAL     0    LOWEST  SLP  0.00 ON 17

[REMARKS]
