000
CXUS51 KCLE 170800
CF6YNG
PRELIMINARY LOCAL CLIMATOLOGICAL DATA (WS FORM: F-6)

                                          STATION:   YOUNGSTOWN OH
                                          MONTH:     FEBRUARY
                                          YEAR:      2018
                                          LATITUDE:   41 16 N
                                          LONGITUDE:  80 40 W

  TEMPERATURE IN F:       :PCPN:    SNOW:  WIND      :SUNSHINE: SKY     :PK WND
================================================================================
1   2   3   4   5  6A  6B    7    8   9   10  11  12  13   14  15   16   17  18
                                     12Z  AVG MX 2MIN
DY MAX MIN AVG DEP HDD CDD  WTR  SNW DPTH SPD SPD DIR MIN PSBL S-S WX    SPD DR
================================================================================

 1  45  20  33   7  32   0 0.02  0.3    T 13.1 23 340   M    M   9 1      29 240
 2  20  11  16 -10  49   0 0.11  3.0    2 11.1 24 320   M    M  10 19     29 320
 3  31  11  21  -5  44   0 0.00  0.0    2 10.5 18 200   M    M   9        26 190
 4  37  20  29   2  36   0 0.20  2.0    1 11.2 28 320   M    M  10 16     34 330
 5  20   9  15 -12  50   0    T  0.2    3  9.0 23 330   M    M   9 1      27 340
 6  25  19  22  -5  43   0 0.06  1.4    4  5.2 14 250   M    M  10 1      20 230
 7  25  16  21  -6  44   0 0.41  6.4    6  9.2 21 330   M    M  10 12     25 330
 8  23   5  14 -13  51   0    T  0.2    7  8.6 20 240   M    M   8 1      25 220
 9  41   2  22  -5  43   0 0.06  0.6    6  7.2 15 200   M    M  10 1      20 180
10  45  28  37  10  28   0 0.13  0.0    5  6.2 15 330   M    M  10 126    17 330
11  49  27  38  10  27   0 0.12  0.0    3  9.3 20 280   M    M  10 126    26 280
12  32  16  24  -4  41   0 0.00  0.0    1  8.2 15 340   M    M   6        19 310
13  40  11  26  -2  39   0 0.01  0.0    T  6.9 14 180   M    M   7        18 180
14  49  37  43  15  22   0 0.22  0.0    T  8.4 18 230   M    M   8 1      24 210
15  61  46  54  26  11   0 0.58  0.0    0 10.4 22 320   M    M   8 12     28 290
16  50  25  38  10  27   0 0.27    T    0 10.0 22 310   M    M  10 12     28 310
================================================================================
SM  593  303       587   0  2.19    14.1 144.5          M      144
================================================================================
AV 37.1 18.9                               9.0 FASTST   M    M   9    MAX(MPH)
                                 MISC ---->  # 28 320               # 34  330
================================================================================
NOTES:
# LAST OF SEVERAL OCCURRENCES

COLUMN 17 PEAK WIND IN M.P.H.

PRELIMINARY LOCAL CLIMATOLOGICAL DATA (WS FORM: F-6) , PAGE 2

                                          STATION:  YOUNGSTOWN OH
                                          MONTH:    FEBRUARY
                                          YEAR:     2018
                                          LATITUDE:   41 16 N
                                          LONGITUDE:  80 40 W

[TEMPERATURE DATA]      [PRECIPITATION DATA]       SYMBOLS USED IN COLUMN 16

AVERAGE MONTHLY: 28.0   TOTAL FOR MONTH:   2.19    1 = FOG OR MIST
DPTR FM NORMAL:   0.8   DPTR FM NORMAL:    1.00    2 = FOG REDUCING VISIBILITY
HIGHEST:    61 ON 15    GRTST 24HR  0.58 ON 15-15      TO 1/4 MILE OR LESS
LOWEST:      2 ON  9                               3 = THUNDER
                        SNOW, ICE PELLETS, HAIL    4 = ICE PELLETS
                        TOTAL MONTH:  14.1 INCHES  5 = HAIL
                        GRTST 24HR   6.4 ON  7- 7  6 = FREEZING RAIN OR DRIZZLE
                        GRTST DEPTH:   7 ON  8     7 = DUSTSTORM OR SANDSTORM:
                                                       VSBY 1/2 MILE OR LESS
                                                   8 = SMOKE OR HAZE
[NO. OF DAYS WITH]      [WEATHER - DAYS WITH]      9 = BLOWING SNOW
                                                   X = TORNADO
MAX 32 OR BELOW:   7    0.01 INCH OR MORE:  12
MAX 90 OR ABOVE:   0    0.10 INCH OR MORE:   8
MIN 32 OR BELOW:  14    0.50 INCH OR MORE:   1
MIN  0 OR BELOW:   0    1.00 INCH OR MORE:   0

[HDD (BASE 65) ]
TOTAL THIS MO.   587    CLEAR  (SCALE 0-3)   0
DPTR FM NORMAL   -18    PTCLDY (SCALE 4-7)   3
TOTAL FM JUL 1  4085    CLOUDY (SCALE 8-10) 13
DPTR FM NORMAL  -143

[CDD (BASE 65) ]
TOTAL THIS MO.     0
DPTR FM NORMAL     0    [PRESSURE DATA]
TOTAL FM JAN 1     0    HIGHEST SLP M ON M
DPTR FM NORMAL     0    LOWEST  SLP 29.63 ON 15

[REMARKS]
