000
CXUS51 KCLE 170800
CF6YNG
PRELIMINARY LOCAL CLIMATOLOGICAL DATA (WS FORM: F-6)

                                          STATION:   YOUNGSTOWN OH
                                          MONTH:     OCTOBER
                                          YEAR:      2019
                                          LATITUDE:   41 16 N
                                          LONGITUDE:  80 40 W

  TEMPERATURE IN F:       :PCPN:    SNOW:  WIND      :SUNSHINE: SKY     :PK WND
================================================================================
1   2   3   4   5  6A  6B    7    8   9   10  11  12  13   14  15   16   17  18
                                     12Z  AVG MX 2MIN
DY MAX MIN AVG DEP HDD CDD  WTR  SNW DPTH SPD SPD DIR MIN PSBL S-S WX    SPD DR
================================================================================

 1  88  66  77  21   0  12 0.00  0.0    0  7.1 21 230   M    M   6 1      25 230
 2  84  62  73  17   0   8 0.28  0.0    0  7.5 16 340   M    M   8 1      19 330
 3  86  59  73  18   0   8 0.05  0.0    0  9.6 24 260   M    M   9 128    30 250
 4  60  43  52  -3  13   0 0.00  0.0    0 10.2 23  20   M    M   9        29  30
 5  65  40  53  -1  12   0 0.00  0.0    0 10.4 18 110   M    M   3        23 120
 6  72  53  63   9   2   0 0.05  0.0    0  7.7 16 230   M    M   9 1      23 220
 7  59  48  54   0  11   0 0.22  0.0    0  3.5 10 230   M    M   9 1      12 240
 8  67  42  55   2  10   0 0.00  0.0    0  4.8 12  40   M    M   5 12     15  50
 9  69  43  56   3   9   0 0.00  0.0    0  7.1 15 110   M    M   0        20 110
10  72  45  59   6   6   0 0.00  0.0    0  7.2 13 110   M    M   3        15 120
11  75  51  63  11   2   0    T  0.0    0  9.2 15 130   M    M   7        21 120
12  63  40  52   0  13   0 0.18  0.0    0  9.1 17 260   M    M   6 1      23 290
13  65  36  51  -1  14   0 0.00  0.0    0  9.2 17 190   M    M   2        26 180
14  59  35  47  -5  18   0 0.00  0.0    0  6.8 22 260   M    M   5        28 250
15  66  33  50  -1  15   0 0.00  0.0    0  7.1 15 150   M    M   5        19 170
16  60  44  52   1  13   0 0.84  0.0    0 11.4 22 310   M    M  10 13     28 250
================================================================================
SM 1110  740       138  28  1.62     0.0 127.9          M       96
================================================================================
AV 69.4 46.3                               8.0 FASTST   M    M   6    MAX(MPH)
                                 MISC ---->  # 24 260               # 30  250
================================================================================
NOTES:
# LAST OF SEVERAL OCCURRENCES

COLUMN 17 PEAK WIND IN M.P.H.

PRELIMINARY LOCAL CLIMATOLOGICAL DATA (WS FORM: F-6) , PAGE 2

                                          STATION:  YOUNGSTOWN OH
                                          MONTH:    OCTOBER
                                          YEAR:     2019
                                          LATITUDE:   41 16 N
                                          LONGITUDE:  80 40 W

[TEMPERATURE DATA]      [PRECIPITATION DATA]       SYMBOLS USED IN COLUMN 16

AVERAGE MONTHLY: 57.8   TOTAL FOR MONTH:   1.62    1 = FOG OR MIST
DPTR FM NORMAL:   4.5   DPTR FM NORMAL:    0.13    2 = FOG REDUCING VISIBILITY
HIGHEST:    88 ON  1    GRTST 24HR  0.84 ON 16-16      TO 1/4 MILE OR LESS
LOWEST:     33 ON 15                               3 = THUNDER
                        SNOW, ICE PELLETS, HAIL    4 = ICE PELLETS
                        TOTAL MONTH:   0.0 INCH    5 = HAIL
                        GRTST 24HR     0.0         6 = FREEZING RAIN OR DRIZZLE
                        GRTST DEPTH:   0           7 = DUSTSTORM OR SANDSTORM:
                                                       VSBY 1/2 MILE OR LESS
                                                   8 = SMOKE OR HAZE
[NO. OF DAYS WITH]      [WEATHER - DAYS WITH]      9 = BLOWING SNOW
                                                   X = TORNADO
MAX 32 OR BELOW:   0    0.01 INCH OR MORE:   6
MAX 90 OR ABOVE:   0    0.10 INCH OR MORE:   4
MIN 32 OR BELOW:   0    0.50 INCH OR MORE:   1
MIN  0 OR BELOW:   0    1.00 INCH OR MORE:   0

[HDD (BASE 65) ]
TOTAL THIS MO.   138    CLEAR  (SCALE 0-3)   3
DPTR FM NORMAL   -55    PTCLDY (SCALE 4-7)   8
TOTAL FM JUL 1   168    CLOUDY (SCALE 8-10)  5
DPTR FM NORMAL  -208

[CDD (BASE 65) ]
TOTAL THIS MO.    28
DPTR FM NORMAL    25    [PRESSURE DATA]
TOTAL FM JAN 1   792    HIGHEST SLP M ON M
DPTR FM NORMAL   251    LOWEST  SLP 29.61 ON 16

[REMARKS]
