000
CDUS41 KBTV 040638
CLI1V4

CLIMATE REPORT
NATIONAL WEATHER SERVICE BURLINGTON VT
238 AM EDT THU JUN 04 2020

...................................

...THE SAINT JOHNSBURY VT ASOS CLIMATE SUMMARY FOR JUNE 3 2020...

CLIMATE NORMAL PERIOD: 1981 TO 2010
CLIMATE RECORD PERIOD: 1998 TO 2020


WEATHER ITEM   OBSERVED TIME   RECORD YEAR NORMAL DEPARTURE LAST
                VALUE   (LST)  VALUE       VALUE  FROM      YEAR
                                                  NORMAL
...................................................................
TEMPERATURE (F)
 YESTERDAY
  MAXIMUM         62   1:44 PM  85    2014  74    -12       61
  MINIMUM         51   5:52 AM  36    2003  50      1       43
  AVERAGE         57                        62     -5       52

PRECIPITATION (IN)
  YESTERDAY        0.02          0.91 2001   0.13  -0.11     0.00
  MONTH TO DATE    0.03                      0.38  -0.35     0.42
  SINCE JUN 1      0.03                      0.38  -0.35     0.42
  SINCE JAN 1     14.30                     13.79   0.51    22.07

DEGREE DAYS
 HEATING
  YESTERDAY        8                         4      4       13
  MONTH TO DATE   41                        14     27       28
  SINCE JUN 1     41                        14     27       28
  SINCE JUL 1   7739                      7718     21     8330

 COOLING
  YESTERDAY        0                         2     -2        0
  MONTH TO DATE    0                         4     -4        0
  SINCE JUN 1      0                         4     -4        0
  SINCE JAN 1     44                        22     22        6
...................................................................


RELATIVE HUMIDITY (PERCENT)
 HIGHEST    96           1:00 AM
 LOWEST     72          12:00 PM
 AVERAGE    84

..........................................................


THE SAINT JOHNSBURY VT ASOS CLIMATE NORMALS FOR TODAY
                         NORMAL    RECORD    YEAR
 MAXIMUM TEMPERATURE (F)   74        86      2005
 MINIMUM TEMPERATURE (F)   51        34      2002


SUNRISE AND SUNSET
JUNE  4 2020..........SUNRISE   5:05 AM EDT   SUNSET   8:28 PM EDT
JUNE  5 2020..........SUNRISE   5:05 AM EDT   SUNSET   8:29 PM EDT


-  INDICATES NEGATIVE NUMBERS.
R  INDICATES RECORD WAS SET OR TIED.
MM INDICATES DATA IS MISSING.
T  INDICATES TRACE AMOUNT.




$$
