000
CDUS41 KBTV 200527
CLI1V4


CLIMATE REPORT
NATIONAL WEATHER SERVICE BURLINGTON VT
126 AM EDT WED JUN 20 2018


...................................

...THE ST. JOHNSBURY VT CLIMATE SUMMARY FOR JUNE 19 2018...

CLIMATE NORMAL PERIOD 1981 TO 2010
CLIMATE RECORD PERIOD 1894 TO 2018


WEATHER ITEM   OBSERVED TIME   RECORD YEAR NORMAL DEPARTURE LAST
                VALUE   (LST)  VALUE       VALUE  FROM      YEAR
                                                  NORMAL
..................................................................
TEMPERATURE (F)
 YESTERDAY
  MAXIMUM         73        MM  98    1995  78     -5       84
  MINIMUM         52        MM  34    1956  55     -3       66
  AVERAGE         63                        67     -4       75

PRECIPITATION (IN)
  YESTERDAY        0.00          1.14 1990   0.14  -0.14     0.60
  MONTH TO DATE    2.06                      2.52  -0.46     2.44
  SINCE JUN 1      2.06                      2.52  -0.46     2.44
  SINCE JAN 1     16.33                     15.93   0.40    19.34

DEGREE DAYS
 HEATING
  YESTERDAY        2                         2      0        0
  MONTH TO DATE   98                        59     39       85
  SINCE JUN 1     98                        59     39       85
  SINCE JUL 1   7717                      7763    -46     7259

 COOLING
  YESTERDAY        0                         3     -3       10
  MONTH TO DATE   25                        43    -18       54
  SINCE JUN 1     25                        43    -18       54
  SINCE JAN 1     29                        61    -32       67
..................................................................


WIND (MPH)
  HIGHEST WIND SPEED    MM   HIGHEST WIND DIRECTION    MM
  HIGHEST GUST SPEED    MM   HIGHEST GUST DIRECTION    MM
  AVERAGE WIND SPEED    MM


SKY COVER
  AVERAGE SKY COVER 0.0


WEATHER CONDITIONS
 THE FOLLOWING WEATHER WAS RECORDED YESTERDAY.
  NO SIGNIFICANT WEATHER WAS OBSERVED.


RELATIVE HUMIDITY (PERCENT)
 HIGHEST   100          1200 AM
 LOWEST     41           200 PM
 AVERAGE    71

..........................................................


THE ST. JOHNSBURY VT CLIMATE NORMALS FOR TODAY
                         NORMAL    RECORD    YEAR
 MAXIMUM TEMPERATURE (F)   78        97      1995
 MINIMUM TEMPERATURE (F)   56        31      1918


SUNRISE AND SUNSET
JUNE 20 2018..........SUNRISE   503 AM EDT   SUNSET   836 PM EDT
JUNE 21 2018..........SUNRISE   504 AM EDT   SUNSET   836 PM EDT


-  INDICATES NEGATIVE NUMBERS.
R  INDICATES RECORD WAS SET OR TIED.
MM INDICATES DATA IS MISSING.
T  INDICATES TRACE AMOUNT.




$$
