000
CDUS41 KBTV 310541
CLI1V4

CLIMATE REPORT
NATIONAL WEATHER SERVICE BURLINGTON VT
141 AM EDT SAT OCT 31 2020

...................................

...THE SAINT JOHNSBURY VT ASOS CLIMATE SUMMARY FOR OCTOBER 30 2020...

CLIMATE NORMAL PERIOD: 1981 TO 2010
CLIMATE RECORD PERIOD: 1998 TO 2020


WEATHER ITEM   OBSERVED TIME   RECORD YEAR NORMAL DEPARTURE LAST
                VALUE   (LST)  VALUE       VALUE  FROM      YEAR
                                                  NORMAL
...................................................................
TEMPERATURE (F)
 YESTERDAY
  MAXIMUM         38        MM  69    2012  52    -14       64
  MINIMUM         23        MM  22    2002  32     -9       52
  AVERAGE         31                        42    -11       58

PRECIPITATION (IN)
  YESTERDAY        0.00          0.61 2017   0.11  -0.11     0.00
  MONTH TO DATE    4.25                      3.75   0.50     4.78
  SINCE SEP 1      6.14                      7.14  -1.00     9.01
  SINCE JAN 1     27.83                     32.90  -5.07    41.87

DEGREE DAYS
 HEATING
  YESTERDAY       34                        23     11        7
  MONTH TO DATE  533                       530      3      509
  SINCE SEP 1    742                       714     28      724
  SINCE JUL 1    785                       764     21      766

 COOLING
  YESTERDAY        0                         0      0        0
  MONTH TO DATE    0                         0      0        0
  SINCE SEP 1     40                        34      6       11
  SINCE JAN 1    546                       432    114      306
...................................................................


RELATIVE HUMIDITY (PERCENT)
 HIGHEST    84          11:00 PM
 LOWEST     42           2:00 PM
 AVERAGE    63

..........................................................


THE SAINT JOHNSBURY VT ASOS CLIMATE NORMALS FOR TODAY
                         NORMAL    RECORD    YEAR
 MAXIMUM TEMPERATURE (F)   52        70      2019
 MINIMUM TEMPERATURE (F)   32        18      2002


SUNRISE AND SUNSET
OCTOBER 31 2020.......SUNRISE   7:25 AM EDT   SUNSET   5:38 PM EDT
NOVEMBER  1 2020......SUNRISE   6:26 AM EST   SUNSET   4:37 PM EST


-  INDICATES NEGATIVE NUMBERS.
R  INDICATES RECORD WAS SET OR TIED.
MM INDICATES DATA IS MISSING.
T  INDICATES TRACE AMOUNT.




$$
