263
CDUS41 KBTV 150538
CLI1V4

CLIMATE REPORT
NATIONAL WEATHER SERVICE BURLINGTON VT
138 AM EDT SAT JUN 15 2024

...................................

...THE SAINT JOHNSBURY VT ASOS CLIMATE SUMMARY FOR JUNE 14 2024...

CLIMATE NORMAL PERIOD: 1991 TO 2020
CLIMATE RECORD PERIOD: 1998 TO 2024


WEATHER ITEM   OBSERVED TIME   RECORD YEAR NORMAL DEPARTURE LAST
                VALUE   (LST)  VALUE       VALUE  FROM      YEAR
                                                  NORMAL
...................................................................
TEMPERATURE (F)
 YESTERDAY
  MAXIMUM         83        MM  91    2001  75      8       76
  MINIMUM         63        MM  39    2020  52     11       57
  AVERAGE         73                        64      9       67

PRECIPITATION (IN)
  YESTERDAY        0.04          0.66 2005   0.12  -0.08     0.11
  MONTH TO DATE    1.56                      1.72  -0.16     1.57
  SINCE JUN 1      1.56                      1.72  -0.16     1.57
  SINCE JAN 1     15.80                     15.82  -0.02     7.35

DEGREE DAYS
 HEATING
  YESTERDAY        0                         3     -3        0
  MONTH TO DATE   17                        64    -47       79
  SINCE JUN 1     17                        64    -47       79
  SINCE JUL 1   5544                      7952  -2408     6722

 COOLING
  YESTERDAY        8                         2      6        2
  MONTH TO DATE   38                        22     16       23
  SINCE JUN 1     38                        22     16       23
  SINCE JAN 1     74                        35     39       29
...................................................................


RELATIVE HUMIDITY (PERCENT)
 HIGHEST    87           6:00 AM
 LOWEST     38           1:00 PM
 AVERAGE    63

..........................................................


THE SAINT JOHNSBURY VT ASOS CLIMATE NORMALS FOR TODAY
                         NORMAL    RECORD    YEAR
 MAXIMUM TEMPERATURE (F)   75        92      2001
 MINIMUM TEMPERATURE (F)   53        41      2017


SUNRISE AND SUNSET
JUNE 15 2024..........SUNRISE   5:03 AM EDT   SUNSET   8:35 PM EDT
JUNE 16 2024..........SUNRISE   5:03 AM EDT   SUNSET   8:35 PM EDT


-  INDICATES NEGATIVE NUMBERS.
R  INDICATES RECORD WAS SET OR TIED.
MM INDICATES DATA IS MISSING.
T  INDICATES TRACE AMOUNT.




$$