271
CDUS41 KBTV 180543
CLI1V4


CLIMATE REPORT
NATIONAL WEATHER SERVICE BURLINGTON VT
1242 AM EST TUE DEC 18 2018


...................................

...THE ST. JOHNSBURY VT CLIMATE SUMMARY FOR DECEMBER 17 2018...

CLIMATE NORMAL PERIOD 1981 TO 2010
CLIMATE RECORD PERIOD 1998 TO 2018


WEATHER ITEM   OBSERVED TIME   RECORD YEAR NORMAL DEPARTURE LAST
                VALUE   (LST)  VALUE       VALUE  FROM      YEAR
                                                  NORMAL
..................................................................
TEMPERATURE (F)
 YESTERDAY
  MAXIMUM         35        MM  44    2000  31      4       16
  MINIMUM         21        MM -20    2013  14      7       -7
  AVERAGE         28                        22      6        5

PRECIPITATION (IN)
  YESTERDAY        0.03          1.60 2000   0.10  -0.07     0.00
  MONTH TO DATE    0.76                      1.79  -1.03     1.23
  SINCE DEC 1      0.76                      1.79  -1.03     1.23
  SINCE JAN 1     41.04                     38.21   2.83    40.96

DEGREE DAYS
 HEATING
  YESTERDAY       37                        43     -6       60
  MONTH TO DATE  732                       668     64      694
  SINCE DEC 1    732                       668     64      694
  SINCE JUL 1   2579                      2324    255     2167

 COOLING
  YESTERDAY        0                         0      0        0
  MONTH TO DATE    0                         0      0        0
  SINCE DEC 1      0                         0      0        0
  SINCE JAN 1    468                       433     35      331
..................................................................


WIND (MPH)
  HIGHEST WIND SPEED    MM   HIGHEST WIND DIRECTION    MM
  HIGHEST GUST SPEED    MM   HIGHEST GUST DIRECTION    MM
  AVERAGE WIND SPEED    MM


SKY COVER
  AVERAGE SKY COVER 0.0


WEATHER CONDITIONS
 THE FOLLOWING WEATHER WAS RECORDED YESTERDAY.
  NO SIGNIFICANT WEATHER WAS OBSERVED.


RELATIVE HUMIDITY (PERCENT)
 HIGHEST   100           900 AM
 LOWEST     69          1000 PM
 AVERAGE    85

..........................................................


THE ST. JOHNSBURY VT CLIMATE NORMALS FOR TODAY
                         NORMAL    RECORD    YEAR
 MAXIMUM TEMPERATURE (F)   31        44      2015
 MINIMUM TEMPERATURE (F)   14       -13      2009


SUNRISE AND SUNSET
DECEMBER 18 2018......SUNRISE   719 AM EST   SUNSET   410 PM EST
DECEMBER 19 2018......SUNRISE   720 AM EST   SUNSET   410 PM EST


-  INDICATES NEGATIVE NUMBERS.
R  INDICATES RECORD WAS SET OR TIED.
MM INDICATES DATA IS MISSING.
T  INDICATES TRACE AMOUNT.




$$
