546
CDUS41 KBTV 180533
CLI1V4

CLIMATE REPORT
NATIONAL WEATHER SERVICE BURLINGTON VT
133 AM EDT FRI OCT 18 2019

...................................

...THE SAINT JOHNSBURY VT ASOS CLIMATE SUMMARY FOR OCTOBER 17 2019...

CLIMATE NORMAL PERIOD: 1981 TO 2010
CLIMATE RECORD PERIOD: 1998 TO 2019


WEATHER ITEM   OBSERVED TIME   RECORD YEAR NORMAL DEPARTURE LAST
                VALUE   (LST)  VALUE       VALUE  FROM      YEAR
                                                  NORMAL
...................................................................
TEMPERATURE (F)
 YESTERDAY
  MAXIMUM         51  12:39 PM  70    2016  57     -6       52
  MINIMUM         43  10:49 PM  20    2009  36      7       32
  AVERAGE         47                        47      0       42

PRECIPITATION (IN)
  YESTERDAY        0.30          0.54 2006   0.13   0.17     0.04
  MONTH TO DATE    3.23                      2.18   1.05     2.68
  SINCE SEP 1      7.46                      5.57   1.89     6.16
  SINCE JAN 1     40.32                     31.33   8.99    33.75

DEGREE DAYS
 HEATING
  YESTERDAY       18                        18      0       23
  MONTH TO DATE  275                       259     16      241
  SINCE SEP 1    490                       443     47      410
  SINCE JUL 1    532                       493     39      433

 COOLING
  YESTERDAY        0                         0      0        0
  MONTH TO DATE    0                         0      0        4
  SINCE SEP 1     11                        34    -23       73
  SINCE JAN 1    306                       432   -126      468
...................................................................


RELATIVE HUMIDITY (PERCENT)
 HIGHEST    96           6:00 AM
 LOWEST     79          10:00 PM
 AVERAGE    88

..........................................................


THE SAINT JOHNSBURY VT ASOS CLIMATE NORMALS FOR TODAY
                         NORMAL    RECORD    YEAR
 MAXIMUM TEMPERATURE (F)   57        73      1998
 MINIMUM TEMPERATURE (F)   36        23      2015


SUNRISE AND SUNSET
OCTOBER 18 2019.......SUNRISE   7:07 AM EDT   SUNSET   5:59 PM EDT
OCTOBER 19 2019.......SUNRISE   7:08 AM EDT   SUNSET   5:58 PM EDT


-  INDICATES NEGATIVE NUMBERS.
R  INDICATES RECORD WAS SET OR TIED.
MM INDICATES DATA IS MISSING.
T  INDICATES TRACE AMOUNT.




$$
