726
CDUS41 KBTV 240523
CLI1V4


CLIMATE REPORT
NATIONAL WEATHER SERVICE BURLINGTON VT
123 AM EDT MON SEP 24 2018


...................................

...THE ST. JOHNSBURY VT CLIMATE SUMMARY FOR SEPTEMBER 23 2018...

CLIMATE NORMAL PERIOD 1981 TO 2010
CLIMATE RECORD PERIOD 1998 TO 2018


WEATHER ITEM   OBSERVED TIME   RECORD YEAR NORMAL DEPARTURE LAST
                VALUE   (LST)  VALUE       VALUE  FROM      YEAR
                                                  NORMAL
..................................................................
TEMPERATURE (F)
 YESTERDAY
  MAXIMUM         66        MM  84    2017  68     -2       84
  MINIMUM         36        MM  32    2008  46    -10       45
  AVERAGE         51                        57     -6       65

PRECIPITATION (IN)
  YESTERDAY        0.00          1.42 2003   0.14  -0.14     0.02
  MONTH TO DATE    2.22                      2.51  -0.29     2.93
  SINCE SEP 1      2.22                      2.51  -0.29     2.93
  SINCE JAN 1     29.81                     28.27   1.54    32.47

DEGREE DAYS
 HEATING
  YESTERDAY       14                         8      6        0
  MONTH TO DATE   90                       114    -24       91
  SINCE SEP 1     90                       114    -24       91
  SINCE JUL 1    113                       164    -51      182

 COOLING
  YESTERDAY        0                         0      0        0
  MONTH TO DATE   69                        33     36       28
  SINCE SEP 1     69                        33     36       28
  SINCE JAN 1    464                       431     33      290
..................................................................


WIND (MPH)
  HIGHEST WIND SPEED    MM   HIGHEST WIND DIRECTION    MM
  HIGHEST GUST SPEED    MM   HIGHEST GUST DIRECTION    MM
  AVERAGE WIND SPEED    MM


SKY COVER
  AVERAGE SKY COVER 0.0


WEATHER CONDITIONS
 THE FOLLOWING WEATHER WAS RECORDED YESTERDAY.
  NO SIGNIFICANT WEATHER WAS OBSERVED.


RELATIVE HUMIDITY (PERCENT)
 HIGHEST   100           100 AM
 LOWEST     37           300 PM
 AVERAGE    69

..........................................................


THE ST. JOHNSBURY VT CLIMATE NORMALS FOR TODAY
                         NORMAL    RECORD    YEAR
 MAXIMUM TEMPERATURE (F)   67        89      2017
                                             1961
 MINIMUM TEMPERATURE (F)   46        33      1998


SUNRISE AND SUNSET
SEPTEMBER 24 2018.....SUNRISE   637 AM EDT   SUNSET   642 PM EDT
SEPTEMBER 25 2018.....SUNRISE   639 AM EDT   SUNSET   640 PM EDT


-  INDICATES NEGATIVE NUMBERS.
R  INDICATES RECORD WAS SET OR TIED.
MM INDICATES DATA IS MISSING.
T  INDICATES TRACE AMOUNT.




$$
