000
CDUS43 KUNR 190832
CLI2WX


CLIMATE REPORT
NATIONAL WEATHER SERVICE RAPID CITY SD
231 AM MDT MON OCT 19 2020


...................................

...THE BUFFALO SD CLIMATE SUMMARY FOR OCTOBER 18 2020...

CLIMATE NORMAL PERIOD 1981 TO 2010
CLIMATE RECORD PERIOD 9999 TO 9999


WEATHER ITEM   OBSERVED TIME   NORMAL DEPARTURE LAST
                VALUE   (LST)  VALUE  FROM      YEAR
                                      NORMAL
......................................................
TEMPERATURE (F)
 YESTERDAY
  MAXIMUM         33    108 PM  57    -24       59
  MINIMUM         17    605 AM  33    -16       36
  AVERAGE         25            45    -20       48

PRECIPITATION (IN)
  YESTERDAY        0.03          0.04  -0.01     0.00
  MONTH TO DATE    0.50          0.24   0.26     0.84
  SINCE SEP 1      1.11          1.32  -0.21     3.34
  SINCE JAN 1      8.70         13.46  -4.76    18.72

DEGREE DAYS
 HEATING
  YESTERDAY       40            20     20       17
  MONTH TO DATE  258           312    -54      377
  SINCE SEP 1    421           551   -130      540
  SINCE JUL 1    433           603   -170      566

 COOLING
  YESTERDAY        0             0      0        0
  MONTH TO DATE    2             0      2        0
  SINCE SEP 1     49            41      8       82
  SINCE JAN 1    738           512    226      516
......................................................


WIND (MPH)
  HIGHEST WIND SPEED    16   HIGHEST WIND DIRECTION     N (340)
  HIGHEST GUST SPEED    19   HIGHEST GUST DIRECTION     N (340)
  AVERAGE WIND SPEED     7.4




RELATIVE HUMIDITY (PERCENT)
 HIGHEST    81          1100 PM
 LOWEST     47          1100 AM
 AVERAGE    64

..........................................................




SUNRISE AND SUNSET
OCTOBER 19 2020.......SUNRISE   717 AM MDT   SUNSET   601 PM MDT
OCTOBER 20 2020.......SUNRISE   718 AM MDT   SUNSET   559 PM MDT


-  INDICATES NEGATIVE NUMBERS.
R  INDICATES RECORD WAS SET OR TIED.
MM INDICATES DATA IS MISSING.
T  INDICATES TRACE AMOUNT.




$$
