000
CDUS43 KUNR 150837
CLI2WX


CLIMATE REPORT
NATIONAL WEATHER SERVICE RAPID CITY SD
236 AM MDT MON OCT 15 2018


...................................

...THE BUFFALO SD CLIMATE SUMMARY FOR OCTOBER 14 2018...

CLIMATE NORMAL PERIOD 1981 TO 2010
CLIMATE RECORD PERIOD 9999 TO 9999


WEATHER ITEM   OBSERVED TIME   NORMAL DEPARTURE LAST
                VALUE   (LST)  VALUE  FROM      YEAR
                                      NORMAL
......................................................
TEMPERATURE (F)
 YESTERDAY
  MAXIMUM         31    412 PM  58    -27       45
  MINIMUM         17   1117 PM  34    -17       30
  AVERAGE         24            46    -22       38

PRECIPITATION (IN)
  YESTERDAY        0.00          0.01  -0.01     0.00
  MONTH TO DATE    0.60          0.12   0.48     0.09
  SINCE SEP 1      1.76          1.20   0.56     2.79
  SINCE JAN 1     13.23         13.34  -0.11    14.31

DEGREE DAYS
 HEATING
  YESTERDAY       41            19     22       27
  MONTH TO DATE  372           233    139      252
  SINCE SEP 1    589           472    117      457
  SINCE JUL 1    624           524    100      468

 COOLING
  YESTERDAY        0             0      0        0
  MONTH TO DATE    0             0      0        0
  SINCE SEP 1     50            41      9       91
  SINCE JAN 1    688           512    176      741
......................................................


WIND (MPH)
  HIGHEST WIND SPEED    29   HIGHEST WIND DIRECTION    NW (310)
  HIGHEST GUST SPEED    34   HIGHEST GUST DIRECTION    NW (300)
  AVERAGE WIND SPEED    16.1




RELATIVE HUMIDITY (PERCENT)
 HIGHEST    80          1100 PM
 LOWEST     47           400 PM
 AVERAGE    64

..........................................................




SUNRISE AND SUNSET
OCTOBER 15 2018.......SUNRISE   711 AM MDT   SUNSET   608 PM MDT
OCTOBER 16 2018.......SUNRISE   712 AM MDT   SUNSET   607 PM MDT


-  INDICATES NEGATIVE NUMBERS.
R  INDICATES RECORD WAS SET OR TIED.
MM INDICATES DATA IS MISSING.
T  INDICATES TRACE AMOUNT.




$$
