000
CDUS43 KUNR 160832
CLI2WX


CLIMATE REPORT
NATIONAL WEATHER SERVICE RAPID CITY SD
231 AM MDT WED OCT 16 2019


...................................

...THE BUFFALO SD CLIMATE SUMMARY FOR OCTOBER 15 2019...

CLIMATE NORMAL PERIOD 1981 TO 2010
CLIMATE RECORD PERIOD 9999 TO 9999


WEATHER ITEM   OBSERVED TIME   NORMAL DEPARTURE LAST
                VALUE   (LST)  VALUE  FROM      YEAR
                                      NORMAL
......................................................
TEMPERATURE (F)
 YESTERDAY
  MAXIMUM         48    256 PM  58    -10       58
  MINIMUM         31   1045 PM  34     -3       18
  AVERAGE         40            46     -6       38

PRECIPITATION (IN)
  YESTERDAY        0.00          0.02  -0.02     0.00
  MONTH TO DATE    0.84          0.14   0.70     0.60
  SINCE SEP 1      3.34          1.22   2.12     1.76
  SINCE JAN 1     18.72         13.36   5.36    13.23

DEGREE DAYS
 HEATING
  YESTERDAY       25            19      6       27
  MONTH TO DATE  331           252     79      399
  SINCE SEP 1    494           491      3      616
  SINCE JUL 1    520           543    -23      651

 COOLING
  YESTERDAY        0             0      0        0
  MONTH TO DATE    0             0      0        0
  SINCE SEP 1     82            41     41       50
  SINCE JAN 1    516           512      4      688
......................................................


WIND (MPH)
  HIGHEST WIND SPEED    35   HIGHEST WIND DIRECTION    NW (310)
  HIGHEST GUST SPEED    46   HIGHEST GUST DIRECTION    NW (300)
  AVERAGE WIND SPEED    17.3




RELATIVE HUMIDITY (PERCENT)
 HIGHEST    82          1200 AM
 LOWEST     42           300 PM
 AVERAGE    62

..........................................................




SUNRISE AND SUNSET
OCTOBER 16 2019.......SUNRISE   712 AM MDT   SUNSET   607 PM MDT
OCTOBER 17 2019.......SUNRISE   713 AM MDT   SUNSET   605 PM MDT


-  INDICATES NEGATIVE NUMBERS.
R  INDICATES RECORD WAS SET OR TIED.
MM INDICATES DATA IS MISSING.
T  INDICATES TRACE AMOUNT.




$$
