000
CDUS43 KUNR 230835
CLI2WX


CLIMATE REPORT
NATIONAL WEATHER SERVICE RAPID CITY SD
133 AM MST FRI FEB 23 2018


...................................

...THE BUFFALO SD CLIMATE SUMMARY FOR FEBRUARY 22 2018...

CLIMATE NORMAL PERIOD 1981 TO 2010
CLIMATE RECORD PERIOD 9999 TO 9999


WEATHER ITEM   OBSERVED TIME   NORMAL DEPARTURE LAST
                VALUE   (LST)  VALUE  FROM      YEAR
                                      NORMAL
......................................................
TEMPERATURE (F)
 YESTERDAY
  MAXIMUM         14    439 PM  36    -22       43
  MINIMUM        -16    259 AM  15    -31       29
  AVERAGE         -1            25    -26       36

PRECIPITATION (IN)
  YESTERDAY        0.00          0.01  -0.01     0.02
  MONTH TO DATE    1.13          0.22   0.91     0.06
  SINCE DEC 1      1.91          0.80   1.11     1.26
  SINCE JAN 1      1.37          0.51   0.86     0.09

DEGREE DAYS
 HEATING
  YESTERDAY       66            40     26       29
  MONTH TO DATE 1266           927    339      750
  SINCE DEC 1   3974          3668    306     3824
  SINCE JUL 1   5642          5566     76     5114

 COOLING
  YESTERDAY        0             0      0        0
  MONTH TO DATE    0             0      0        0
  SINCE DEC 1      0             0      0        0
  SINCE JAN 1      0             0      0        0
......................................................


WIND (MPH)
  HIGHEST WIND SPEED    18   HIGHEST WIND DIRECTION    NW (320)
  HIGHEST GUST SPEED    23   HIGHEST GUST DIRECTION    NW (330)
  AVERAGE WIND SPEED     4.6




RELATIVE HUMIDITY (PERCENT)
 HIGHEST    83           100 AM
 LOWEST     67           500 PM
 AVERAGE    75

..........................................................




SUNRISE AND SUNSET
FEBRUARY 23 2018......SUNRISE   643 AM MST   SUNSET   533 PM MST
FEBRUARY 24 2018......SUNRISE   641 AM MST   SUNSET   534 PM MST


-  INDICATES NEGATIVE NUMBERS.
R  INDICATES RECORD WAS SET OR TIED.
MM INDICATES DATA IS MISSING.
T  INDICATES TRACE AMOUNT.




$$
