975
CDUS43 KUNR 230857
CLI2WX


CLIMATE REPORT
NATIONAL WEATHER SERVICE RAPID CITY SD
156 AM MST WED JAN 23 2019


...................................

...THE BUFFALO SD CLIMATE SUMMARY FOR JANUARY 22 2019...

CLIMATE NORMAL PERIOD 1981 TO 2010
CLIMATE RECORD PERIOD 9999 TO 9999


WEATHER ITEM   OBSERVED TIME   NORMAL DEPARTURE LAST
                VALUE   (LST)  VALUE  FROM      YEAR
                                      NORMAL
......................................................
TEMPERATURE (F)
 YESTERDAY
  MAXIMUM         28    339 PM  31     -3       35
  MINIMUM         17    215 AM  11      6       15
  AVERAGE         23            21      2       25

PRECIPITATION (IN)
  YESTERDAY        0.00          0.01  -0.01     0.00
  MONTH TO DATE    0.28          0.20   0.08     0.21
  SINCE DEC 1      1.25          0.49   0.76     0.75
  SINCE JAN 1      0.28          0.20   0.08     0.21

DEGREE DAYS
 HEATING
  YESTERDAY       42            44     -2       40
  MONTH TO DATE  832           985   -153     1034
  SINCE DEC 1   2031          2347   -316     2350
  SINCE JUL 1   3929          4245   -316     4018

 COOLING
  YESTERDAY        0             0      0        0
  MONTH TO DATE    0             0      0        0
  SINCE DEC 1      0             0      0        0
  SINCE JAN 1      0             0      0        0
......................................................


WIND (MPH)
  HIGHEST WIND SPEED    32   HIGHEST WIND DIRECTION    NW (320)
  HIGHEST GUST SPEED    42   HIGHEST GUST DIRECTION    NW (320)
  AVERAGE WIND SPEED    17.0




RELATIVE HUMIDITY (PERCENT)
 HIGHEST    84           500 AM
 LOWEST     62          1100 PM
 AVERAGE    73

..........................................................




SUNRISE AND SUNSET
JANUARY 23 2019.......SUNRISE   725 AM MST   SUNSET   447 PM MST
JANUARY 24 2019.......SUNRISE   724 AM MST   SUNSET   449 PM MST


-  INDICATES NEGATIVE NUMBERS.
R  INDICATES RECORD WAS SET OR TIED.
MM INDICATES DATA IS MISSING.
T  INDICATES TRACE AMOUNT.




$$
