000
CDUS43 KUNR 060831
CLI2WX


CLIMATE REPORT
NATIONAL WEATHER SERVICE RAPID CITY SD
231 AM MDT SAT JUN 6 2020


...................................

...THE BUFFALO SD CLIMATE SUMMARY FOR JUNE 5 2020...

CLIMATE NORMAL PERIOD 1981 TO 2010
CLIMATE RECORD PERIOD 9999 TO 9999


WEATHER ITEM   OBSERVED TIME   NORMAL DEPARTURE LAST
                VALUE   (LST)  VALUE  FROM      YEAR
                                      NORMAL
......................................................
TEMPERATURE (F)
 YESTERDAY
  MAXIMUM         79    301 PM  72      7       83
  MINIMUM         48    432 AM  48      0       54
  AVERAGE         64            60      4       69

PRECIPITATION (IN)
  YESTERDAY        0.00          0.11  -0.11     0.01
  MONTH TO DATE    0.09          0.57  -0.48     0.02
  SINCE JUN 1      0.09          0.57  -0.48     0.02
  SINCE JAN 1      4.16          6.61  -2.45     9.26

DEGREE DAYS
 HEATING
  YESTERDAY        1             6     -5        0
  MONTH TO DATE    1            33    -32       10
  SINCE JUN 1      1            33    -32       10
  SINCE JUL 1   7397          7847   -450     8276

 COOLING
  YESTERDAY        0             1     -1        4
  MONTH TO DATE   12             5      7       14
  SINCE JUN 1     12             5      7       14
  SINCE JAN 1     25            11     14       17
......................................................


WIND (MPH)
  HIGHEST WIND SPEED    32   HIGHEST WIND DIRECTION    SE (130)
  HIGHEST GUST SPEED    41   HIGHEST GUST DIRECTION    SE (130)
  AVERAGE WIND SPEED    14.3




RELATIVE HUMIDITY (PERCENT)
 HIGHEST    71          1200 AM
 LOWEST     32           200 PM
 AVERAGE    52

..........................................................




SUNRISE AND SUNSET
JUNE  6 2020..........SUNRISE   506 AM MDT   SUNSET   840 PM MDT
JUNE  7 2020..........SUNRISE   506 AM MDT   SUNSET   841 PM MDT


-  INDICATES NEGATIVE NUMBERS.
R  INDICATES RECORD WAS SET OR TIED.
MM INDICATES DATA IS MISSING.
T  INDICATES TRACE AMOUNT.




$$
