000
CDUS43 KUNR 180853
CLI2WX


CLIMATE REPORT
NATIONAL WEATHER SERVICE RAPID CITY SD
237 AM MDT WED JUL 18 2018


...................................

...THE BUFFALO SD CLIMATE SUMMARY FOR JULY 17 2018...

CLIMATE NORMAL PERIOD 1981 TO 2010
CLIMATE RECORD PERIOD 9999 TO 9999


WEATHER ITEM   OBSERVED TIME   NORMAL DEPARTURE LAST
                VALUE   (LST)  VALUE  FROM      YEAR
                                      NORMAL
......................................................
TEMPERATURE (F)
 YESTERDAY
  MAXIMUM         92    247 PM  85      7       95
  MINIMUM         60    425 AM  58      2       62
  AVERAGE         76            72      4       79

PRECIPITATION (IN)
  YESTERDAY        0.00          0.06  -0.06     0.21
  MONTH TO DATE    0.24          1.20  -0.96     1.71
  SINCE JUN 1      1.88          3.83  -1.95     2.58
  SINCE JAN 1      9.11          9.87  -0.76     9.25

DEGREE DAYS
 HEATING
  YESTERDAY        0             1     -1        0
  MONTH TO DATE    0            17    -17        0
  SINCE JUN 1     39           131    -92       33
  SINCE JUL 1      0            17    -17        0

 COOLING
  YESTERDAY       11             7      4       14
  MONTH TO DATE  180           100     80      229
  SINCE JUN 1    286           162    124      326
  SINCE JAN 1    340           168    172      339
......................................................


WIND (MPH)
  HIGHEST WIND SPEED    21   HIGHEST WIND DIRECTION    SE (150)
  HIGHEST GUST SPEED    26   HIGHEST GUST DIRECTION    SE (150)
  AVERAGE WIND SPEED     8.7




RELATIVE HUMIDITY (PERCENT)
 HIGHEST    78           800 PM
 LOWEST     21           100 PM
 AVERAGE    50

..........................................................




SUNRISE AND SUNSET
JULY 18 2018..........SUNRISE   523 AM MDT   SUNSET   838 PM MDT
JULY 19 2018..........SUNRISE   524 AM MDT   SUNSET   837 PM MDT


-  INDICATES NEGATIVE NUMBERS.
R  INDICATES RECORD WAS SET OR TIED.
MM INDICATES DATA IS MISSING.
T  INDICATES TRACE AMOUNT.




$$
