000
CDUS41 KPHI 180553
CLI55N


CLIMATE REPORT
NATIONAL WEATHER SERVICE MOUNT HOLLY NJ
1253 AM EST SUN NOV 18 2018


...................................

...THE ATLANTIC CITY MARINA CLIMATE SUMMARY FOR NOVEMBER 17 2018...

CLIMATE NORMAL PERIOD 1981 TO 2010
CLIMATE RECORD PERIOD 1873 TO 2018


WEATHER ITEM   OBSERVED TIME   NORMAL DEPARTURE LAST
                VALUE   (LST)  VALUE  FROM      YEAR
                                      NORMAL
......................................................
TEMPERATURE (F)
 YESTERDAY
  MAXIMUM         51        MM  55     -4       50
  MINIMUM         39        MM  43     -4       41
  AVERAGE         45            49     -4       46

PRECIPITATION (IN)
  YESTERDAY        0.00          0.11  -0.11     0.00
  MONTH TO DATE    5.10          1.86   3.24     2.22
  SINCE SEP 1     15.33          8.41   6.92     9.39
  SINCE JAN 1     46.59         34.90  11.69    44.87

DEGREE DAYS
 HEATING
  YESTERDAY       20            16      4       19
  MONTH TO DATE  221           230     -9      246
  SINCE SEP 1    411           472    -61      350
  SINCE JUL 1    411           473    -62      350

 COOLING
  YESTERDAY        0             0      0        0
  MONTH TO DATE    0             0      0        3
  SINCE SEP 1    307           173    134      229
  SINCE JAN 1   1278          1020    258     1099
......................................................


WIND (MPH)
  HIGHEST WIND SPEED    MM   HIGHEST WIND DIRECTION    MM
  HIGHEST GUST SPEED    MM   HIGHEST GUST DIRECTION    MM
  AVERAGE WIND SPEED     0.0




..........................................................


THE ATLANTIC CITY MARINA CLIMATE NORMALS FOR TODAY
                         NORMAL
 MAXIMUM TEMPERATURE (F)   55
 MINIMUM TEMPERATURE (F)   42


SUNRISE AND SUNSET
NOVEMBER 18 2018......SUNRISE   645 AM EST   SUNSET   441 PM EST
NOVEMBER 19 2018......SUNRISE   646 AM EST   SUNSET   440 PM EST


-  INDICATES NEGATIVE NUMBERS.
R  INDICATES RECORD WAS SET OR TIED.
MM INDICATES DATA IS MISSING.
T  INDICATES TRACE AMOUNT.




$$
