000
CDUS41 KPHI 050552
CLI55N

CLIMATE REPORT
NATIONAL WEATHER SERVICE MOUNT HOLLY NJ
152 AM EDT FRI JUN 05 2020

...................................

...THE ATLANTIC CITY MARINA CLIMATE SUMMARY FOR JUNE 4 2020...

CLIMATE NORMAL PERIOD: 1981 TO 2010
CLIMATE RECORD PERIOD: 1873 TO 2020


WEATHER ITEM   OBSERVED TIME   RECORD YEAR NORMAL DEPARTURE LAST
                VALUE   (LST)  VALUE       VALUE  FROM      YEAR
                                                  NORMAL
...................................................................
TEMPERATURE (F)
 YESTERDAY
  MAXIMUM         79   9:54 AM  96    1943  72      7       71
  MINIMUM         66  10:42 PM  47    1929  61      5       56
                                      1988
  AVERAGE         73                        66      7       64

PRECIPITATION (IN)
  YESTERDAY        0.32          2.50 1941   0.10   0.22     0.00
  MONTH TO DATE    0.86                      0.39   0.47     0.14
  SINCE JUN 1      0.86                      0.39   0.47     0.14
  SINCE JAN 1     13.15                     16.97  -3.82    17.50

DEGREE DAYS
 HEATING
  YESTERDAY        0                         2     -2        1
  MONTH TO DATE    3                         8     -5        1
  SINCE JUN 1      3                         8     -5        1
  SINCE JUL 1   4024                      4443   -419     4232

 COOLING
  YESTERDAY        8                         3      5        0
  MONTH TO DATE   19                        12      7       14
  SINCE JUN 1     19                        12      7       14
  SINCE JAN 1     27                        49    -22       70
...................................................................


WIND (MPH)
  HIGHEST WIND SPEED    17   HIGHEST WIND DIRECTION     W (260)
  HIGHEST GUST SPEED    MM   HIGHEST GUST DIRECTION    MM
  AVERAGE WIND SPEED     6.6

..........................................................


THE ATLANTIC CITY MARINA CLIMATE NORMALS FOR TODAY
                         NORMAL    RECORD    YEAR
 MAXIMUM TEMPERATURE (F)   73        94      1943
 MINIMUM TEMPERATURE (F)   61        49      1945
                                             1997


SUNRISE AND SUNSET
JUNE  5 2020..........SUNRISE   5:31 AM EDT   SUNSET   8:22 PM EDT
JUNE  6 2020..........SUNRISE   5:31 AM EDT   SUNSET   8:22 PM EDT


-  INDICATES NEGATIVE NUMBERS.
R  INDICATES RECORD WAS SET OR TIED.
MM INDICATES DATA IS MISSING.
T  INDICATES TRACE AMOUNT.




$$
