342
CDUS41 KPHI 210553
CLI55N


CLIMATE REPORT
NATIONAL WEATHER SERVICE MOUNT HOLLY NJ
152 AM EDT MON MAY 21 2018


...................................

...THE ATLANTIC CITY MARINA CLIMATE SUMMARY FOR MAY 20 2018...

CLIMATE NORMAL PERIOD 1981 TO 2010
CLIMATE RECORD PERIOD 9999 TO 9999


WEATHER ITEM   OBSERVED TIME   NORMAL DEPARTURE LAST
                VALUE   (LST)  VALUE  FROM      YEAR
                                      NORMAL
......................................................
TEMPERATURE (F)
 YESTERDAY
  MAXIMUM         75    512 PM  68      7       76
  MINIMUM         62   1254 AM  56      6       56
  AVERAGE         69            62      7       66

PRECIPITATION (IN)
  YESTERDAY        0.00          0.10  -0.10     0.00
  MONTH TO DATE    5.10          2.05   3.05     4.73
  SINCE MAR 1     13.65          9.46   4.19    12.29
  SINCE JAN 1     22.57         15.41   7.16    19.46

DEGREE DAYS
 HEATING
  YESTERDAY        0             4     -4        0
  MONTH TO DATE   87           135    -48      120
  SINCE MAR 1   1338          1216    122     1151
  SINCE JUL 1   4360          4399    -39     3849

 COOLING
  YESTERDAY        4             1      3        1
  MONTH TO DATE    9            13     -4       29
  SINCE MAR 1      9            17     -8       43
  SINCE JAN 1      9            17     -8       43
......................................................


WIND (MPH)
  HIGHEST WIND SPEED     6   HIGHEST WIND DIRECTION     W (250)
  HIGHEST GUST SPEED    17   HIGHEST GUST DIRECTION    SW (220)
  AVERAGE WIND SPEED     3.5




..........................................................


THE ATLANTIC CITY MARINA CLIMATE NORMALS FOR TODAY
                         NORMAL
 MAXIMUM TEMPERATURE (F)   68
 MINIMUM TEMPERATURE (F)   56


SUNRISE AND SUNSET
MAY 21 2018...........SUNRISE   539 AM EDT   SUNSET   810 PM EDT
MAY 22 2018...........SUNRISE   538 AM EDT   SUNSET   811 PM EDT


-  INDICATES NEGATIVE NUMBERS.
R  INDICATES RECORD WAS SET OR TIED.
MM INDICATES DATA IS MISSING.
T  INDICATES TRACE AMOUNT.




$$
