589
CDUS41 KPHI 210603
CLI55N


CLIMATE REPORT
NATIONAL WEATHER SERVICE MOUNT HOLLY NJ
102 AM EST THU FEB 21 2019


...................................

...THE ATLANTIC CITY MARINA CLIMATE SUMMARY FOR FEBRUARY 20 2019...

CLIMATE NORMAL PERIOD 1981 TO 2010
CLIMATE RECORD PERIOD 1873 TO 2019


WEATHER ITEM   OBSERVED TIME   NORMAL DEPARTURE LAST
                VALUE   (LST)  VALUE  FROM      YEAR
                                      NORMAL
......................................................
TEMPERATURE (F)
 YESTERDAY
  MAXIMUM         43   1154 PM  44     -1       59
  MINIMUM         31   1036 AM  32     -1       47
  AVERAGE         37            38     -1       53

PRECIPITATION (IN)
  YESTERDAY       MM             0.10  MM        0.01
  MONTH TO DATE    1.93          2.02  -0.09     5.68
  SINCE DEC 1     10.33          8.72   1.61     9.12
  SINCE JAN 1      5.07          5.10  -0.03     8.09

DEGREE DAYS
 HEATING
  YESTERDAY       28            27      1       12
  MONTH TO DATE  543           567    -24      481
  SINCE DEC 1   2154          2259   -105     2308
  SINCE JUL 1   2859          2972   -113     2883

 COOLING
  YESTERDAY        0             0      0        0
  MONTH TO DATE    0             0      0        0
  SINCE DEC 1      0             0      0        0
  SINCE JAN 1      0             0      0        0
......................................................


WIND (MPH)
  HIGHEST WIND SPEED    16   HIGHEST WIND DIRECTION    SE (120)
  HIGHEST GUST SPEED    MM   HIGHEST GUST DIRECTION    MM
  AVERAGE WIND SPEED     8.9




..........................................................


THE ATLANTIC CITY MARINA CLIMATE NORMALS FOR TODAY
                         NORMAL
 MAXIMUM TEMPERATURE (F)   45
 MINIMUM TEMPERATURE (F)   32


SUNRISE AND SUNSET
FEBRUARY 21 2019......SUNRISE   642 AM EST   SUNSET   541 PM EST
FEBRUARY 22 2019......SUNRISE   641 AM EST   SUNSET   542 PM EST


-  INDICATES NEGATIVE NUMBERS.
R  INDICATES RECORD WAS SET OR TIED.
MM INDICATES DATA IS MISSING.
T  INDICATES TRACE AMOUNT.




$$
