000
CDUS41 KPHI 200555
CLI55N

CLIMATE REPORT
NATIONAL WEATHER SERVICE MOUNT HOLLY NJ
155 AM EDT TUE OCT 20 2020

...................................

...THE ATLANTIC CITY MARINA CLIMATE SUMMARY FOR OCTOBER 19 2020...

CLIMATE NORMAL PERIOD: 1981 TO 2010
CLIMATE RECORD PERIOD: 1873 TO 2020


WEATHER ITEM   OBSERVED TIME   RECORD YEAR NORMAL DEPARTURE LAST
                VALUE   (LST)  VALUE       VALUE  FROM      YEAR
                                                  NORMAL
...................................................................
TEMPERATURE (F)
 YESTERDAY
  MAXIMUM         65   2:12 PM  80    1908  64      1       61
                                      2016
  MINIMUM         59   6:06 AM  32    1974  51      8       44
  AVERAGE         62                        58      4       53

PRECIPITATION (IN)
  YESTERDAY        0.02          2.15 1996   0.11  -0.09     0.00
  MONTH TO DATE    2.65                      2.09   0.56     1.19
  SINCE SEP 1      8.74                      5.17   3.57     2.51
  SINCE JAN 1     33.76                     31.66   2.10    28.57

DEGREE DAYS
 HEATING
  YESTERDAY        3                         8     -5       12
  MONTH TO DATE   64                       102    -38       77
  SINCE SEP 1    102                       129    -27       82
  SINCE JUL 1    102                       130    -28       82

 COOLING
  YESTERDAY        0                         0      0        0
  MONTH TO DATE   14                        18     -4       34
  SINCE SEP 1    184                       170     14      226
  SINCE JAN 1   1123                      1017    106     1204
...................................................................


WIND (MPH)
  HIGHEST WIND SPEED    12   HIGHEST WIND DIRECTION    SE (130)
  HIGHEST GUST SPEED    MM   HIGHEST GUST DIRECTION    MM
  AVERAGE WIND SPEED     7.1

..........................................................


THE ATLANTIC CITY MARINA CLIMATE NORMALS FOR TODAY
                         NORMAL    RECORD    YEAR
 MAXIMUM TEMPERATURE (F)   64        78      1969
 MINIMUM TEMPERATURE (F)   51        28      1974


SUNRISE AND SUNSET
OCTOBER 20 2020.......SUNRISE   7:13 AM EDT   SUNSET   6:11 PM EDT
OCTOBER 21 2020.......SUNRISE   7:14 AM EDT   SUNSET   6:10 PM EDT


-  INDICATES NEGATIVE NUMBERS.
R  INDICATES RECORD WAS SET OR TIED.
MM INDICATES DATA IS MISSING.
T  INDICATES TRACE AMOUNT.




$$
