580
CDUS41 KPHI 170602
CLI55N


CLIMATE REPORT
NATIONAL WEATHER SERVICE MOUNT HOLLY NJ
158 AM EDT THU OCT 17 2019


...................................

...THE ATLANTIC CITY MARINA CLIMATE SUMMARY FOR OCTOBER 16 2019...

CLIMATE NORMAL PERIOD 1981 TO 2010
CLIMATE RECORD PERIOD 1873 TO 2019


WEATHER ITEM   OBSERVED TIME   RECORD YEAR NORMAL DEPARTURE LAST
                VALUE   (LST)  VALUE       VALUE  FROM      YEAR
                                                  NORMAL
..................................................................
TEMPERATURE (F)
 YESTERDAY
  MAXIMUM         68   1248 PM  83    1910  65      3       74
                                      1908
  MINIMUM         53   1136 PM  30    1876  52      1       53
  AVERAGE         61                        59      2       64

PRECIPITATION (IN)
  YESTERDAY        0.76          3.02 1942   0.11   0.65     0.31
  MONTH TO DATE    1.19                      1.75  -0.56     2.93
  SINCE SEP 1      2.51                      4.83  -2.32     8.27
  SINCE JAN 1     28.57                     31.32  -2.75    39.53

DEGREE DAYS
 HEATING
  YESTERDAY        4                         7     -3        1
  MONTH TO DATE   46                        80    -34       20
  SINCE SEP 1     51                       107    -56       20
  SINCE JUL 1     51                       108    -57       20

 COOLING
  YESTERDAY        0                         0      0        0
  MONTH TO DATE   34                        18     16       83
  SINCE SEP 1    226                       170     56      307
  SINCE JAN 1   1204                      1017    187     1278
..................................................................


WIND (MPH)
  HIGHEST WIND SPEED    28   HIGHEST WIND DIRECTION    SE (150)
  HIGHEST GUST SPEED    MM   HIGHEST GUST DIRECTION    MM
  AVERAGE WIND SPEED    14.6




..........................................................


THE ATLANTIC CITY MARINA CLIMATE NORMALS FOR TODAY
                         NORMAL    RECORD    YEAR
 MAXIMUM TEMPERATURE (F)   65        82      1925
 MINIMUM TEMPERATURE (F)   52        36      1893
                                             1886


SUNRISE AND SUNSET
OCTOBER 17 2019.......SUNRISE   709 AM EDT   SUNSET   616 PM EDT
OCTOBER 18 2019.......SUNRISE   710 AM EDT   SUNSET   615 PM EDT


-  INDICATES NEGATIVE NUMBERS.
R  INDICATES RECORD WAS SET OR TIED.
MM INDICATES DATA IS MISSING.
T  INDICATES TRACE AMOUNT.




$$
