000
CDUS41 KPHI 210604
CLI55N


CLIMATE REPORT
NATIONAL WEATHER SERVICE MOUNT HOLLY NJ
102 AM EST WED FEB 21 2018


...................................

...THE ATLANTIC CITY MARINA CLIMATE SUMMARY FOR FEBRUARY 20 2018...

CLIMATE NORMAL PERIOD 1981 TO 2010
CLIMATE RECORD PERIOD 9999 TO 9999


WEATHER ITEM   OBSERVED TIME   NORMAL DEPARTURE LAST
                VALUE   (LST)  VALUE  FROM      YEAR
                                      NORMAL
......................................................
TEMPERATURE (F)
 YESTERDAY
  MAXIMUM         59    206 PM  44     15       47
  MINIMUM         47   1212 AM  32     15       39
  AVERAGE         53            38     15       43

PRECIPITATION (IN)
  YESTERDAY        0.01          0.10  -0.09     0.00
  MONTH TO DATE    5.68          2.02   3.66     1.50
  SINCE DEC 1      9.12          8.72   0.40     9.51
  SINCE JAN 1      8.09          5.10   2.99     6.52

DEGREE DAYS
 HEATING
  YESTERDAY       12            27    -15       22
  MONTH TO DATE  481           567    -86      474
  SINCE DEC 1   2308          2259     49     1992
  SINCE JUL 1   2883          2972    -89     2589

 COOLING
  YESTERDAY        0             0      0        0
  MONTH TO DATE    0             0      0        0
  SINCE DEC 1      0             0      0        0
  SINCE JAN 1      0             0      0        0
......................................................


WIND (MPH)
  HIGHEST WIND SPEED    11   HIGHEST WIND DIRECTION    SW (230)
  HIGHEST GUST SPEED    17   HIGHEST GUST DIRECTION    SW (240)
  AVERAGE WIND SPEED     6.3




..........................................................


THE ATLANTIC CITY MARINA CLIMATE NORMALS FOR TODAY
                         NORMAL
 MAXIMUM TEMPERATURE (F)   45
 MINIMUM TEMPERATURE (F)   32


SUNRISE AND SUNSET
FEBRUARY 21 2018......SUNRISE   642 AM EST   SUNSET   541 PM EST
FEBRUARY 22 2018......SUNRISE   640 AM EST   SUNSET   542 PM EST


-  INDICATES NEGATIVE NUMBERS.
R  INDICATES RECORD WAS SET OR TIED.
MM INDICATES DATA IS MISSING.
T  INDICATES TRACE AMOUNT.




$$
