761
CDUS41 KPHI 200551
CLI55N


CLIMATE REPORT
NATIONAL WEATHER SERVICE MOUNT HOLLY NJ
151 AM EDT MON AUG 20 2018


...................................

...THE ATLANTIC CITY MARINA CLIMATE SUMMARY FOR AUGUST 19 2018...

CLIMATE NORMAL PERIOD 1981 TO 2010
CLIMATE RECORD PERIOD 1873 TO 2018


WEATHER ITEM   OBSERVED TIME   NORMAL DEPARTURE LAST
                VALUE   (LST)  VALUE  FROM      YEAR
                                      NORMAL
......................................................
TEMPERATURE (F)
 YESTERDAY
  MAXIMUM         77   1206 AM  80     -3       85
  MINIMUM         71    606 PM  70      1       74
  AVERAGE         74            75     -1       80

PRECIPITATION (IN)
  YESTERDAY        0.60          0.12   0.48     0.00
  MONTH TO DATE    1.23          2.59  -1.36     2.76
  SINCE JUN 1      7.40          8.58  -1.18    11.90
  SINCE JAN 1     30.97         25.16   5.81    34.54

DEGREE DAYS
 HEATING
  YESTERDAY        0             0      0        0
  MONTH TO DATE    0             0      0        0
  SINCE JUN 1     20            21     -1       19
  SINCE JUL 1      0             0      0        0

 COOLING
  YESTERDAY        9            10     -1       15
  MONTH TO DATE  280           200     80      193
  SINCE JUN 1    794           701     93      726
  SINCE JAN 1    826           738     88      771
......................................................


WIND (MPH)
  HIGHEST WIND SPEED    14   HIGHEST WIND DIRECTION    NE (50)
  HIGHEST GUST SPEED    20   HIGHEST GUST DIRECTION     E (80)
  AVERAGE WIND SPEED     8.2




..........................................................


THE ATLANTIC CITY MARINA CLIMATE NORMALS FOR TODAY
                         NORMAL
 MAXIMUM TEMPERATURE (F)   80
 MINIMUM TEMPERATURE (F)   70


SUNRISE AND SUNSET
AUGUST 20 2018........SUNRISE   615 AM EDT   SUNSET   746 PM EDT
AUGUST 21 2018........SUNRISE   616 AM EDT   SUNSET   745 PM EDT


-  INDICATES NEGATIVE NUMBERS.
R  INDICATES RECORD WAS SET OR TIED.
MM INDICATES DATA IS MISSING.
T  INDICATES TRACE AMOUNT.




$$
