000
CDUS43 KABR 201041
CLI8D3


CLIMATE REPORT
NATIONAL WEATHER SERVICE ABERDEEN SD
441 AM CST TUE FEB 20 2018


...................................

...THE SISSETON SD CLIMATE SUMMARY FOR FEBRUARY 19 2018...

CLIMATE NORMAL PERIOD 1981 TO 2010
CLIMATE RECORD PERIOD 1900 TO 2018


WEATHER ITEM   OBSERVED TIME   RECORD YEAR NORMAL DEPARTURE LAST
                VALUE   (LST)  VALUE       VALUE  FROM      YEAR
                                                  NORMAL
..................................................................
TEMPERATURE (F)
 YESTERDAY
  MAXIMUM         13    123 PM  60    2017  29    -16       60
  MINIMUM          5   1159 PM -19    2008  10     -5       34
                                      1966
  AVERAGE          9                        19    -10       47

PRECIPITATION (IN)
  YESTERDAY        0.11          0.45 1955   0.02   0.09     0.00
  MONTH TO DATE    0.22                      0.25  -0.03     0.07
  SINCE DEC 1      0.62                      1.07  -0.45     2.28
  SINCE JAN 1      0.32                      0.68  -0.36     0.86

SNOWFALL (IN)
  YESTERDAY       MM
  MONTH TO DATE    1.8
  SINCE OCT 1      6.6
  SINCE JUL 1      6.6
  SNOW DEPTH       1

DEGREE DAYS
 HEATING
  YESTERDAY       56                        46     10       18
  MONTH TO DATE 1056                       921    135      718
  SINCE DEC 1   3995                      4016    -21     3681
  SINCE JUL 1   5638                      5867   -229     4962

 COOLING
  YESTERDAY        0                         0      0        0
  MONTH TO DATE    0                         0      0        0
  SINCE DEC 1      0                         0      0        0
  SINCE JAN 1      0                         0      0        0
..................................................................


WIND (MPH)
  HIGHEST WIND SPEED    30   HIGHEST WIND DIRECTION     N (340)
  HIGHEST GUST SPEED    36   HIGHEST GUST DIRECTION     N (360)
  AVERAGE WIND SPEED    20.6


SKY COVER
  POSSIBLE SUNSHINE  MM
  AVERAGE SKY COVER 0.0


WEATHER CONDITIONS
 THE FOLLOWING WEATHER WAS RECORDED YESTERDAY.
  SNOW
  LIGHT SNOW


RELATIVE HUMIDITY (PERCENT)
 HIGHEST    88           900 PM
 LOWEST     67           300 PM
 AVERAGE    78

..........................................................


THE SISSETON SD CLIMATE NORMALS FOR TODAY
                         NORMAL    RECORD    YEAR
 MAXIMUM TEMPERATURE (F)   29        59      1981
 MINIMUM TEMPERATURE (F)   11       -23      2013
                                             2008


SUNRISE AND SUNSET
FEBRUARY 20 2018......SUNRISE   722 AM CST   SUNSET   602 PM CST
FEBRUARY 21 2018......SUNRISE   720 AM CST   SUNSET   604 PM CST


-  INDICATES NEGATIVE NUMBERS.
R  INDICATES RECORD WAS SET OR TIED.
MM INDICATES DATA IS MISSING.
T  INDICATES TRACE AMOUNT.




$$
