000
CDUS43 KABR 200708
CLI8D3


CLIMATE REPORT
NATIONAL WEATHER SERVICE ABERDEEN SD
208 AM CDT THU SEP 20 2018


...................................

...THE SISSETON SD CLIMATE SUMMARY FOR SEPTEMBER 19 2018...

CLIMATE NORMAL PERIOD 1981 TO 2010
CLIMATE RECORD PERIOD 1900 TO 2018


WEATHER ITEM   OBSERVED TIME   RECORD YEAR NORMAL DEPARTURE LAST
                VALUE   (LST)  VALUE       VALUE  FROM      YEAR
                                                  NORMAL
..................................................................
TEMPERATURE (F)
 YESTERDAY
  MAXIMUM         61    544 PM  97    1984  71    -10       76
  MINIMUM         56   1159 PM  30    1937  46     10       62
  AVERAGE         59                        58      1       69

PRECIPITATION (IN)
  YESTERDAY        0.31          1.14 1986   0.10   0.21     0.14
  MONTH TO DATE    0.69                      1.56  -0.87     0.87
  SINCE SEP 1      0.69                      1.56  -0.87     0.87
  SINCE JAN 1     16.63                     18.30  -1.67    13.59

DEGREE DAYS
 HEATING
  YESTERDAY        6                         8     -2        0
  MONTH TO DATE   50                        95    -45       58
  SINCE SEP 1     50                        95    -45       58
  SINCE JUL 1     81                       138    -57       72

 COOLING
  YESTERDAY        0                         1     -1        4
  MONTH TO DATE   59                        38     21       71
  SINCE SEP 1     59                        38     21       71
  SINCE JAN 1    754                       517    237      539
..................................................................


WIND (MPH)
  HIGHEST WIND SPEED    15   HIGHEST WIND DIRECTION    NE (30)
  HIGHEST GUST SPEED    22   HIGHEST GUST DIRECTION    NE (40)
  AVERAGE WIND SPEED     6.9


SKY COVER
  POSSIBLE SUNSHINE  MM
  AVERAGE SKY COVER 0.0


WEATHER CONDITIONS
 THE FOLLOWING WEATHER WAS RECORDED YESTERDAY.
  NO SIGNIFICANT WEATHER WAS OBSERVED.


RELATIVE HUMIDITY (PERCENT)
 HIGHEST   100           500 AM
 LOWEST     75           900 PM
 AVERAGE    88

..........................................................


THE SISSETON SD CLIMATE NORMALS FOR TODAY
                         NORMAL    RECORD    YEAR
 MAXIMUM TEMPERATURE (F)   71        91      1941
 MINIMUM TEMPERATURE (F)   45        28      1973


SUNRISE AND SUNSET
SEPTEMBER 20 2018.....SUNRISE   712 AM CDT   SUNSET   729 PM CDT
SEPTEMBER 21 2018.....SUNRISE   714 AM CDT   SUNSET   727 PM CDT


-  INDICATES NEGATIVE NUMBERS.
R  INDICATES RECORD WAS SET OR TIED.
MM INDICATES DATA IS MISSING.
T  INDICATES TRACE AMOUNT.




$$
