000
CDUS43 KABR 040747
CLI8D3


CLIMATE REPORT
NATIONAL WEATHER SERVICE ABERDEEN SD
247 AM CDT THU JUN 4 2020


...................................

...THE SISSETON SD CLIMATE SUMMARY FOR JUNE 3 2020...

CLIMATE NORMAL PERIOD 1981 TO 2010
CLIMATE RECORD PERIOD 1900 TO 2020


WEATHER ITEM   OBSERVED TIME   RECORD YEAR NORMAL DEPARTURE LAST
                VALUE   (LST)  VALUE       VALUE  FROM      YEAR
                                                  NORMAL
..................................................................
TEMPERATURE (F)
 YESTERDAY
  MAXIMUM         84    437 PM  96    1968  74     10       86
  MINIMUM         56    514 AM  36    1990  51      5       54
                                      1951
  AVERAGE         70                        63      7       70

PRECIPITATION (IN)
  YESTERDAY        0.00          1.54 1944   0.12  -0.12     0.00
  MONTH TO DATE    0.10                      0.37  -0.27     0.00
  SINCE JUN 1      0.10                      0.37  -0.27     0.00
  SINCE JAN 1      4.46                      7.35  -2.89    11.09

SNOWFALL (IN)
  YESTERDAY        0.0           0.0  2002                   0.0
                                      2001
  MONTH TO DATE    0.0                                       0.0
  SINCE OCT 1     34.3                                      88.4
  SINCE JUL 1     34.3                                      88.4
  SNOW DEPTH       0

DEGREE DAYS
 HEATING
  YESTERDAY        0                         4     -4        0
  MONTH TO DATE    0                        12    -12        9
  SINCE JUN 1      0                        12    -12        9
  SINCE JUL 1   8364                      8233    131     9350

 COOLING
  YESTERDAY        5                         2      3        5
  MONTH TO DATE   27                         6     21        5
  SINCE JUN 1     27                         6     21        5
  SINCE JAN 1     34                        29      5       22
..................................................................


WIND (MPH)
  HIGHEST WIND SPEED    13   HIGHEST WIND DIRECTION     W (280)
  HIGHEST GUST SPEED    19   HIGHEST GUST DIRECTION     W (270)
  AVERAGE WIND SPEED     6.2




RELATIVE HUMIDITY (PERCENT)
 HIGHEST    73          1000 PM
 LOWEST     24           300 PM
 AVERAGE    49

..........................................................


THE SISSETON SD CLIMATE NORMALS FOR TODAY
                         NORMAL    RECORD    YEAR
 MAXIMUM TEMPERATURE (F)   74        95      1934
 MINIMUM TEMPERATURE (F)   52        35      1945


SUNRISE AND SUNSET
JUNE  4 2020..........SUNRISE   540 AM CDT   SUNSET   913 PM CDT
JUNE  5 2020..........SUNRISE   540 AM CDT   SUNSET   914 PM CDT


-  INDICATES NEGATIVE NUMBERS.
R  INDICATES RECORD WAS SET OR TIED.
MM INDICATES DATA IS MISSING.
T  INDICATES TRACE AMOUNT.




$$
