000
CDUS43 KABR 210756
CLI8D3


CLIMATE REPORT
NATIONAL WEATHER SERVICE ABERDEEN SD
253 AM CDT MON OCT 21 2019


...................................

...THE SISSETON SD CLIMATE SUMMARY FOR OCTOBER 20 2019...

CLIMATE NORMAL PERIOD 1981 TO 2010
CLIMATE RECORD PERIOD 1900 TO 2019


WEATHER ITEM   OBSERVED TIME   RECORD YEAR NORMAL DEPARTURE LAST
                VALUE   (LST)  VALUE       VALUE  FROM      YEAR
                                                  NORMAL
..................................................................
TEMPERATURE (F)
 YESTERDAY
  MAXIMUM         55    746 PM  84    1953  55      0
  MINIMUM         32    717 AM  14    1952  34     -2
  AVERAGE         44                        45     -1

PRECIPITATION (IN)
  YESTERDAY        0.02          0.79 1963   0.06  -0.04
  MONTH TO DATE    1.69                      1.57   0.12
  SINCE SEP 1      8.00                      4.11   3.89
  SINCE JAN 1     31.57                     20.85  10.72

SNOWFALL (IN)
  YESTERDAY        0.0           T    1987  MM     MM        0.0
  MONTH TO DATE    1.2                      MM     MM        3.4
  SINCE OCT 1      1.2                      MM     MM        3.4
  SINCE JUL 1      1.2                      MM     MM        3.4
  SNOW DEPTH       0

DEGREE DAYS
 HEATING
  YESTERDAY       21                                1
  MONTH TO DATE  404                               77
  SINCE SEP 1    540                               11
  SINCE JUL 1    585                               13

 COOLING
  YESTERDAY        0                                0
  MONTH TO DATE    0                                0
  SINCE SEP 1     56                               12
  SINCE JAN 1    494                              -29
..................................................................


WIND (MPH)
  HIGHEST WIND SPEED    23   HIGHEST WIND DIRECTION     E (110)
  HIGHEST GUST SPEED    33   HIGHEST GUST DIRECTION    SE (140)
  AVERAGE WIND SPEED     6.7




RELATIVE HUMIDITY (PERCENT)
 HIGHEST    92
 LOWEST     59
 AVERAGE    76

..........................................................


THE SISSETON SD CLIMATE NORMALS FOR TODAY
                         NORMAL    RECORD    YEAR
 MAXIMUM TEMPERATURE (F)   55        82      1947
 MINIMUM TEMPERATURE (F)   34        14      1936


SUNRISE AND SUNSET
OCTOBER 21 2019.......SUNRISE   752 AM CDT   SUNSET   632 PM CDT
OCTOBER 22 2019.......SUNRISE   754 AM CDT   SUNSET   631 PM CDT


-  INDICATES NEGATIVE NUMBERS.
R  INDICATES RECORD WAS SET OR TIED.
MM INDICATES DATA IS MISSING.
T  INDICATES TRACE AMOUNT.




$$
