000
CDUS43 KABR 310710
CLI8D3

CLIMATE REPORT
NATIONAL WEATHER SERVICE ABERDEEN SD
210 AM CDT SAT OCT 31 2020

...................................

...THE SISSETON SD CLIMATE SUMMARY FOR OCTOBER 30 2020...

CLIMATE NORMAL PERIOD 1981 TO 2010
CLIMATE RECORD PERIOD 1900 TO 2020


WEATHER ITEM   OBSERVED TIME   RECORD YEAR NORMAL DEPARTURE LAST
                VALUE   (LST)  VALUE       VALUE  FROM      YEAR
                                                  NORMAL
...................................................................
TEMPERATURE (F)
 YESTERDAY
  MAXIMUM         46    321 PM  78    1950  50     -4       33
  MINIMUM         29    734 AM   9    1984  30     -1       18
  AVERAGE         38                        40     -2       26

PRECIPITATION (IN)
  YESTERDAY        0.00          1.11 1971   0.05  -0.05     0.00
  MONTH TO DATE    1.20                      2.04  -0.84     3.61
  SINCE SEP 1      2.25                      4.58  -2.33     9.92
  SINCE JAN 1     12.65                     21.32  -8.67    33.49

SNOWFALL (IN)
  YESTERDAY        0.0           5.0  1932                   0.0
  MONTH TO DATE    8.2                                       1.2
  SINCE OCT 1      8.2                                       1.2
  SINCE JUL 1      8.2                                       1.2
  SNOW DEPTH       1

DEGREE DAYS
 HEATING
  YESTERDAY       27                        25      2       39
  MONTH TO DATE  717                       557    160      691
  SINCE SEP 1    908                       759    149      827
  SINCE JUL 1    918                       802    116      872

 COOLING
  YESTERDAY        0                         0      0        0
  MONTH TO DATE    4                         0      4        0
  SINCE SEP 1     29                        44    -15       56
  SINCE JAN 1    691                       523    168      494
...................................................................


WIND (MPH)
  HIGHEST WIND SPEED    22   HIGHEST WIND DIRECTION    SE (150)
  HIGHEST GUST SPEED    30   HIGHEST GUST DIRECTION     S (160)
  AVERAGE WIND SPEED    13.4


RELATIVE HUMIDITY (PERCENT)
 HIGHEST    96           900 AM
 LOWEST     60           300 PM
 AVERAGE    78

..........................................................


THE SISSETON SD CLIMATE NORMALS FOR TODAY
                         NORMAL    RECORD    YEAR
 MAXIMUM TEMPERATURE (F)   49        81      1933
 MINIMUM TEMPERATURE (F)   30        11      1991


SUNRISE AND SUNSET
OCTOBER 31 2020.......SUNRISE   807 AM CDT   SUNSET   615 PM CDT
NOVEMBER  1 2020......SUNRISE   709 AM CST   SUNSET   514 PM CST


-  INDICATES NEGATIVE NUMBERS.
R  INDICATES RECORD WAS SET OR TIED.
MM INDICATES DATA IS MISSING.
T  INDICATES TRACE AMOUNT.




$$
