000
CDUS43 KABR 121601
CLI8D3


CLIMATE REPORT
NATIONAL WEATHER SERVICE ABERDEEN SD
1000 AM CST WED DEC 12 2018


...................................

...THE SISSETON SD CLIMATE SUMMARY FOR DECEMBER 11 2018...

CLIMATE NORMAL PERIOD 1981 TO 2010
CLIMATE RECORD PERIOD 1900 TO 2018


WEATHER ITEM   OBSERVED TIME   RECORD YEAR NORMAL DEPARTURE LAST
                VALUE   (LST)  VALUE       VALUE  FROM      YEAR
                                                  NORMAL
..................................................................
TEMPERATURE (F)
 YESTERDAY
  MAXIMUM         31    329 PM  58    1939  27      4       43
  MINIMUM         13    809 AM -19    1945   9      4       11
  AVERAGE         22                        18      4       27

PRECIPITATION (IN)
  YESTERDAY        0.02          0.90 1949   0.01   0.01     0.02
  MONTH TO DATE    0.02                      0.17  -0.15     0.07
  SINCE DEC 1      0.02                      0.17  -0.15     0.07
  SINCE JAN 1     21.82                     22.11  -0.29    18.75

SNOWFALL (IN)
  YESTERDAY        0.2           4.0  1932
  MONTH TO DATE    0.2
  SINCE OCT 1      7.5
  SINCE JUL 1      7.5
  SNOW DEPTH       0

DEGREE DAYS
 HEATING
  YESTERDAY       43                        47     -4       38
  MONTH TO DATE  478                       495    -17      411
  SINCE DEC 1    478                       495    -17      411
  SINCE JUL 1   2695                      2346    349     2054

 COOLING
  YESTERDAY        0                         0      0        0
  MONTH TO DATE    0                         0      0        0
  SINCE DEC 1      0                         0      0        0
  SINCE JAN 1    754                       527    227      554
..................................................................


WIND (MPH)
  HIGHEST WIND SPEED    10   HIGHEST WIND DIRECTION    SE (120)
  HIGHEST GUST SPEED    12   HIGHEST GUST DIRECTION    SE (130)
  AVERAGE WIND SPEED     3.6


SKY COVER
  POSSIBLE SUNSHINE  MM
  AVERAGE SKY COVER 0.0


WEATHER CONDITIONS
 THE FOLLOWING WEATHER WAS RECORDED YESTERDAY.
  NO SIGNIFICANT WEATHER WAS OBSERVED.


RELATIVE HUMIDITY (PERCENT)
 HIGHEST   100           800 PM
 LOWEST     72          1200 PM
 AVERAGE    86

..........................................................


THE SISSETON SD CLIMATE NORMALS FOR TODAY
                         NORMAL    RECORD    YEAR
 MAXIMUM TEMPERATURE (F)   27        51      1998
 MINIMUM TEMPERATURE (F)    9       -19      1903


SUNRISE AND SUNSET
DECEMBER 12 2018......SUNRISE   759 AM CST   SUNSET   444 PM CST
DECEMBER 13 2018......SUNRISE   800 AM CST   SUNSET   444 PM CST


-  INDICATES NEGATIVE NUMBERS.
R  INDICATES RECORD WAS SET OR TIED.
MM INDICATES DATA IS MISSING.
T  INDICATES TRACE AMOUNT.




$$
