000
CDUS43 KABR 180728
CLI8D3


CLIMATE REPORT
NATIONAL WEATHER SERVICE ABERDEEN SD
223 AM CDT MON JUN 18 2018


...................................

...THE SISSETON SD CLIMATE SUMMARY FOR JUNE 17 2018...

CLIMATE NORMAL PERIOD 1981 TO 2010
CLIMATE RECORD PERIOD 1900 TO 2018


WEATHER ITEM   OBSERVED TIME   RECORD YEAR NORMAL DEPARTURE LAST
                VALUE   (LST)  VALUE       VALUE  FROM      YEAR
                                                  NORMAL
..................................................................
TEMPERATURE (F)
 YESTERDAY
  MAXIMUM         74    152 PM 101    1933  78     -4       79
  MINIMUM         63    937 AM  40    1999  55      8       58
  AVERAGE         69                        66      3       69

PRECIPITATION (IN)
  YESTERDAY        0.05          1.72 1959   0.13  -0.08     0.18
  MONTH TO DATE    1.63                      2.23  -0.60     1.79
  SINCE JUN 1      1.63                      2.23  -0.60     1.79
  SINCE JAN 1      6.81                      9.21  -2.40     5.96

DEGREE DAYS
 HEATING
  YESTERDAY        0                         2     -2        0
  MONTH TO DATE    2                        50    -48        0
  SINCE JUN 1      2                        50    -48        0
  SINCE JUL 1   8237                      8271    -34     7150

 COOLING
  YESTERDAY        4                         3      1        4
  MONTH TO DATE   97                        40     57      124
  SINCE JUN 1     97                        40     57      124
  SINCE JAN 1    238                        63    175      140
..................................................................


WIND (MPH)
  HIGHEST WIND SPEED    20   HIGHEST WIND DIRECTION     N (340)
  HIGHEST GUST SPEED    26   HIGHEST GUST DIRECTION    NW (330)
  AVERAGE WIND SPEED    11.1


SKY COVER
  POSSIBLE SUNSHINE  MM
  AVERAGE SKY COVER 0.0


WEATHER CONDITIONS
 THE FOLLOWING WEATHER WAS RECORDED YESTERDAY.
  NO SIGNIFICANT WEATHER WAS OBSERVED.


RELATIVE HUMIDITY (PERCENT)
 HIGHEST    93          1200 AM
 LOWEST     73           100 PM
 AVERAGE    83

..........................................................


THE SISSETON SD CLIMATE NORMALS FOR TODAY
                         NORMAL    RECORD    YEAR
 MAXIMUM TEMPERATURE (F)   78       104      1933
 MINIMUM TEMPERATURE (F)   56        41      1976


SUNRISE AND SUNSET
JUNE 18 2018..........SUNRISE   538 AM CDT   SUNSET   920 PM CDT
JUNE 19 2018..........SUNRISE   538 AM CDT   SUNSET   921 PM CDT


-  INDICATES NEGATIVE NUMBERS.
R  INDICATES RECORD WAS SET OR TIED.
MM INDICATES DATA IS MISSING.
T  INDICATES TRACE AMOUNT.




$$
