578
CDUS42 KTAE 150631
CLIAAF


CLIMATE REPORT
NATIONAL WEATHER SERVICE TALLAHASSEE FL
230 AM EDT TUE OCT 15 2019


...................................

...THE APALACHICOLA CLIMATE SUMMARY FOR OCTOBER 14 2019...

CLIMATE NORMAL PERIOD 1981 TO 2010
CLIMATE RECORD PERIOD 1931 TO 2019


WEATHER ITEM   OBSERVED TIME   RECORD YEAR NORMAL DEPARTURE LAST
                VALUE   (LST)  VALUE       VALUE  FROM      YEAR
                                                  NORMAL
..................................................................
TEMPERATURE (F)
 YESTERDAY
  MAXIMUM         86    251 PM  88    1998  81      5       MM
  MINIMUM         68    654 AM  41    1977  61      7       MM
  AVERAGE         77                        71      6       MM

PRECIPITATION (IN)
  YESTERDAY        0.00          2.50 2014   0.13  -0.13    MM
  MONTH TO DATE    0.04                      2.23  -2.19     2.20
  SINCE SEP 1      0.06                      8.96  -8.90     7.90
  SINCE JAN 1     35.63                     48.90 -13.27    38.96

SNOWFALL (IN)
  YESTERDAY        0.0                       0.0    0.0

DEGREE DAYS
 HEATING
  YESTERDAY        0                               -1
  MONTH TO DATE    0                               -1
  SINCE SEP 1      0                               -1
  SINCE JUL 1      0                               -1

 COOLING
  YESTERDAY       12                                5
  MONTH TO DATE  186                               64
  SINCE SEP 1    710                              168
  SINCE JAN 1   2821                              353
..................................................................


WIND (MPH)
  HIGHEST WIND SPEED    13   HIGHEST WIND DIRECTION     S (180)
  HIGHEST GUST SPEED    17   HIGHEST GUST DIRECTION     S (170)
  AVERAGE WIND SPEED     4.0




..........................................................


THE APALACHICOLA CLIMATE NORMALS FOR TODAY
                         NORMAL    RECORD    YEAR
 MAXIMUM TEMPERATURE (F)   81        90      1931
 MINIMUM TEMPERATURE (F)   61        39      1977


SUNRISE AND SUNSET
OCTOBER 15 2019.......SUNRISE   742 AM EDT   SUNSET   710 PM EDT
OCTOBER 16 2019.......SUNRISE   742 AM EDT   SUNSET   709 PM EDT


-  INDICATES NEGATIVE NUMBERS.
R  INDICATES RECORD WAS SET OR TIED.
MM INDICATES DATA IS MISSING.
T  INDICATES TRACE AMOUNT.




$$
