000
CDUS42 KTAE 242134
CLIAAF


CLIMATE REPORT
NATIONAL WEATHER SERVICE TALLAHASSEE FL
534 PM EDT SUN MAY 24 2020


...................................

...THE APALACHICOLA CLIMATE SUMMARY FOR MAY 24 2020...
VALID TODAY AS OF 0500 PM LOCAL TIME.

CLIMATE NORMAL PERIOD 1981 TO 2010
CLIMATE RECORD PERIOD 1931 TO 2020


WEATHER ITEM   OBSERVED TIME   RECORD YEAR NORMAL DEPARTURE LAST
                VALUE   (LST)  VALUE       VALUE  FROM      YEAR
                                                  NORMAL
..................................................................
TEMPERATURE (F)
 TODAY
  MAXIMUM         86    235 PM  93    1996  86      0       86
  MINIMUM         71    644 AM  55    1931  67      4       70
  AVERAGE         79                        76      3       78

PRECIPITATION (IN)
  TODAY            0.00          1.42 1935   0.10  -0.10     0.00
  MONTH TO DATE    0.26                      1.75  -1.49     0.87
  SINCE MAR 1      1.06                     10.08  -9.02     6.72
  SINCE JAN 1      4.62                     18.63 -14.01    11.93

SNOWFALL (IN)
  TODAY            0.0                       0.0    0.0

DEGREE DAYS
 HEATING
  TODAY            0                                0
  MONTH TO DATE    2                                2
  SINCE MAR 1      2                             -219
  SINCE JUL 1    716                             -673

 COOLING
  TODAY           14                                3
  MONTH TO DATE  204                                0
  SINCE MAR 1    252                              -73
  SINCE JAN 1    303                              -31
..................................................................


WIND (MPH)
  HIGHEST WIND SPEED    17   HIGHEST WIND DIRECTION    SE (120)
  HIGHEST GUST SPEED    22   HIGHEST GUST DIRECTION    SE (120)
  AVERAGE WIND SPEED     8.4




RELATIVE HUMIDITY (PERCENT)
 HIGHEST   100
 LOWEST     74
 AVERAGE    87

..........................................................


THE APALACHICOLA CLIMATE NORMALS FOR TOMORROW
                         NORMAL    RECORD    YEAR
 MAXIMUM TEMPERATURE (F)   86        91      2014
                                             2004
                                             1953
 MINIMUM TEMPERATURE (F)   67        56      1979


SUNRISE AND SUNSET
MAY 24 2020...........SUNRISE   642 AM EDT   SUNSET   832 PM EDT
MAY 25 2020...........SUNRISE   642 AM EDT   SUNSET   832 PM EDT


-  INDICATES NEGATIVE NUMBERS.
R  INDICATES RECORD WAS SET OR TIED.
MM INDICATES DATA IS MISSING.
T  INDICATES TRACE AMOUNT.




$$
