000
CDUS42 KTAE 302149
CLIAAF

CLIMATE REPORT
NATIONAL WEATHER SERVICE TALLAHASSEE FL
549 PM EDT FRI OCT 30 2020

...................................

...THE APALACHICOLA CLIMATE SUMMARY FOR OCTOBER 30 2020...
VALID TODAY AS OF 0500 PM LOCAL TIME.

CLIMATE NORMAL PERIOD 1981 TO 2010
CLIMATE RECORD PERIOD 1931 TO 2020


WEATHER ITEM   OBSERVED TIME   RECORD YEAR NORMAL DEPARTURE LAST
                VALUE   (LST)  VALUE       VALUE  FROM      YEAR
                                                  NORMAL
...................................................................
TEMPERATURE (F)
 TODAY
  MAXIMUM         71    335 PM  86    1984  77     -6       85
  MINIMUM         51    721 AM  39    2017  55     -4       75
  AVERAGE         61                        66     -5       80

PRECIPITATION (IN)
  TODAY            0.00          4.50 1985   0.10  -0.10     0.00
  MONTH TO DATE    1.59                      4.10  -2.51     4.33
  SINCE SEP 1     20.34                     10.83   9.51     4.35
  SINCE JAN 1     49.57                     50.77  -1.20    39.92

SNOWFALL (IN)
  TODAY            0.0                       0.0    0.0

DEGREE DAYS
 HEATING
  TODAY            4                                2
  MONTH TO DATE    4                              -18
  SINCE SEP 1      4                              -18
  SINCE JUL 1      4                              -18

 COOLING
  TODAY            0                               -3
  MONTH TO DATE  329                              128
  SINCE SEP 1    767                              146
  SINCE JAN 1   2736                              189
...................................................................


WIND (MPH)
  HIGHEST WIND SPEED    17   HIGHEST WIND DIRECTION     N (20)
  HIGHEST GUST SPEED    22   HIGHEST GUST DIRECTION     N (20)
  AVERAGE WIND SPEED     9.6


RELATIVE HUMIDITY (PERCENT)
 HIGHEST    83
 LOWEST     53
 AVERAGE    68

..........................................................


THE APALACHICOLA CLIMATE NORMALS FOR TOMORROW
                         NORMAL    RECORD    YEAR
 MAXIMUM TEMPERATURE (F)   77        86      2019
 MINIMUM TEMPERATURE (F)   55        33      1993


SUNRISE AND SUNSET
OCTOBER 30 2020.......SUNRISE   753 AM EDT   SUNSET   655 PM EDT
OCTOBER 31 2020.......SUNRISE   753 AM EDT   SUNSET   654 PM EDT


-  INDICATES NEGATIVE NUMBERS.
R  INDICATES RECORD WAS SET OR TIED.
MM INDICATES DATA IS MISSING.
T  INDICATES TRACE AMOUNT.




$$
