000
CDUS46 KMFR 220846
CLIAAT


CLIMATE REPORT
NATIONAL WEATHER SERVICE MEDFORD, OR
145 AM PDT THU OCT 22 2020


...................................

...THE ALTURAS CA CLIMATE SUMMARY FOR OCTOBER 21 2020...

CLIMATE NORMAL PERIOD 1981 TO 2010
CLIMATE RECORD PERIOD 1905 TO 2020


WEATHER ITEM   OBSERVED TIME   RECORD YEAR NORMAL DEPARTURE LAST
                VALUE   (LST)  VALUE       VALUE  FROM      YEAR
                                                  NORMAL
..................................................................
TEMPERATURE (F)
 YESTERDAY
  MAXIMUM         67    105 PM  86    2003  63      4       63
  MINIMUM         28    636 AM   8    1996  28      0       27
  AVERAGE         48                        45      3       45

PRECIPITATION (IN)
  YESTERDAY        0.00          0.37 1943   0.03  -0.03     0.00
  MONTH TO DATE    0.14                      0.56  -0.42     0.31
  SINCE OCT 1      0.14                      0.56  -0.42     0.31
  SINCE JAN 1      7.13                     10.22  -3.09    12.54

SNOWFALL (IN)
  YESTERDAY       MM                        MM     MM       MM
  MONTH TO DATE   MM                        MM     MM       MM
  SINCE JUL 1     MM                        MM     MM       MM
  SNOW DEPTH      MM

DEGREE DAYS
 HEATING
  YESTERDAY       17                        20     -3       20
  MONTH TO DATE  257                       348    -91      439
  SINCE SEP 1    389                       614   -225      696
  SINCE JUL 1    428                       725   -297      745

 COOLING
  YESTERDAY        0                         0      0        0
  MONTH TO DATE    0                         0      0        0
  SINCE SEP 1     43                         5     38       15
  SINCE JAN 1    318                       156    162      217
..................................................................


WIND (MPH)
  HIGHEST WIND SPEED    17   HIGHEST WIND DIRECTION     N (360)
  HIGHEST GUST SPEED    23   HIGHEST GUST DIRECTION     N (350)
  AVERAGE WIND SPEED     5.6


SKY COVER
  POSSIBLE SUNSHINE  MM
  AVERAGE SKY COVER 0.1


WEATHER CONDITIONS
 THE FOLLOWING WEATHER WAS RECORDED YESTERDAY.
  FOG
  FOG W/VISIBILITY <= 1/4 MILE


RELATIVE HUMIDITY (PERCENT)
 HIGHEST   100           600 AM
 LOWEST     20           200 PM
 AVERAGE    60

..........................................................


THE ALTURAS CA CLIMATE NORMALS FOR TODAY
                         NORMAL    RECORD    YEAR
 MAXIMUM TEMPERATURE (F)   62        82      1964
                                             1960
 MINIMUM TEMPERATURE (F)   27        16      1980
                                             1961


SUNRISE AND SUNSET
OCTOBER 22 2020.......SUNRISE   723 AM PDT   SUNSET   610 PM PDT
OCTOBER 23 2020.......SUNRISE   724 AM PDT   SUNSET   608 PM PDT


-  INDICATES NEGATIVE NUMBERS.
R  INDICATES RECORD WAS SET OR TIED.
MM INDICATES DATA IS MISSING.
T  INDICATES TRACE AMOUNT.




$$
