000
CDUS46 KMFR 230847
CLIAAT


CLIMATE REPORT
NATIONAL WEATHER SERVICE MEDFORD, OR
1247 AM PST WED JAN 23 2019


...................................

...THE ALTURAS CA CLIMATE SUMMARY FOR JANUARY 22 2019...

CLIMATE NORMAL PERIOD 1981 TO 2010
CLIMATE RECORD PERIOD 1905 TO 2019


WEATHER ITEM   OBSERVED TIME   RECORD YEAR NORMAL DEPARTURE LAST
                VALUE   (LST)  VALUE       VALUE  FROM      YEAR
                                                  NORMAL
..................................................................
TEMPERATURE (F)
 YESTERDAY
  MAXIMUM         37    310 PM  62    1961  42     -5       38
  MINIMUM         17    333 AM -24    1962  18     -1       22
  AVERAGE         27                        30     -3       30

PRECIPITATION (IN)
  YESTERDAY        0.00          1.81 1967   0.04  -0.04     0.01
  MONTH TO DATE    1.99                      1.27   0.72     1.19
  SINCE OCT 1      5.37                      5.78  -0.41     4.19
  SINCE JAN 1      1.99                      1.27   0.72     1.19

SNOWFALL (IN)
  YESTERDAY       MM                        MM     MM       MM
  MONTH TO DATE   MM                        MM     MM       MM
  SINCE JUL 1     MM                        MM     MM       MM
  SNOW DEPTH      MM

DEGREE DAYS
 HEATING
  YESTERDAY       38                        35      3       35
  MONTH TO DATE  683                       782    -99      599
  SINCE DEC 1   1697                      1882   -185     1647
  SINCE JUL 1   3359                      3692   -333     3201

 COOLING
  YESTERDAY        0                         0      0        0
  MONTH TO DATE    0                         0      0        0
  SINCE DEC 1      0                         0      0        0
  SINCE JAN 1      0                         0      0        0
..................................................................


WIND (MPH)
  HIGHEST WIND SPEED     8   HIGHEST WIND DIRECTION     E (90)
  HIGHEST GUST SPEED    10   HIGHEST GUST DIRECTION    SE (150)
  AVERAGE WIND SPEED     1.8


SKY COVER
  POSSIBLE SUNSHINE  MM
  AVERAGE SKY COVER 0.2


WEATHER CONDITIONS
 THE FOLLOWING WEATHER WAS RECORDED YESTERDAY.
  FOG
  HAZE


RELATIVE HUMIDITY (PERCENT)
 HIGHEST    92           200 AM
 LOWEST     52           200 PM
 AVERAGE    72

..........................................................


THE ALTURAS CA CLIMATE NORMALS FOR TODAY
                         NORMAL    RECORD    YEAR
 MAXIMUM TEMPERATURE (F)   42        67      2013
 MINIMUM TEMPERATURE (F)   18       -21      1962


SUNRISE AND SUNSET
JANUARY 23 2019.......SUNRISE   722 AM PST   SUNSET   507 PM PST
JANUARY 24 2019.......SUNRISE   721 AM PST   SUNSET   508 PM PST


-  INDICATES NEGATIVE NUMBERS.
R  INDICATES RECORD WAS SET OR TIED.
MM INDICATES DATA IS MISSING.
T  INDICATES TRACE AMOUNT.




$$
