000
CDUS46 KMFR 210036
CLIAAT


CLIMATE REPORT
NATIONAL WEATHER SERVICE MEDFORD, OR
536 PM PDT SUN OCT 20 2019


...................................

...THE ALTURAS CA CLIMATE SUMMARY FOR OCTOBER 20 2019...
VALID TODAY AS OF 0500 PM LOCAL TIME.

CLIMATE NORMAL PERIOD 1981 TO 2010
CLIMATE RECORD PERIOD 1905 TO 2019


WEATHER ITEM   OBSERVED TIME   RECORD YEAR NORMAL DEPARTURE LAST
                VALUE   (LST)  VALUE       VALUE  FROM      YEAR
                                                  NORMAL
..................................................................
TEMPERATURE (F)
 TODAY
  MAXIMUM         55    338 PM  79    2003  63     -8       75
                                      1964
  MINIMUM         26    410 AM  11    1996  28     -2       24
  AVERAGE         41                        46     -5       50

PRECIPITATION (IN)
  TODAY            T             0.58 2017   0.04  -0.04     0.00
  MONTH TO DATE    0.31                      0.53  -0.22     1.26
  SINCE OCT 1      0.31                      0.53  -0.22     1.26
  SINCE JAN 1     12.54                     10.19   2.35     9.96

SNOWFALL (IN)
  TODAY           MM                        MM     MM       MM
  MONTH TO DATE   MM                        MM     MM       MM
  SINCE JUL 1     MM                        MM     MM       MM
  SNOW DEPTH      MM

DEGREE DAYS
 HEATING
  TODAY           24                        19      5       15
  MONTH TO DATE  419                       328     91      358
  SINCE SEP 1    676                       594     82      609
  SINCE JUL 1    725                       705     20      656

 COOLING
  TODAY            0                         0      0        0
  MONTH TO DATE    0                         0      0        0
  SINCE SEP 1     15                         5     10        1
  SINCE JAN 1    217                       156     61      260
..................................................................


WIND (MPH)
  HIGHEST WIND SPEED    13   HIGHEST WIND DIRECTION     W (290)
  HIGHEST GUST SPEED    19   HIGHEST GUST DIRECTION     W (270)
  AVERAGE WIND SPEED     2.9


SKY COVER
  POSSIBLE SUNSHINE  MM
  AVERAGE SKY COVER 0.7


WEATHER CONDITIONS
 THE FOLLOWING WEATHER WAS RECORDED TODAY.
  FOG


RELATIVE HUMIDITY (PERCENT)
 HIGHEST   100           300 AM
 LOWEST     41          1200 PM
 AVERAGE    71

..........................................................


THE ALTURAS CA CLIMATE NORMALS FOR TOMORROW
                         NORMAL    RECORD    YEAR
 MAXIMUM TEMPERATURE (F)   63        86      2003
 MINIMUM TEMPERATURE (F)   28         8      1996


SUNRISE AND SUNSET
OCTOBER 20 2019.......SUNRISE   720 AM PDT   SUNSET   614 PM PDT
OCTOBER 21 2019.......SUNRISE   721 AM PDT   SUNSET   612 PM PDT


-  INDICATES NEGATIVE NUMBERS.
R  INDICATES RECORD WAS SET OR TIED.
MM INDICATES DATA IS MISSING.
T  INDICATES TRACE AMOUNT.




$$
