000
CDUS46 KMFR 200839
CLIAAT


CLIMATE REPORT
NATIONAL WEATHER SERVICE MEDFORD, OR
139 AM PDT SAT OCT 20 2018


...................................

...THE ALTURAS CA CLIMATE SUMMARY FOR OCTOBER 19 2018...

CLIMATE NORMAL PERIOD 1981 TO 2010
CLIMATE RECORD PERIOD 1905 TO 2018


WEATHER ITEM   OBSERVED TIME   RECORD YEAR NORMAL DEPARTURE LAST
                VALUE   (LST)  VALUE       VALUE  FROM      YEAR
                                                  NORMAL
..................................................................
TEMPERATURE (F)
 YESTERDAY
  MAXIMUM         74    327 PM  84    1961  64     10       64
  MINIMUM         22    631 AM  10    1905  28     -6       24
  AVERAGE         48                        46      2       44

PRECIPITATION (IN)
  YESTERDAY        0.00          0.66 2007   0.04  -0.04     0.34
  MONTH TO DATE    1.26                      0.49   0.77     0.34
  SINCE OCT 1      1.26                      0.49   0.77     0.34
  SINCE JAN 1      9.96                     10.15  -0.19    12.53

SNOWFALL (IN)
  YESTERDAY       MM                        MM     MM       MM
  MONTH TO DATE   MM                        MM     MM       MM
  SINCE JUL 1     MM                        MM     MM       MM
  SNOW DEPTH      MM

DEGREE DAYS
 HEATING
  YESTERDAY       17                        19     -2       21
  MONTH TO DATE  343                       309     34      387
  SINCE SEP 1    594                       575     19      630
  SINCE JUL 1    641                       686    -45      631

 COOLING
  YESTERDAY        0                         0      0        0
  MONTH TO DATE    0                         0      0        0
  SINCE SEP 1      1                         5     -4       75
  SINCE JAN 1    260                       156    104      516
..................................................................


WIND (MPH)
  HIGHEST WIND SPEED     9   HIGHEST WIND DIRECTION     E (80)
  HIGHEST GUST SPEED    12   HIGHEST GUST DIRECTION     E (80)
  AVERAGE WIND SPEED     1.2


SKY COVER
  POSSIBLE SUNSHINE  MM
  AVERAGE SKY COVER 0.0


WEATHER CONDITIONS
 THE FOLLOWING WEATHER WAS RECORDED YESTERDAY.
  FOG
  HAZE


RELATIVE HUMIDITY (PERCENT)
 HIGHEST    92           400 AM
 LOWEST     14           300 PM
 AVERAGE    53

..........................................................


THE ALTURAS CA CLIMATE NORMALS FOR TODAY
                         NORMAL    RECORD    YEAR
 MAXIMUM TEMPERATURE (F)   63        85      1915
                                             1964
 MINIMUM TEMPERATURE (F)   28        11      1996


SUNRISE AND SUNSET
OCTOBER 20 2018.......SUNRISE   720 AM PDT   SUNSET   613 PM PDT
OCTOBER 21 2018.......SUNRISE   721 AM PDT   SUNSET   612 PM PDT


-  INDICATES NEGATIVE NUMBERS.
R  INDICATES RECORD WAS SET OR TIED.
MM INDICATES DATA IS MISSING.
T  INDICATES TRACE AMOUNT.




$$
