000
CDUS46 KMFR 180055
CLIAAT


CLIMATE REPORT
NATIONAL WEATHER SERVICE MEDFORD, OR
555 PM PDT TUE JUL 17 2018


...................................

...THE ALTURAS CA CLIMATE SUMMARY FOR JULY 17 2018...
VALID TODAY AS OF 0500 PM LOCAL TIME.

CLIMATE NORMAL PERIOD 1981 TO 2010
CLIMATE RECORD PERIOD 1905 TO 2018


WEATHER ITEM   OBSERVED TIME   RECORD YEAR NORMAL DEPARTURE LAST
                VALUE   (LST)  VALUE       VALUE  FROM      YEAR
                                                  NORMAL
..................................................................
TEMPERATURE (F)
 TODAY
  MAXIMUM         96    252 PM 101    1998  89      7       90
  MINIMUM         49    455 AM  31    1993  45      4       46
  AVERAGE         73                        67      6       68

PRECIPITATION (IN)
  TODAY            0.00          0.42 1976   0.01  -0.01     0.00
  MONTH TO DATE    0.13                      0.13   0.00     0.00
  SINCE OCT 1     11.69                     13.08  -1.39    14.28
  SINCE JAN 1      8.69                      8.57   0.12    10.53

SNOWFALL (IN)
  TODAY           MM                        MM     MM       MM
  MONTH TO DATE   MM                        MM     MM       MM
  SINCE JUL 1     MM                        MM     MM       MM
  SNOW DEPTH      MM

DEGREE DAYS
 HEATING
  TODAY            0                         1     -1        0
  MONTH TO DATE    6                        27    -21        0
  SINCE JUN 1    128                       207    -79      109
  SINCE JUL 1      6                        27    -21        0

 COOLING
  TODAY            8                         3      5        3
  MONTH TO DATE   69                        37     32       92
  SINCE JUN 1     78                        48     30      174
  SINCE JAN 1     79                        48     31      174
..................................................................


WIND (MPH)
  HIGHEST WIND SPEED    16   HIGHEST WIND DIRECTION     W (280)
  HIGHEST GUST SPEED    22   HIGHEST GUST DIRECTION     W (280)
  AVERAGE WIND SPEED     3.7


SKY COVER
  POSSIBLE SUNSHINE  MM
  AVERAGE SKY COVER 0.0


WEATHER CONDITIONS
 THE FOLLOWING WEATHER WAS RECORDED TODAY.
  NO SIGNIFICANT WEATHER WAS OBSERVED.


RELATIVE HUMIDITY (PERCENT)
 HIGHEST   100           500 AM
 LOWEST     11           300 PM
 AVERAGE    56

..........................................................


THE ALTURAS CA CLIMATE NORMALS FOR TOMORROW
                         NORMAL    RECORD    YEAR
 MAXIMUM TEMPERATURE (F)   89       103      1960
 MINIMUM TEMPERATURE (F)   45        28      1993


SUNRISE AND SUNSET
JULY 17 2018..........SUNRISE   543 AM PDT   SUNSET   833 PM PDT
JULY 18 2018..........SUNRISE   544 AM PDT   SUNSET   832 PM PDT


-  INDICATES NEGATIVE NUMBERS.
R  INDICATES RECORD WAS SET OR TIED.
MM INDICATES DATA IS MISSING.
T  INDICATES TRACE AMOUNT.




$$
