000
CDUS41 KPHI 240559
CLIABE


CLIMATE REPORT
NATIONAL WEATHER SERVICE MOUNT HOLLY NJ
1259 AM EST FRI JAN 24 2020

...................................

...THE ALLENTOWN PA CLIMATE SUMMARY FOR JANUARY 23 2020...

CLIMATE NORMAL PERIOD: 1981 TO 2010
CLIMATE RECORD PERIOD: 1922 TO 2020


WEATHER ITEM   OBSERVED TIME   RECORD YEAR NORMAL DEPARTURE LAST
                VALUE   (LST)  VALUE       VALUE  FROM      YEAR
                                                  NORMAL
...................................................................
TEMPERATURE (F)
 YESTERDAY
  MAXIMUM         43   3:17 PM  62    1999  36      7       41
  MINIMUM         17   6:04 AM  -9    1961  19     -2       28
  AVERAGE         30                        28      2       35

PRECIPITATION (IN)
  YESTERDAY        0.00          1.65 2016   0.10  -0.10     0.01
  MONTH TO DATE    1.11                      2.24  -1.13     2.50
  SINCE DEC 1      4.53                      5.82  -1.29     8.74
  SINCE JAN 1      1.11                      2.24  -1.13     2.50

SNOWFALL (IN)
  YESTERDAY        0.0          30.2  2016   0.3   -0.3      0.0
  MONTH TO DATE    3.2                       7.2   -4.0      2.9
  SINCE DEC 1      5.3                      12.4   -7.1      2.9
  SINCE JUL 1      5.3                      13.1   -7.8     11.0
  SNOW DEPTH       0

DEGREE DAYS
 HEATING
  YESTERDAY       35                        37     -2       30
  MONTH TO DATE  673                       859   -186      763
  SINCE DEC 1   1565                      1874   -309     1617
  SINCE JUL 1   2545                      3054   -509     2680

 COOLING
  YESTERDAY        0                         0      0        0
  MONTH TO DATE    0                         0      0        0
  SINCE DEC 1      0                         0      0        0
  SINCE JAN 1      0                         0      0        0
...................................................................


WIND (MPH)
  HIGHEST WIND SPEED     6   HIGHEST WIND DIRECTION    NW (330)
  HIGHEST GUST SPEED     8   HIGHEST GUST DIRECTION     E (110)
  AVERAGE WIND SPEED     1.1


SKY COVER
  POSSIBLE SUNSHINE  MM
  AVERAGE SKY COVER 0.0


WEATHER CONDITIONS
THE FOLLOWING WEATHER WAS RECORDED YESTERDAY.
  HAZE


RELATIVE HUMIDITY (PERCENT)
 HIGHEST    81           5:00 AM
 LOWEST     38           3:00 PM
 AVERAGE    60

..........................................................


THE ALLENTOWN PA CLIMATE NORMALS FOR TODAY
                         NORMAL    RECORD    YEAR
 MAXIMUM TEMPERATURE (F)   36        66      1967
 MINIMUM TEMPERATURE (F)   19        -6      1948


SUNRISE AND SUNSET
JANUARY 24 2020.......SUNRISE   7:19 AM EST   SUNSET   5:09 PM EST
JANUARY 25 2020.......SUNRISE   7:18 AM EST   SUNSET   5:10 PM EST


-  INDICATES NEGATIVE NUMBERS.
R  INDICATES RECORD WAS SET OR TIED.
MM INDICATES DATA IS MISSING.
T  INDICATES TRACE AMOUNT.




$$
