000
CDUS41 KPHI 280555
CLIABE

CLIMATE REPORT
NATIONAL WEATHER SERVICE MOUNT HOLLY NJ
155 AM EDT WED OCT 28 2020

...................................

...THE ALLENTOWN PA CLIMATE SUMMARY FOR OCTOBER 27 2020...

CLIMATE NORMAL PERIOD: 1981 TO 2010
CLIMATE RECORD PERIOD: 1922 TO 2020


WEATHER ITEM   OBSERVED TIME   RECORD YEAR NORMAL DEPARTURE LAST
                VALUE   (LST)  VALUE       VALUE  FROM      YEAR
                                                  NORMAL
...................................................................
TEMPERATURE (F)
 YESTERDAY
  MAXIMUM         57   2:37 PM  83    1963  60     -3       73
  MINIMUM         50   7:39 AM  25    1988  38     12       55
                                      2006
  AVERAGE         54                        49      5       64

PRECIPITATION (IN)
  YESTERDAY        0.01          2.17 2003   0.11  -0.10     1.40
  MONTH TO DATE    1.15                      3.45  -2.30     5.67
  SINCE SEP 1      5.31                      8.07  -2.76     7.01
  SINCE JAN 1     38.45                     37.84   0.61    53.30

SNOWFALL (IN)
  YESTERDAY       MM             T    1957   0.0   MM        0.0
  MONTH TO DATE    0.0                       0.0    0.0      0.0
  SINCE SEP 1      0.0                       0.0    0.0      0.0
  SINCE JUL 1      0.0                       0.0    0.0      0.0
  SNOW DEPTH       0

DEGREE DAYS
 HEATING
  YESTERDAY       11                        16     -5        1
  MONTH TO DATE  245                       329    -84      216
  SINCE SEP 1    337                       433    -96      234
  SINCE JUL 1    337                       444   -107      234

 COOLING
  YESTERDAY        0                         0      0        0
  MONTH TO DATE    0                         3     -3       25
  SINCE SEP 1     97                        74     23      167
  SINCE JAN 1   1043                       753    290     1176
...................................................................


WIND (MPH)
  HIGHEST WIND SPEED    13   HIGHEST WIND DIRECTION    NW (330)
  HIGHEST GUST SPEED    15   HIGHEST GUST DIRECTION    NW (330)
  AVERAGE WIND SPEED     3.8


SKY COVER
  POSSIBLE SUNSHINE  MM
  AVERAGE SKY COVER 0.8


WEATHER CONDITIONS
THE FOLLOWING WEATHER WAS RECORDED YESTERDAY.
  LIGHT RAIN
  FOG


RELATIVE HUMIDITY (PERCENT)
 HIGHEST    96          12:00 AM
 LOWEST     62           1:00 PM
 AVERAGE    79

..........................................................


THE ALLENTOWN PA CLIMATE NORMALS FOR TODAY
                         NORMAL    RECORD    YEAR
 MAXIMUM TEMPERATURE (F)   60        80      1984
 MINIMUM TEMPERATURE (F)   38        21      1936


SUNRISE AND SUNSET
OCTOBER 28 2020.......SUNRISE   7:28 AM EDT   SUNSET   6:02 PM EDT
OCTOBER 29 2020.......SUNRISE   7:29 AM EDT   SUNSET   6:01 PM EDT


-  INDICATES NEGATIVE NUMBERS.
R  INDICATES RECORD WAS SET OR TIED.
MM INDICATES DATA IS MISSING.
T  INDICATES TRACE AMOUNT.




$$
