000
CDUS41 KPHI 230555
CLIABE


CLIMATE REPORT
NATIONAL WEATHER SERVICE MOUNT HOLLY NJ
1253 AM EST FRI FEB 23 2018


...................................

...THE ALLENTOWN PA CLIMATE SUMMARY FOR FEBRUARY 22 2018...

CLIMATE NORMAL PERIOD 1981 TO 2010
CLIMATE RECORD PERIOD 1922 TO 2018


WEATHER ITEM   OBSERVED TIME   RECORD YEAR NORMAL DEPARTURE LAST
                VALUE   (LST)  VALUE       VALUE  FROM      YEAR
                                                  NORMAL
..................................................................
TEMPERATURE (F)
 YESTERDAY
  MAXIMUM         53   1200 AM  68    1974  42     11       61
  MINIMUM         37   1159 PM   2    1968  23     14       40
  AVERAGE         45                        32     13       51

PRECIPITATION (IN)
  YESTERDAY        0.37          0.90 2003   0.10   0.27      T
  MONTH TO DATE    4.35                      2.11   2.24     1.20
  SINCE DEC 1      9.40                      8.72   0.68     7.02
  SINCE JAN 1      7.52                      5.14   2.38     4.59

SNOWFALL (IN)
  YESTERDAY        0.0           8.6  1948   0.4   -0.4      0.0
  MONTH TO DATE    9.4                       9.1    0.3      7.1
  SINCE DEC 1     25.3                      24.3    1.0     10.0
  SINCE JUL 1     25.3                      25.0    0.3     10.0
  SNOW DEPTH       0

DEGREE DAYS
 HEATING
  YESTERDAY       20                        33    -13       14
  MONTH TO DATE  623                       768   -145      620
  SINCE DEC 1   2781                      2938   -157     2500
  SINCE JUL 1   3694                      4118   -424     3405

 COOLING
  YESTERDAY        0                         0      0        0
  MONTH TO DATE    0                         0      0        0
  SINCE DEC 1      0                         0      0        0
  SINCE JAN 1      0                         0      0        0
..................................................................


WIND (MPH)
  HIGHEST WIND SPEED    18   HIGHEST WIND DIRECTION    NE (60)
  HIGHEST GUST SPEED    24   HIGHEST GUST DIRECTION    NE (30)
  AVERAGE WIND SPEED     9.9


SKY COVER
  POSSIBLE SUNSHINE  MM
  AVERAGE SKY COVER 1.0


WEATHER CONDITIONS
 THE FOLLOWING WEATHER WAS RECORDED YESTERDAY.
  RAIN
  LIGHT RAIN
  FOG


RELATIVE HUMIDITY (PERCENT)
 HIGHEST    85           200 PM
 LOWEST     48           200 AM
 AVERAGE    67

..........................................................


THE ALLENTOWN PA CLIMATE NORMALS FOR TODAY
                         NORMAL    RECORD    YEAR
 MAXIMUM TEMPERATURE (F)   42        72      2017
 MINIMUM TEMPERATURE (F)   23         2      1972


SUNRISE AND SUNSET
FEBRUARY 23 2018......SUNRISE   644 AM EST   SUNSET   546 PM EST
FEBRUARY 24 2018......SUNRISE   643 AM EST   SUNSET   547 PM EST


-  INDICATES NEGATIVE NUMBERS.
R  INDICATES RECORD WAS SET OR TIED.
MM INDICATES DATA IS MISSING.
T  INDICATES TRACE AMOUNT.




$$
