122
CDUS44 KSJT 210725
CLIABI


CLIMATE REPORT
NATIONAL WEATHER SERVICE SAN ANGELO TX
225 AM CDT MON OCT 21 2019


...................................

...THE ABILENE CLIMATE SUMMARY FOR OCTOBER 20 2019...

CLIMATE NORMAL PERIOD 1981 TO 2010
CLIMATE RECORD PERIOD 1886 TO 2019


WEATHER ITEM   OBSERVED TIME   RECORD YEAR NORMAL DEPARTURE LAST
                VALUE   (LST)  VALUE       VALUE  FROM      YEAR
                                                  NORMAL
..................................................................
TEMPERATURE (F)
 YESTERDAY
  MAXIMUM         94R   336 PM  93    1979  76     18       71
  MINIMUM         52    203 AM  29    1976  53     -1       50
  AVERAGE         73                        65      8       61

PRECIPITATION (IN)
  YESTERDAY        0.00          1.73 1983   0.10  -0.10     0.00
  MONTH TO DATE    0.22                      1.98  -1.76     9.81
  SINCE SEP 1      1.05                      4.22  -3.17    15.56
  SINCE JAN 1     20.03                     21.18  -1.15    27.72

SNOWFALL (IN)
  YESTERDAY        0.0           0.0  2002   0.0    0.0      0.0
  MONTH TO DATE    0.0                       0.0    0.0      0.0
  SINCE NOV 1      3.1                       4.7   -1.6      0.5
  SINCE JUL 1      0.0                       0.0    0.0      0.0

DEGREE DAYS
 HEATING
  YESTERDAY        0                         3     -3        4
  MONTH TO DATE   35                        42     -7      107
  SINCE SEP 1     35                        53    -18      112
  SINCE JUL 1     35                        53    -18      112

 COOLING
  YESTERDAY        8                         3      5        0
  MONTH TO DATE  163                        92     71       97
  SINCE SEP 1    739                       418    321      382
  SINCE JAN 1   2896                      2363    533     2721
..................................................................


WIND (MPH)
  HIGHEST WIND SPEED    30   HIGHEST WIND DIRECTION     S (200)
  HIGHEST GUST SPEED    37   HIGHEST GUST DIRECTION     S (200)
  AVERAGE WIND SPEED    13.3


SKY COVER
  POSSIBLE SUNSHINE  MM
  AVERAGE SKY COVER 0.1


WEATHER CONDITIONS
 THE FOLLOWING WEATHER WAS RECORDED YESTERDAY.
  THUNDERSTORM


RELATIVE HUMIDITY (PERCENT)
 HIGHEST    71           200 AM
 LOWEST     17           300 PM
 AVERAGE    44

..........................................................


THE ABILENE CLIMATE NORMALS FOR TODAY
                         NORMAL    RECORD    YEAR
 MAXIMUM TEMPERATURE (F)   76        93      1979
                                             1933
 MINIMUM TEMPERATURE (F)   53        34      1917


SUNRISE AND SUNSET
OCTOBER 21 2019.......SUNRISE   747 AM CDT   SUNSET   659 PM CDT
OCTOBER 22 2019.......SUNRISE   748 AM CDT   SUNSET   658 PM CDT


-  INDICATES NEGATIVE NUMBERS.
R  INDICATES RECORD WAS SET OR TIED.
MM INDICATES DATA IS MISSING.
T  INDICATES TRACE AMOUNT.




$$
