000
CDUS44 KSJT 221034
CLIABI

CLIMATE REPORT...CORRECTED
NATIONAL WEATHER SERVICE SAN ANGELO TX
533 AM CDT SAT SEP 22 2018


...................................

...THE ABILENE CLIMATE SUMMARY FOR SEPTEMBER 21 2018...

CLIMATE NORMAL PERIOD 1981 TO 2010
CLIMATE RECORD PERIOD 1886 TO 2018


WEATHER ITEM   OBSERVED TIME   RECORD YEAR NORMAL DEPARTURE LAST
                VALUE   (LST)  VALUE       VALUE  FROM      YEAR
                                                  NORMAL
..................................................................
TEMPERATURE (F)
 YESTERDAY
  MAXIMUM         80    152 PM 101    1998  85     20       96
  MINIMUM         62   1151 PM  42    1983  62      0       75
  AVERAGE         71                        74     10       86

PRECIPITATION (IN)
  YESTERDAY        0.99          1.72 1900   0.07   0.92     0.00
  MONTH TO DATE    5.55                      1.58   3.97      T
  SINCE SEP 1      5.55                      1.58   3.97      T
  SINCE JAN 1     17.71                     18.54  -0.83    14.45

DEGREE DAYS
 HEATING
  YESTERDAY        0                         1     -1        0
  MONTH TO DATE    0                         2     -2        0
  SINCE SEP 1      0                         2     -2        0
  SINCE JUL 1      0                         2     -2        0

 COOLING
  YESTERDAY       19                         9     10       21
  MONTH TO DATE  243                       256    -13      273
  SINCE SEP 1    243                       256    -13      273
  SINCE JAN 1   2582                      2201    381     2189
..................................................................


WIND (MPH)
  HIGHEST WIND SPEED    29   HIGHEST WIND DIRECTION     N (340)
  HIGHEST GUST SPEED    34   HIGHEST GUST DIRECTION     N (20)
  AVERAGE WIND SPEED    13.3


SKY COVER
  POSSIBLE SUNSHINE  MM
  AVERAGE SKY COVER 0.9


WEATHER CONDITIONS
 THE FOLLOWING WEATHER WAS RECORDED YESTERDAY.
  HEAVY RAIN
  RAIN
  LIGHT RAIN
  FOG


RELATIVE HUMIDITY (PERCENT)
 HIGHEST   100           400 AM
 LOWEST     74           300 PM
 AVERAGE    87

..........................................................


THE ABILENE CLIMATE NORMALS FOR TODAY
                         NORMAL    RECORD    YEAR
 MAXIMUM TEMPERATURE (F)   85        99      2000
                                             1926
 MINIMUM TEMPERATURE (F)   62        44      1995


SUNRISE AND SUNSET
SEPTEMBER 22 2018.....SUNRISE   727 AM CDT   SUNSET   735 PM CDT
SEPTEMBER 23 2018.....SUNRISE   728 AM CDT   SUNSET   734 PM CDT


-  INDICATES NEGATIVE NUMBERS.
R  INDICATES RECORD WAS SET OR TIED.
MM INDICATES DATA IS MISSING.
T  INDICATES TRACE AMOUNT.




$$
