000
CDUS44 KSJT 190801
CLIABI


CLIMATE REPORT
NATIONAL WEATHER SERVICE SAN ANGELO TX
258 AM CDT TUE JUN 19 2018


...................................

...THE ABILENE CLIMATE SUMMARY FOR JUNE 18 2018...

CLIMATE NORMAL PERIOD 1981 TO 2010
CLIMATE RECORD PERIOD 1886 TO 2018


WEATHER ITEM   OBSERVED TIME   RECORD YEAR NORMAL DEPARTURE LAST
                VALUE   (LST)  VALUE       VALUE  FROM      YEAR
                                                  NORMAL
..................................................................
TEMPERATURE (F)
 YESTERDAY
  MAXIMUM         92    158 PM 107    2011  91      1       95
  MINIMUM         72    538 AM  52    1912  69      3       74
  AVERAGE         82                        80      2       85

PRECIPITATION (IN)
  YESTERDAY        0.00          3.76 1926   0.11  -0.11      T
  MONTH TO DATE    2.35                      2.41  -0.06     1.28
  SINCE JUN 1      2.35                      2.41  -0.06     1.28
  SINCE JAN 1      8.46                     11.35  -2.89     9.15

DEGREE DAYS
 HEATING
  YESTERDAY        0                         0      0        0
  MONTH TO DATE    0                         0      0        0
  SINCE JUN 1      0                         0      0        0
  SINCE JUL 1   2583                      2558     25     1826

 COOLING
  YESTERDAY       17                        15      2       20
  MONTH TO DATE  328                       244     84      254
  SINCE JUN 1    328                       244     84      254
  SINCE JAN 1    859                       641    218      673
..................................................................


WIND (MPH)
  HIGHEST WIND SPEED    21   HIGHEST WIND DIRECTION     E (100)
  HIGHEST GUST SPEED    26   HIGHEST GUST DIRECTION     E (100)
  AVERAGE WIND SPEED    12.0


SKY COVER
  POSSIBLE SUNSHINE  MM
  AVERAGE SKY COVER 0.1


WEATHER CONDITIONS
 THE FOLLOWING WEATHER WAS RECORDED YESTERDAY.
  NO SIGNIFICANT WEATHER WAS OBSERVED.


RELATIVE HUMIDITY (PERCENT)
 HIGHEST    87           400 AM
 LOWEST     44           300 PM
 AVERAGE    66

..........................................................


THE ABILENE CLIMATE NORMALS FOR TODAY
                         NORMAL    RECORD    YEAR
 MAXIMUM TEMPERATURE (F)   91       107      2011
 MINIMUM TEMPERATURE (F)   69        52      1912


SUNRISE AND SUNSET
JUNE 19 2018..........SUNRISE   632 AM CDT   SUNSET   849 PM CDT
JUNE 20 2018..........SUNRISE   632 AM CDT   SUNSET   849 PM CDT


-  INDICATES NEGATIVE NUMBERS.
R  INDICATES RECORD WAS SET OR TIED.
MM INDICATES DATA IS MISSING.
T  INDICATES TRACE AMOUNT.




$$
