000
CDUS44 KSJT 170732
CLIABI


CLIMATE REPORT
NATIONAL WEATHER SERVICE SAN ANGELO TX
130 AM CST MON DEC 17 2018


...................................

...THE ABILENE CLIMATE SUMMARY FOR DECEMBER 16 2018...

CLIMATE NORMAL PERIOD 1981 TO 2010
CLIMATE RECORD PERIOD 1886 TO 2018


WEATHER ITEM   OBSERVED TIME   RECORD YEAR NORMAL DEPARTURE LAST
                VALUE   (LST)  VALUE       VALUE  FROM      YEAR
                                                  NORMAL
..................................................................
TEMPERATURE (F)
 YESTERDAY
  MAXIMUM         63    156 PM  83    1908  56      7       55
  MINIMUM         41   1154 PM   9    1989  33      8       33
  AVERAGE         52                        45      7       44

PRECIPITATION (IN)
  YESTERDAY        0.00          0.98 2001   0.04  -0.04      T
  MONTH TO DATE    2.42                      0.64   1.78      T
  SINCE DEC 1      2.42                      0.64   1.78      T
  SINCE JAN 1     32.70                     24.23   8.47    19.89

SNOWFALL (IN)
  YESTERDAY        0.0           3.0  1983   0.0    0.0      0.0
  MONTH TO DATE    3.0                       0.4    2.6      0.0
  SINCE NOV 1      3.0                       1.1    1.9      0.0
  SINCE JUL 1      3.0                       1.1    1.9       T

DEGREE DAYS
 HEATING
  YESTERDAY       13                        20     -7       21
  MONTH TO DATE  307                       299      8      258
  SINCE DEC 1    307                       299      8      258
  SINCE JUL 1    849                       732    117      653

 COOLING
  YESTERDAY        0                         0      0        0
  MONTH TO DATE    0                         0      0        1
  SINCE DEC 1      0                         0      0        1
  SINCE JAN 1   2756                      2408    348     2425
..................................................................


WIND (MPH)
  HIGHEST WIND SPEED    14   HIGHEST WIND DIRECTION     S (180)
  HIGHEST GUST SPEED    17   HIGHEST GUST DIRECTION    NW (300)
  AVERAGE WIND SPEED     5.3


SKY COVER
  POSSIBLE SUNSHINE  MM
  AVERAGE SKY COVER 0.0


WEATHER CONDITIONS
 THE FOLLOWING WEATHER WAS RECORDED YESTERDAY.
  NO SIGNIFICANT WEATHER WAS OBSERVED.


RELATIVE HUMIDITY (PERCENT)
 HIGHEST    76          1100 PM
 LOWEST     30           100 PM
 AVERAGE    53

..........................................................


THE ABILENE CLIMATE NORMALS FOR TODAY
                         NORMAL    RECORD    YEAR
 MAXIMUM TEMPERATURE (F)   56        78      1962
 MINIMUM TEMPERATURE (F)   33        16      2016
                                             1887


SUNRISE AND SUNSET
DECEMBER 17 2018......SUNRISE   734 AM CST   SUNSET   536 PM CST
DECEMBER 18 2018......SUNRISE   735 AM CST   SUNSET   536 PM CST


-  INDICATES NEGATIVE NUMBERS.
R  INDICATES RECORD WAS SET OR TIED.
MM INDICATES DATA IS MISSING.
T  INDICATES TRACE AMOUNT.




$$
