000
CDUS44 KSJT 220725
CLIABI

CLIMATE REPORT
NATIONAL WEATHER SERVICE SAN ANGELO TX
225 AM CDT THU OCT 22 2020

...................................

...THE ABILENE CLIMATE SUMMARY FOR OCTOBER 21 2020...

CLIMATE NORMAL PERIOD: 1981 TO 2010
CLIMATE RECORD PERIOD: 1886 TO 2020


WEATHER ITEM   OBSERVED TIME   RECORD YEAR NORMAL DEPARTURE LAST
                VALUE   (LST)  VALUE       VALUE  FROM      YEAR
                                                  NORMAL
...................................................................
TEMPERATURE (F)
 YESTERDAY
  MAXIMUM         87   3:45 PM  93    1933  76     11       74
                                      1979
  MINIMUM         64   7:08 AM  34    1917  53     11       43
  AVERAGE         76                        64     12       59

PRECIPITATION (IN)
  YESTERDAY        0.00          1.93 1972   0.10  -0.10     0.00
  MONTH TO DATE    0.00                      2.08  -2.08     0.22
  SINCE SEP 1      5.51                      4.32   1.19     1.05
  SINCE JAN 1     23.07                     21.28   1.79    20.03

SNOWFALL (IN)
  YESTERDAY        0.0           0.0  2002   0.0    0.0      0.0
  MONTH TO DATE    0.0                       0.0    0.0      0.0
  SINCE SEP 1      0.0                       0.0    0.0      0.0
  SINCE JUL 1      0.0                       0.0    0.0      0.0

DEGREE DAYS
 HEATING
  YESTERDAY        0                         3     -3        6
  MONTH TO DATE   16                        45    -29       41
  SINCE SEP 1     48                        56     -8       41
  SINCE JUL 1     48                        56     -8       41

 COOLING
  YESTERDAY       11                         3      8        0
  MONTH TO DATE  143                        95     48      163
  SINCE SEP 1    406                       421    -15      739
  SINCE JAN 1   2721                      2366    355     2896
...................................................................


WIND (MPH)
  HIGHEST WIND SPEED    23   HIGHEST WIND DIRECTION     S (160)
  HIGHEST GUST SPEED    32   HIGHEST GUST DIRECTION    SE (150)
  AVERAGE WIND SPEED    15.0


SKY COVER
  POSSIBLE SUNSHINE  MM
  AVERAGE SKY COVER 0.0


WEATHER CONDITIONS
THE FOLLOWING WEATHER WAS RECORDED YESTERDAY.
  NO SIGNIFICANT WEATHER WAS OBSERVED.


RELATIVE HUMIDITY (PERCENT)
 HIGHEST    90           7:00 AM
 LOWEST     39           4:00 PM
 AVERAGE    65

..........................................................


THE ABILENE CLIMATE NORMALS FOR TODAY
                         NORMAL    RECORD    YEAR
 MAXIMUM TEMPERATURE (F)   76        91      1934
 MINIMUM TEMPERATURE (F)   53        32      1911
                                             1990


SUNRISE AND SUNSET
OCTOBER 22 2020.......SUNRISE   7:48 AM CDT   SUNSET   6:57 PM CDT
OCTOBER 23 2020.......SUNRISE   7:49 AM CDT   SUNSET   6:56 PM CDT


-  INDICATES NEGATIVE NUMBERS.
R  INDICATES RECORD WAS SET OR TIED.
MM INDICATES DATA IS MISSING.
T  INDICATES TRACE AMOUNT.




$$
