000
CDUS44 KSJT 230755
CLIABI


CLIMATE REPORT
NATIONAL WEATHER SERVICE SAN ANGELO TX
155 AM CST FRI FEB 23 2018


...................................

...THE ABILENE CLIMATE SUMMARY FOR FEBRUARY 22 2018...

CLIMATE NORMAL PERIOD 1981 TO 2010
CLIMATE RECORD PERIOD 1886 TO 2018


WEATHER ITEM   OBSERVED TIME   RECORD YEAR NORMAL DEPARTURE LAST
                VALUE   (LST)  VALUE       VALUE  FROM      YEAR
                                                  NORMAL
..................................................................
TEMPERATURE (F)
 YESTERDAY
  MAXIMUM         32   1159 PM  93    1996  62    -30       87
  MINIMUM         25    137 AM  16    1894  38    -13       46
  AVERAGE         29                        50    -21       67

PRECIPITATION (IN)
  YESTERDAY        T             1.13 2015   0.05  -0.05     0.00
  MONTH TO DATE    2.40                      1.05   1.35     1.45
  SINCE DEC 1      3.45                      3.30   0.15     4.77
  SINCE JAN 1      2.40                      2.07   0.33     3.38

SNOWFALL (IN)
  YESTERDAY        0.0           0.6  1968   0.0    0.0      0.0
  MONTH TO DATE    0.5                       0.6   -0.1      0.0
  SINCE NOV 1      0.5                       3.9   -3.4       T
  SINCE JUL 1      0.5                       3.9   -3.4       T

DEGREE DAYS
 HEATING
  YESTERDAY       36                        15     21        0
  MONTH TO DATE  423                       379     44      231
  SINCE DEC 1   1736                      1615    121     1345
  SINCE JUL 1   2131                      2048     83     1536

 COOLING
  YESTERDAY        0                         0      0        2
  MONTH TO DATE   12                         0     12       16
  SINCE DEC 1     13                         2     11       19
  SINCE JAN 1     12                         1     11       19
..................................................................


WIND (MPH)
  HIGHEST WIND SPEED    16   HIGHEST WIND DIRECTION     N (360)
  HIGHEST GUST SPEED    19   HIGHEST GUST DIRECTION     N (360)
  AVERAGE WIND SPEED     5.3


SKY COVER
  POSSIBLE SUNSHINE  MM
  AVERAGE SKY COVER 1.0


WEATHER CONDITIONS
 THE FOLLOWING WEATHER WAS RECORDED YESTERDAY.
  LT FREEZING RAIN
  FOG
  FOG W/VISIBILITY <= 1/4 MILE


RELATIVE HUMIDITY (PERCENT)
 HIGHEST   100          1200 AM
 LOWEST     92           200 AM
 AVERAGE    96

..........................................................


THE ABILENE CLIMATE NORMALS FOR TODAY
                         NORMAL    RECORD    YEAR
 MAXIMUM TEMPERATURE (F)   62        89      2017
                                             1918
 MINIMUM TEMPERATURE (F)   39        13      1901


SUNRISE AND SUNSET
FEBRUARY 23 2018......SUNRISE   713 AM CST   SUNSET   631 PM CST
FEBRUARY 24 2018......SUNRISE   712 AM CST   SUNSET   632 PM CST


-  INDICATES NEGATIVE NUMBERS.
R  INDICATES RECORD WAS SET OR TIED.
MM INDICATES DATA IS MISSING.
T  INDICATES TRACE AMOUNT.




$$
