000
CDUS44 KSJT 260748
CLIABI


CLIMATE REPORT
NATIONAL WEATHER SERVICE SAN ANGELO TX
248 AM CDT TUE MAY 26 2020


...................................

...THE ABILENE CLIMATE SUMMARY FOR MAY 25 2020...

CLIMATE NORMAL PERIOD 1981 TO 2010
CLIMATE RECORD PERIOD 1886 TO 2020


WEATHER ITEM   OBSERVED TIME   RECORD YEAR NORMAL DEPARTURE LAST
                VALUE   (LST)  VALUE       VALUE  FROM      YEAR
                                                  NORMAL
..................................................................
TEMPERATURE (F)
 YESTERDAY
  MAXIMUM         81    408 PM 102    1989  87     -6       86
  MINIMUM         63    455 AM  46    1947  64     -1       71
  AVERAGE         72                        75     -3       79

PRECIPITATION (IN)
  YESTERDAY        0.22          1.54 1919   0.12   0.10      T
  MONTH TO DATE    1.39                      2.42  -1.03     5.28
  SINCE MAR 1      6.85                      5.80   1.05    11.30
  SINCE JAN 1     11.90                      8.18   3.72    12.40

DEGREE DAYS
 HEATING
  YESTERDAY        0                         0      0        0
  MONTH TO DATE    5                        13     -8       33
  SINCE MAR 1    301                       422   -121      455
  SINCE JUL 1   2299                      2555   -256     2551

 COOLING
  YESTERDAY        7                        11     -4       14
  MONTH TO DATE  301                       198    103      165
  SINCE MAR 1    467                       326    141      314
  SINCE JAN 1    468                       331    137      327
..................................................................


WIND (MPH)
  HIGHEST WIND SPEED    40   HIGHEST WIND DIRECTION    SE (120)
  HIGHEST GUST SPEED    49   HIGHEST GUST DIRECTION    SE (120)
  AVERAGE WIND SPEED    10.4


SKY COVER
  POSSIBLE SUNSHINE  MM
  AVERAGE SKY COVER 0.6


WEATHER CONDITIONS
 THE FOLLOWING WEATHER WAS RECORDED YESTERDAY.
  THUNDERSTORM
  LIGHT RAIN
  FOG


RELATIVE HUMIDITY (PERCENT)
 HIGHEST    93           100 AM
 LOWEST     45           500 PM
 AVERAGE    69

..........................................................


THE ABILENE CLIMATE NORMALS FOR TODAY
                         NORMAL    RECORD    YEAR
 MAXIMUM TEMPERATURE (F)   87       102      2018
 MINIMUM TEMPERATURE (F)   64        48      1901


SUNRISE AND SUNSET
MAY 26 2020...........SUNRISE   634 AM CDT   SUNSET   838 PM CDT
MAY 27 2020...........SUNRISE   634 AM CDT   SUNSET   838 PM CDT


-  INDICATES NEGATIVE NUMBERS.
R  INDICATES RECORD WAS SET OR TIED.
MM INDICATES DATA IS MISSING.
T  INDICATES TRACE AMOUNT.




$$
