000
CDUS45 KABQ 220834
CLIABQ


CLIMATE REPORT
NATIONAL WEATHER SERVICE ALBUQUERQUE NM
227 AM MDT THU OCT 22 2020


...................................

...THE ALBUQUERQUE  NM CLIMATE SUMMARY FOR OCTOBER 21 2020...

CLIMATE NORMAL PERIOD 1981 TO 2010
CLIMATE RECORD PERIOD 1891 TO 2020


WEATHER ITEM   OBSERVED TIME   RECORD YEAR NORMAL DEPARTURE LAST
                VALUE   (LST)  VALUE       VALUE  FROM      YEAR
                                                  NORMAL
..................................................................
TEMPERATURE (F)
 YESTERDAY
  MAXIMUM         80    353 PM  81    2003  67     13       61
                                      1954
                                      1915
  MINIMUM         46    628 AM  20    1910  44      2       36
  AVERAGE         63                        56      7       49

PRECIPITATION (IN)
  YESTERDAY        0.00          0.60 1978   0.03  -0.03
  MONTH TO DATE    0.00                      0.77  -0.77
  SINCE SEP 1      0.62                      1.85  -1.23
  SINCE JAN 1      5.30                      8.13  -2.83

SNOWFALL (IN)
  YESTERDAY        0.0
  MONTH TO DATE    0.0
  SINCE SEP 1      0.0
  SINCE JUL 1      0.0
  SNOW DEPTH       0

DEGREE DAYS
 HEATING
  YESTERDAY        2                         9     -7       16
  MONTH TO DATE   20                       125   -105      116
  SINCE SEP 1     77                       151    -74      116
  SINCE JUL 1     77                       151    -74      116

 COOLING
  YESTERDAY        0                         0      0        0
  MONTH TO DATE   28                         7     21       10
  SINCE SEP 1    212                       162     50      265
  SINCE JAN 1   1738                      1319    419     1529
..................................................................


WIND (MPH)
  HIGHEST WIND SPEED    12   HIGHEST WIND DIRECTION     S (190)
  HIGHEST GUST SPEED    18   HIGHEST GUST DIRECTION    SW (240)
  AVERAGE WIND SPEED     4.8


SKY COVER
  POSSIBLE SUNSHINE  MM
  AVERAGE SKY COVER 0.2


WEATHER CONDITIONS
 THE FOLLOWING WEATHER WAS RECORDED YESTERDAY.
  NO SIGNIFICANT WEATHER WAS OBSERVED.


RELATIVE HUMIDITY (PERCENT)
 HIGHEST    29           600 AM
 LOWEST      7           500 PM
 AVERAGE    18

..........................................................


THE ALBUQUERQUE  NM CLIMATE NORMALS FOR TODAY
                         NORMAL    RECORD    YEAR
 MAXIMUM TEMPERATURE (F)   67        82      1915
 MINIMUM TEMPERATURE (F)   44        21      1911


SUNRISE AND SUNSET
OCTOBER 22 2020.......SUNRISE   719 AM MDT   SUNSET   622 PM MDT
OCTOBER 23 2020.......SUNRISE   720 AM MDT   SUNSET   621 PM MDT


-  INDICATES NEGATIVE NUMBERS.
R  INDICATES RECORD WAS SET OR TIED.
MM INDICATES DATA IS MISSING.
T  INDICATES TRACE AMOUNT.




$$
