810
CDUS45 KABQ 230831
CLIABQ


CLIMATE REPORT
NATIONAL WEATHER SERVICE ALBUQUERQUE NM
231 AM MDT WED OCT 23 2019


...................................

...THE ALBUQUERQUE  NM CLIMATE SUMMARY FOR OCTOBER 22 2019...

CLIMATE NORMAL PERIOD 1981 TO 2010
CLIMATE RECORD PERIOD 1891 TO 2019


WEATHER ITEM   OBSERVED TIME   RECORD YEAR NORMAL DEPARTURE LAST
                VALUE   (LST)  VALUE       VALUE  FROM      YEAR
                                                  NORMAL
..................................................................
TEMPERATURE (F)
 YESTERDAY
  MAXIMUM         66    458 PM  82    1915  67     -1       69
  MINIMUM         36    621 AM  21    1911  44     -8       51
  AVERAGE         51                        55     -4       60

PRECIPITATION (IN)
  YESTERDAY        0.00          1.74 1969   0.03  -0.03
  MONTH TO DATE    0.58                      0.80  -0.22
  SINCE SEP 1      1.03                      1.88  -0.85
  SINCE JAN 1      6.48                      8.16  -1.68

SNOWFALL (IN)
  YESTERDAY        0.0
  MONTH TO DATE    0.0
  SINCE SEP 1      0.0
  SINCE JUL 1      0.0
  SNOW DEPTH       0

DEGREE DAYS
 HEATING
  YESTERDAY       14                        10      4        5
  MONTH TO DATE  130                       135     -5      176
  SINCE SEP 1    130                       161    -31      178
  SINCE JUL 1    130                       161    -31      178

 COOLING
  YESTERDAY        0                         0      0        0
  MONTH TO DATE   10                         7      3       23
  SINCE SEP 1    265                       162    103      246
  SINCE JAN 1   1529                      1319    210     1732
..................................................................


WIND (MPH)
  HIGHEST WIND SPEED    10   HIGHEST WIND DIRECTION    NW (310)
  HIGHEST GUST SPEED    13   HIGHEST GUST DIRECTION    NW (320)
  AVERAGE WIND SPEED     4.3


SKY COVER
  POSSIBLE SUNSHINE  MM
  AVERAGE SKY COVER 0.0


WEATHER CONDITIONS
 THE FOLLOWING WEATHER WAS RECORDED YESTERDAY.
  HAZE


RELATIVE HUMIDITY (PERCENT)
 HIGHEST    38          1100 PM
 LOWEST     19           300 PM
 AVERAGE    29

..........................................................


THE ALBUQUERQUE  NM CLIMATE NORMALS FOR TODAY
                         NORMAL    RECORD    YEAR
 MAXIMUM TEMPERATURE (F)   66        80      2016
                                             2003
                                             1959
 MINIMUM TEMPERATURE (F)   43        19      1908


SUNRISE AND SUNSET
OCTOBER 23 2019.......SUNRISE   719 AM MDT   SUNSET   622 PM MDT
OCTOBER 24 2019.......SUNRISE   720 AM MDT   SUNSET   621 PM MDT


-  INDICATES NEGATIVE NUMBERS.
R  INDICATES RECORD WAS SET OR TIED.
MM INDICATES DATA IS MISSING.
T  INDICATES TRACE AMOUNT.




$$
