000
CDUS45 KABQ 190839
CLIABQ


CLIMATE REPORT
NATIONAL WEATHER SERVICE ALBUQUERQUE NM
238 AM MDT TUE JUN 19 2018


...................................

...THE ALBUQUERQUE  NM CLIMATE SUMMARY FOR JUNE 18 2018...

CLIMATE NORMAL PERIOD 1981 TO 2010
CLIMATE RECORD PERIOD 1891 TO 2018


WEATHER ITEM   OBSERVED TIME   RECORD YEAR NORMAL DEPARTURE LAST
                VALUE   (LST)  VALUE       VALUE  FROM      YEAR
                                                  NORMAL
..................................................................
TEMPERATURE (F)
 YESTERDAY
  MAXIMUM         87    704 PM 101    1974  89     -2       97
  MINIMUM         62    514 AM  45    1905  63     -1       67
  AVERAGE         75                        76     -1       82

PRECIPITATION (IN)
  YESTERDAY        0.00          0.56 1959   0.03  -0.03
  MONTH TO DATE    1.40                      0.30   1.10
  SINCE JUN 1      1.40                      0.30   1.10
  SINCE JAN 1      2.24                      2.84  -0.60

SNOWFALL (IN)
  YESTERDAY        0.0
  MONTH TO DATE    0.0
  SINCE JUN 1      0.0
  SINCE JUL 1      0.3
  SNOW DEPTH       0

DEGREE DAYS
 HEATING
  YESTERDAY        0                         0      0        0
  MONTH TO DATE    0                         0      0        0
  SINCE JUN 1      0                         0      0        0
  SINCE JUL 1   3329                      4175   -846     3300

 COOLING
  YESTERDAY       10                        11     -1       17
  MONTH TO DATE  225                       154     71      202
  SINCE JUN 1    225                       154     71      202
  SINCE JAN 1    421                       252    169      281
..................................................................


WIND (MPH)
  HIGHEST WIND SPEED    17   HIGHEST WIND DIRECTION     S (180)
  HIGHEST GUST SPEED    21   HIGHEST GUST DIRECTION     S (180)
  AVERAGE WIND SPEED     6.0


SKY COVER
  POSSIBLE SUNSHINE  MM
  AVERAGE SKY COVER 0.1


WEATHER CONDITIONS
 THE FOLLOWING WEATHER WAS RECORDED YESTERDAY.
  NO SIGNIFICANT WEATHER WAS OBSERVED.


RELATIVE HUMIDITY (PERCENT)
 HIGHEST    56           500 AM
 LOWEST     21           500 PM
 AVERAGE    39

..........................................................


THE ALBUQUERQUE  NM CLIMATE NORMALS FOR TODAY
                         NORMAL    RECORD    YEAR
 MAXIMUM TEMPERATURE (F)   90       103      2016
                                             1989
                                             1974
 MINIMUM TEMPERATURE (F)   63        46      1939


SUNRISE AND SUNSET
JUNE 19 2018..........SUNRISE   552 AM MDT   SUNSET   823 PM MDT
JUNE 20 2018..........SUNRISE   553 AM MDT   SUNSET   824 PM MDT


-  INDICATES NEGATIVE NUMBERS.
R  INDICATES RECORD WAS SET OR TIED.
MM INDICATES DATA IS MISSING.
T  INDICATES TRACE AMOUNT.




$$
