833
CDUS45 KABQ 210831
CLIABQ


CLIMATE REPORT
NATIONAL WEATHER SERVICE ALBUQUERQUE NM
228 AM MDT FRI SEP 21 2018


...................................

...THE ALBUQUERQUE  NM CLIMATE SUMMARY FOR SEPTEMBER 20 2018...

CLIMATE NORMAL PERIOD 1981 TO 2010
CLIMATE RECORD PERIOD 1891 TO 2018


WEATHER ITEM   OBSERVED TIME   RECORD YEAR NORMAL DEPARTURE LAST
                VALUE   (LST)  VALUE       VALUE  FROM      YEAR
                                                  NORMAL
..................................................................
TEMPERATURE (F)
 YESTERDAY
  MAXIMUM         75    520 PM  93    1956  79     -4       85
  MINIMUM         59    728 AM  34    1912  56      3       57
  AVERAGE         67                        68     -1       71

PRECIPITATION (IN)
  YESTERDAY        0.07          0.95 1974   0.03   0.04
  MONTH TO DATE    0.69                      0.71  -0.02
  SINCE SEP 1      0.69                      0.71  -0.02
  SINCE JAN 1      6.09                      6.99  -0.90

SNOWFALL (IN)
  YESTERDAY        0.0
  MONTH TO DATE    0.0
  SINCE SEP 1      0.0
  SINCE JUL 1      T
  SNOW DEPTH       0

DEGREE DAYS
 HEATING
  YESTERDAY        0                         1     -1        0
  MONTH TO DATE    0                         6     -6        0
  SINCE SEP 1      0                         6     -6        0
  SINCE JUL 1      0                         6     -6        0

 COOLING
  YESTERDAY        2                         4     -2        6
  MONTH TO DATE  178                       131     47      198
  SINCE SEP 1    178                       131     47      198
  SINCE JAN 1   1664                      1288    376     1508
..................................................................


WIND (MPH)
  HIGHEST WIND SPEED    17   HIGHEST WIND DIRECTION     N (350)
  HIGHEST GUST SPEED    21   HIGHEST GUST DIRECTION     N (360)
  AVERAGE WIND SPEED     6.8


SKY COVER
  POSSIBLE SUNSHINE  MM
  AVERAGE SKY COVER 0.7


WEATHER CONDITIONS
 THE FOLLOWING WEATHER WAS RECORDED YESTERDAY.
  LIGHT RAIN
  FOG


RELATIVE HUMIDITY (PERCENT)
 HIGHEST    90           300 AM
 LOWEST     41           700 PM
 AVERAGE    66

..........................................................


THE ALBUQUERQUE  NM CLIMATE NORMALS FOR TODAY
                         NORMAL    RECORD    YEAR
 MAXIMUM TEMPERATURE (F)   79        91      1966
                                             1944
                                             1926
 MINIMUM TEMPERATURE (F)   56        32      1912


SUNRISE AND SUNSET
SEPTEMBER 21 2018.....SUNRISE   654 AM MDT   SUNSET   705 PM MDT
SEPTEMBER 22 2018.....SUNRISE   655 AM MDT   SUNSET   703 PM MDT


-  INDICATES NEGATIVE NUMBERS.
R  INDICATES RECORD WAS SET OR TIED.
MM INDICATES DATA IS MISSING.
T  INDICATES TRACE AMOUNT.




$$
