000
CDUS45 KABQ 120019
CLIABQ


CLIMATE REPORT
NATIONAL WEATHER SERVICE ALBUQUERQUE NM
518 PM MST TUE DEC 11 2018


...................................

...THE ALBUQUERQUE  NM CLIMATE SUMMARY FOR DECEMBER 11 2018...
VALID TODAY AS OF 0500 PM LOCAL TIME.

CLIMATE NORMAL PERIOD 1981 TO 2010
CLIMATE RECORD PERIOD 1891 TO 2018


WEATHER ITEM   OBSERVED TIME   RECORD YEAR NORMAL DEPARTURE LAST
                VALUE   (LST)  VALUE       VALUE  FROM      YEAR
                                                  NORMAL
..................................................................
TEMPERATURE (F)
 TODAY
  MAXIMUM         47    307 PM  67    1987  46      1       51
  MINIMUM         30    727 AM   9    1916  27      3       23
  AVERAGE         39                        36      3       37

PRECIPITATION (IN)
  TODAY            0.00          0.56 1991   0.02  -0.02
  MONTH TO DATE    0.08                      0.19  -0.11
  SINCE DEC 1      0.08                      0.19  -0.11
  SINCE JAN 1      8.31                      9.14  -0.83

SNOWFALL (IN)
  TODAY            0.0
  MONTH TO DATE    0.3
  SINCE DEC 1      0.3
  SINCE JUL 1      0.3
  SNOW DEPTH       0

DEGREE DAYS
 HEATING
  TODAY           26                        28     -2       28
  MONTH TO DATE  307                       300      7      265
  SINCE DEC 1    307                       300      7      265
  SINCE JUL 1   1220                      1167     53      834

 COOLING
  TODAY            0                         0      0        0
  MONTH TO DATE    0                         0      0        0
  SINCE DEC 1      0                         0      0        0
  SINCE JAN 1   1732                      1322    410     1557
..................................................................


WIND (MPH)
  HIGHEST WIND SPEED    13   HIGHEST WIND DIRECTION     N (20)
  HIGHEST GUST SPEED    15   HIGHEST GUST DIRECTION     N (360)
  AVERAGE WIND SPEED     5.1


SKY COVER
  POSSIBLE SUNSHINE  MM
  AVERAGE SKY COVER 0.8



RELATIVE HUMIDITY (PERCENT)
 HIGHEST    63           500 AM
 LOWEST     34           300 PM
 AVERAGE    49

..........................................................


THE ALBUQUERQUE  NM CLIMATE NORMALS FOR TOMORROW
                         NORMAL    RECORD    YEAR
 MAXIMUM TEMPERATURE (F)   46        65      1958
 MINIMUM TEMPERATURE (F)   27         6      1912


SUNRISE AND SUNSET
DECEMBER 11 2018......SUNRISE   704 AM MST   SUNSET   455 PM MST
DECEMBER 12 2018......SUNRISE   705 AM MST   SUNSET   455 PM MST


-  INDICATES NEGATIVE NUMBERS.
R  INDICATES RECORD WAS SET OR TIED.
MM INDICATES DATA IS MISSING.
T  INDICATES TRACE AMOUNT.




$$
