000
CDUS45 KABQ 300016
CLIABQ


CLIMATE REPORT
NATIONAL WEATHER SERVICE ALBUQUERQUE NM
616 PM MDT FRI MAY 29 2020


...................................

...THE ALBUQUERQUE  NM CLIMATE SUMMARY FOR MAY 29 2020...
VALID TODAY AS OF 0500 PM LOCAL TIME.

CLIMATE NORMAL PERIOD 1981 TO 2010
CLIMATE RECORD PERIOD 1891 TO 2020


WEATHER ITEM   OBSERVED TIME   RECORD YEAR NORMAL DEPARTURE LAST
                VALUE   (LST)  VALUE       VALUE  FROM      YEAR
                                                  NORMAL
..................................................................
TEMPERATURE (F)
 TODAY
  MAXIMUM         90    245 PM  97    2000  83      7       76
                                      1910
  MINIMUM         65    545 AM  37    1909  56      9       54
  AVERAGE         78                        70      8       65

PRECIPITATION (IN)
  TODAY            0.00          0.70 1907   0.02  -0.02
  MONTH TO DATE    0.04                      0.47  -0.43
  SINCE MAR 1      0.82                      1.65  -0.83
  SINCE JAN 1      1.69                      2.51  -0.82

SNOWFALL (IN)
  TODAY            0.0
  MONTH TO DATE    0.0
  SINCE MAR 1      0.1
  SINCE JUL 1      6.6
  SNOW DEPTH       0

DEGREE DAYS
 HEATING
  TODAY            0                         1     -1        0
  MONTH TO DATE    6                        70    -64      125
  SINCE MAR 1    638                       871   -233      803
  SINCE JUL 1   3931                      4174   -243     4171

 COOLING
  TODAY           13                         5      8        0
  MONTH TO DATE  134                        80     54       22
  SINCE MAR 1    153                        87     66       30
  SINCE JAN 1    153                        87     66       30
..................................................................


WIND (MPH)
  HIGHEST WIND SPEED    26   HIGHEST WIND DIRECTION     E (90)
  HIGHEST GUST SPEED    32   HIGHEST GUST DIRECTION     E (90)
  AVERAGE WIND SPEED    11.5


SKY COVER
  POSSIBLE SUNSHINE  MM
  AVERAGE SKY COVER 0.3



RELATIVE HUMIDITY (PERCENT)
 HIGHEST    37           600 AM
 LOWEST     15           400 PM
 AVERAGE    26

..........................................................


THE ALBUQUERQUE  NM CLIMATE NORMALS FOR TOMORROW
                         NORMAL    RECORD    YEAR
 MAXIMUM TEMPERATURE (F)   84        97      2000
                                             1910
 MINIMUM TEMPERATURE (F)   57        35      1909


SUNRISE AND SUNSET
MAY 29 2020...........SUNRISE   554 AM MDT   SUNSET   814 PM MDT
MAY 30 2020...........SUNRISE   554 AM MDT   SUNSET   814 PM MDT


-  INDICATES NEGATIVE NUMBERS.
R  INDICATES RECORD WAS SET OR TIED.
MM INDICATES DATA IS MISSING.
T  INDICATES TRACE AMOUNT.




$$
