000
CDUS43 KABR 201041
CLIABR


CLIMATE REPORT
NATIONAL WEATHER SERVICE ABERDEEN SD
441 AM CST TUE FEB 20 2018


...................................

...THE ABERDEEN SD CLIMATE SUMMARY FOR FEBRUARY 19 2018...

CLIMATE NORMAL PERIOD 1981 TO 2010
CLIMATE RECORD PERIOD 1893 TO 2018


WEATHER ITEM   OBSERVED TIME   RECORD YEAR NORMAL DEPARTURE LAST
                VALUE   (LST)  VALUE       VALUE  FROM      YEAR
                                                  NORMAL
..................................................................
TEMPERATURE (F)
 YESTERDAY
  MAXIMUM         13    119 PM  62    1930  29    -16       60
  MINIMUM          4   1159 PM -34    1929   9     -5       37
  AVERAGE          9                        19    -10       49

PRECIPITATION (IN)
  YESTERDAY        0.10          0.89 1952   0.02   0.08     0.00
  MONTH TO DATE    0.20                      0.33  -0.13     0.06
  SINCE DEC 1      0.59                      1.32  -0.73     2.35
  SINCE JAN 1      0.24                      0.80  -0.56     0.57

SNOWFALL (IN)
  YESTERDAY        3.0           9.1  1952   0.3    2.7      0.0
  MONTH TO DATE    4.7                       4.4    0.3      0.7
  SINCE OCT 1      9.7                      25.4  -15.7     26.9
  SINCE JUL 1      9.7                      25.4  -15.7     26.9
  SNOW DEPTH       4

DEGREE DAYS
 HEATING
  YESTERDAY       56                        46     10       16
  MONTH TO DATE 1091                       933    158      755
  SINCE DEC 1   4083                      4104    -21     3963
  SINCE JUL 1   5860                      6067   -207     5313

 COOLING
  YESTERDAY        0                         0      0        0
  MONTH TO DATE    0                         0      0        0
  SINCE DEC 1      0                         0      0        0
  SINCE JAN 1      0                         0      0        0
..................................................................


WIND (MPH)
  HIGHEST WIND SPEED    28   HIGHEST WIND DIRECTION     N (10)
  HIGHEST GUST SPEED    35   HIGHEST GUST DIRECTION     N (360)
  AVERAGE WIND SPEED    20.4


SKY COVER
  POSSIBLE SUNSHINE  MM
  AVERAGE SKY COVER 1.0


WEATHER CONDITIONS
 THE FOLLOWING WEATHER WAS RECORDED YESTERDAY.
  SNOW
  LIGHT SNOW
  FOG


RELATIVE HUMIDITY (PERCENT)
 HIGHEST    86          1000 PM
 LOWEST     66          1000 AM
 AVERAGE    76

..........................................................


THE ABERDEEN SD CLIMATE NORMALS FOR TODAY
                         NORMAL    RECORD    YEAR
 MAXIMUM TEMPERATURE (F)   30        61      1930
 MINIMUM TEMPERATURE (F)    9       -30      1918


SUNRISE AND SUNSET
FEBRUARY 20 2018......SUNRISE   727 AM CST   SUNSET   608 PM CST
FEBRUARY 21 2018......SUNRISE   726 AM CST   SUNSET   610 PM CST


-  INDICATES NEGATIVE NUMBERS.
R  INDICATES RECORD WAS SET OR TIED.
MM INDICATES DATA IS MISSING.
T  INDICATES TRACE AMOUNT.




$$
