000
CDUS43 KABR 302243
CLIABR

CLIMATE REPORT
NATIONAL WEATHER SERVICE ABERDEEN SD
543 PM CDT FRI OCT 30 2020

...................................

...THE ABERDEEN SD CLIMATE SUMMARY FOR OCTOBER 30 2020...
VALID TODAY AS OF 0500 PM LOCAL TIME.

CLIMATE NORMAL PERIOD 1981 TO 2010
CLIMATE RECORD PERIOD 1893 TO 2020


WEATHER ITEM   OBSERVED TIME   RECORD YEAR NORMAL DEPARTURE LAST
                VALUE   (LST)  VALUE       VALUE  FROM      YEAR
                                                  NORMAL
...................................................................
TEMPERATURE (F)
 TODAY
  MAXIMUM         47    359 PM  85    1950  50     -3       36
  MINIMUM         21    739 AM   8    1925  27     -6       17
                                      1991
  AVERAGE         34                        38     -4       27

PRECIPITATION (IN)
  TODAY            0.00          1.00 1896   0.04  -0.04     0.00
  MONTH TO DATE    1.27                      1.95  -0.68     2.63
  SINCE SEP 1      2.81                      4.14  -1.33     7.37
  SINCE JAN 1     14.47                     20.43  -5.96    27.79

SNOWFALL (IN)
  TODAY            0.0           6.0  1896   0.0    0.0      0.0
  MONTH TO DATE   10.8                       0.6   10.2      5.0
  SINCE OCT 1     10.8                       0.6   10.2      5.0
  SINCE JUL 1     10.8                       0.6   10.2      5.0
  SNOW DEPTH       T

DEGREE DAYS
 HEATING
  TODAY           31                        27      4       38
  MONTH TO DATE  713                       590    123      710
  SINCE SEP 1    880                       813     67      835
  SINCE JUL 1    880                       864     16      853

 COOLING
  TODAY            0                         0      0        0
  MONTH TO DATE    2                         0      2        0
  SINCE SEP 1     33                        40     -7       68
  SINCE JAN 1    871                       523    348      601
...................................................................


WIND (MPH)
  HIGHEST WIND SPEED    14   HIGHEST WIND DIRECTION     S (160)
  HIGHEST GUST SPEED    17   HIGHEST GUST DIRECTION    SE (150)
  AVERAGE WIND SPEED     4.7


SKY COVER
  AVERAGE SKY COVER 0.0


WEATHER CONDITIONS
THE FOLLOWING WEATHER WAS RECORDED TODAY.
  FOG
  HAZE


RELATIVE HUMIDITY (PERCENT)
 HIGHEST    92           400 AM
 LOWEST     68           300 PM
 AVERAGE    80

..........................................................


THE ABERDEEN SD CLIMATE NORMALS FOR TOMORROW
                         NORMAL    RECORD    YEAR
 MAXIMUM TEMPERATURE (F)   49        78      1933
 MINIMUM TEMPERATURE (F)   27         8      2006


SUNRISE AND SUNSET
OCTOBER 30 2020.......SUNRISE   811 AM CDT   SUNSET   623 PM CDT
OCTOBER 31 2020.......SUNRISE   812 AM CDT   SUNSET   622 PM CDT


-  INDICATES NEGATIVE NUMBERS.
R  INDICATES RECORD WAS SET OR TIED.
MM INDICATES DATA IS MISSING.
T  INDICATES TRACE AMOUNT.




$$
