000
CDUS43 KABR 240735
CLIABR


CLIMATE REPORT
NATIONAL WEATHER SERVICE ABERDEEN SD
235 AM CDT MON SEP 24 2018


...................................

...THE ABERDEEN SD CLIMATE SUMMARY FOR SEPTEMBER 23 2018...

CLIMATE NORMAL PERIOD 1981 TO 2010
CLIMATE RECORD PERIOD 1893 TO 2018


WEATHER ITEM   OBSERVED TIME   RECORD YEAR NORMAL DEPARTURE LAST
                VALUE   (LST)  VALUE       VALUE  FROM      YEAR
                                                  NORMAL
..................................................................
TEMPERATURE (F)
 YESTERDAY
  MAXIMUM         77    437 PM  94    1935  69      8       55
  MINIMUM         44    745 AM  22    2012  42      2       51
  AVERAGE         61                        56      5       53

PRECIPITATION (IN)
  YESTERDAY        0.00          1.55 1977   0.07  -0.07     0.87
  MONTH TO DATE    1.67                      1.69  -0.02     1.04
  SINCE SEP 1      1.67                      1.69  -0.02     1.04
  SINCE JAN 1     12.83                     17.98  -5.15    13.10

DEGREE DAYS
 HEATING
  YESTERDAY        4                        10     -6       12
  MONTH TO DATE   68                       143    -75       82
  SINCE SEP 1     68                       143    -75       82
  SINCE JUL 1     99                       194    -95      101

 COOLING
  YESTERDAY        0                         1     -1        0
  MONTH TO DATE   75                        39     36       63
  SINCE SEP 1     75                        39     36       63
  SINCE JAN 1    849                       522    327      548
..................................................................


WIND (MPH)
  HIGHEST WIND SPEED    18   HIGHEST WIND DIRECTION    SE (130)
  HIGHEST GUST SPEED    27   HIGHEST GUST DIRECTION    SE (150)
  AVERAGE WIND SPEED    10.2


SKY COVER
  POSSIBLE SUNSHINE  MM
  AVERAGE SKY COVER 0.3


WEATHER CONDITIONS
 THE FOLLOWING WEATHER WAS RECORDED YESTERDAY.
  THUNDERSTORM
  FOG
  FOG W/VISIBILITY <= 1/4 MILE


RELATIVE HUMIDITY (PERCENT)
 HIGHEST   100           100 AM
 LOWEST     46           200 PM
 AVERAGE    73

..........................................................


THE ABERDEEN SD CLIMATE NORMALS FOR TODAY
                         NORMAL    RECORD    YEAR
 MAXIMUM TEMPERATURE (F)   68        90      1935
 MINIMUM TEMPERATURE (F)   42        23      2000


SUNRISE AND SUNSET
SEPTEMBER 24 2018.....SUNRISE   723 AM CDT   SUNSET   727 PM CDT
SEPTEMBER 25 2018.....SUNRISE   724 AM CDT   SUNSET   725 PM CDT


-  INDICATES NEGATIVE NUMBERS.
R  INDICATES RECORD WAS SET OR TIED.
MM INDICATES DATA IS MISSING.
T  INDICATES TRACE AMOUNT.




$$
