000
CDUS43 KABR 242240
CLIABR


CLIMATE REPORT
NATIONAL WEATHER SERVICE ABERDEEN SD
540 PM CDT SUN MAY 24 2020


...................................

...THE ABERDEEN SD CLIMATE SUMMARY FOR MAY 24 2020...
VALID TODAY AS OF 0500 PM LOCAL TIME.

CLIMATE NORMAL PERIOD 1981 TO 2010
CLIMATE RECORD PERIOD 1893 TO 2020


WEATHER ITEM   OBSERVED TIME   RECORD YEAR NORMAL DEPARTURE LAST
                VALUE   (LST)  VALUE       VALUE  FROM      YEAR
                                                  NORMAL
..................................................................
TEMPERATURE (F)
 TODAY
  MAXIMUM         73    359 PM  99    1926  71      2       74
  MINIMUM         62    707 AM  25    1897  47     15       48
  AVERAGE         68                        59      9       61

PRECIPITATION (IN)
  TODAY            0.14          1.30 1906   0.10   0.04     0.30
  MONTH TO DATE    2.69                      2.44   0.25     4.14
  SINCE MAR 1      3.76                      5.45  -1.69     6.89
  SINCE JAN 1      4.31                      6.47  -2.16     9.13

SNOWFALL (IN)
  TODAY            0.0           0.0    MM   0.0    0.0      0.0
  MONTH TO DATE    T                         0.0    0.0      0.0
  SINCE OCT 1     46.1                      38.1    8.0     81.1
  SINCE JUL 1     46.1                      38.1    8.0     81.1
  SNOW DEPTH       0

DEGREE DAYS
 HEATING
  TODAY            0                         7     -7        4
  MONTH TO DATE  275                       244     31      354
  SINCE MAR 1   1915                      1952    -37     2340
  SINCE JUL 1   8197                      8415   -218     9276

 COOLING
  TODAY            3                         1      2        0
  MONTH TO DATE   13                        14     -1        0
  SINCE MAR 1     13                        16     -3        0
  SINCE JAN 1     13                        16     -3        0
..................................................................


WIND (MPH)
  HIGHEST WIND SPEED    12   HIGHEST WIND DIRECTION     N (350)
  HIGHEST GUST SPEED    15   HIGHEST GUST DIRECTION     N (350)
  AVERAGE WIND SPEED     6.4


SKY COVER
  AVERAGE SKY COVER 0.8


WEATHER CONDITIONS
 THE FOLLOWING WEATHER WAS RECORDED TODAY.
  LIGHT RAIN
  FOG
  HAZE


RELATIVE HUMIDITY (PERCENT)
 HIGHEST    93           700 AM
 LOWEST     68           400 PM
 AVERAGE    81

..........................................................


THE ABERDEEN SD CLIMATE NORMALS FOR TOMORROW
                         NORMAL    RECORD    YEAR
 MAXIMUM TEMPERATURE (F)   71        94      2018
 MINIMUM TEMPERATURE (F)   47        29      1924


SUNRISE AND SUNSET
MAY 24 2020...........SUNRISE   554 AM CDT   SUNSET   908 PM CDT
MAY 25 2020...........SUNRISE   553 AM CDT   SUNSET   909 PM CDT


-  INDICATES NEGATIVE NUMBERS.
R  INDICATES RECORD WAS SET OR TIED.
MM INDICATES DATA IS MISSING.
T  INDICATES TRACE AMOUNT.




$$
