690
CDUS43 KABR 140802
CLIABR


CLIMATE REPORT
NATIONAL WEATHER SERVICE ABERDEEN SD
301 AM CDT MON OCT 14 2019


...................................

...THE ABERDEEN SD CLIMATE SUMMARY FOR OCTOBER 13 2019...

CLIMATE NORMAL PERIOD 1981 TO 2010
CLIMATE RECORD PERIOD 1893 TO 2019


WEATHER ITEM   OBSERVED TIME   RECORD YEAR NORMAL DEPARTURE
                VALUE   (LST)  VALUE       VALUE  FROM
                                                  NORMAL
...............................................................
TEMPERATURE (F)
 YESTERDAY
  MAXIMUM         40    354 PM  87    1958  59    -19
  MINIMUM         27   1131 PM  10    1909  34     -7
  AVERAGE         34                        47    -13

PRECIPITATION (IN)
  YESTERDAY        T             0.77 1984   0.07  -0.07
  MONTH TO DATE    2.06                      0.94   1.12
  SINCE SEP 1      6.80                      3.13   3.67
  SINCE JAN 1     27.22                     19.42   7.80

SNOWFALL (IN)
  YESTERDAY        T             0.2  1997   0.0    0.0
  MONTH TO DATE    5.0                       0.1    4.9
  SINCE OCT 1      5.0                       0.1    4.9
  SINCE JUL 1      5.0                       0.1    4.9
  SNOW DEPTH       3

DEGREE DAYS
 HEATING
  YESTERDAY       31                               13
  MONTH TO DATE  268                               62
  SINCE SEP 1    393                              -36
  SINCE JUL 1    411                              -69

 COOLING
  YESTERDAY        0                                0
  MONTH TO DATE    0                                0
  SINCE SEP 1     68                               28
  SINCE JAN 1    601                               78
...............................................................


WIND (MPH)
  HIGHEST WIND SPEED    18   HIGHEST WIND DIRECTION    NW (330)
  HIGHEST GUST SPEED    26   HIGHEST GUST DIRECTION    NW (310)
  AVERAGE WIND SPEED    10.1


SKY COVER
  AVERAGE SKY COVER 0.9


WEATHER CONDITIONS
 THE FOLLOWING WEATHER WAS RECORDED YESTERDAY.
  LIGHT SNOW


RELATIVE HUMIDITY (PERCENT)
 HIGHEST    92
 LOWEST     64
 AVERAGE    78

..........................................................


THE ABERDEEN SD CLIMATE NORMALS FOR TODAY
                         NORMAL    RECORD    YEAR
 MAXIMUM TEMPERATURE (F)   59        87      1962
                                             1933
 MINIMUM TEMPERATURE (F)   34        10      1937


SUNRISE AND SUNSET
OCTOBER 14 2019.......SUNRISE   748 AM CDT   SUNSET   650 PM CDT
OCTOBER 15 2019.......SUNRISE   750 AM CDT   SUNSET   649 PM CDT


-  INDICATES NEGATIVE NUMBERS.
R  INDICATES RECORD WAS SET OR TIED.
MM INDICATES DATA IS MISSING.
T  INDICATES TRACE AMOUNT.




$$
