000
CDUS43 KABR 200709
CLIABR


CLIMATE REPORT
NATIONAL WEATHER SERVICE ABERDEEN SD
208 AM CDT WED JUN 20 2018


...................................

...THE ABERDEEN SD CLIMATE SUMMARY FOR JUNE 19 2018...

CLIMATE NORMAL PERIOD 1981 TO 2010
CLIMATE RECORD PERIOD 1893 TO 2018


WEATHER ITEM   OBSERVED TIME   RECORD YEAR NORMAL DEPARTURE LAST
                VALUE   (LST)  VALUE       VALUE  FROM      YEAR
                                                  NORMAL
..................................................................
TEMPERATURE (F)
 YESTERDAY
  MAXIMUM         81    320 PM 108    1933  79      2       80
  MINIMUM         60   1124 PM  38    1948  55      5       50
                                      1940
  AVERAGE         71                        67      4       65

PRECIPITATION (IN)
  YESTERDAY        0.00          3.25 1979   0.13  -0.13     0.01
  MONTH TO DATE    2.43                      2.33   0.10     3.76
  SINCE JUN 1      2.43                      2.33   0.10     3.76
  SINCE JAN 1      6.39                      9.47  -3.08     7.14

DEGREE DAYS
 HEATING
  YESTERDAY        0                         2     -2        0
  MONTH TO DATE    4                        62    -58        4
  SINCE JUN 1      4                        62    -58        4
  SINCE JUL 1   8498                      8520    -22     7504

 COOLING
  YESTERDAY        6                         3      3        0
  MONTH TO DATE  130                        42     88      116
  SINCE JUN 1    130                        42     88      116
  SINCE JAN 1    253                        65    188      128
..................................................................


WIND (MPH)
  HIGHEST WIND SPEED    17   HIGHEST WIND DIRECTION     E (70)
  HIGHEST GUST SPEED    28   HIGHEST GUST DIRECTION    NE (30)
  AVERAGE WIND SPEED     9.0


SKY COVER
  POSSIBLE SUNSHINE  MM
  AVERAGE SKY COVER 0.5


WEATHER CONDITIONS
 THE FOLLOWING WEATHER WAS RECORDED YESTERDAY.
  NO SIGNIFICANT WEATHER WAS OBSERVED.


RELATIVE HUMIDITY (PERCENT)
 HIGHEST    93          1100 PM
 LOWEST     39           200 PM
 AVERAGE    66

..........................................................


THE ABERDEEN SD CLIMATE NORMALS FOR TODAY
                         NORMAL    RECORD    YEAR
 MAXIMUM TEMPERATURE (F)   79       101      1988
 MINIMUM TEMPERATURE (F)   55        34      1969


SUNRISE AND SUNSET
JUNE 20 2018..........SUNRISE   545 AM CDT   SUNSET   926 PM CDT
JUNE 21 2018..........SUNRISE   545 AM CDT   SUNSET   926 PM CDT


-  INDICATES NEGATIVE NUMBERS.
R  INDICATES RECORD WAS SET OR TIED.
MM INDICATES DATA IS MISSING.
T  INDICATES TRACE AMOUNT.




$$
