000
CDUS43 KABR 181740
CLIABR


CLIMATE REPORT
NATIONAL WEATHER SERVICE ABERDEEN SD
1140 AM CST TUE DEC 18 2018


...................................

...THE ABERDEEN SD CLIMATE SUMMARY FOR DECEMBER 17 2018...

CLIMATE NORMAL PERIOD 1981 TO 2010
CLIMATE RECORD PERIOD 1893 TO 2018


WEATHER ITEM   OBSERVED TIME   RECORD YEAR NORMAL DEPARTURE
                VALUE   (LST)  VALUE       VALUE  FROM
                                                  NORMAL
...............................................................
TEMPERATURE (F)
 YESTERDAY
  MAXIMUM         45    312 PM  53    1939  25     20
  MINIMUM         16    655 AM -32    2016   5     11
  AVERAGE         31                        15     16

PRECIPITATION (IN)
  YESTERDAY        0.00          1.00 1902   0.01  -0.01
  MONTH TO DATE    0.09                      0.28  -0.19
  SINCE DEC 1      0.09                      0.28  -0.19
  SINCE JAN 1     17.02                     21.48  -4.46

SNOWFALL (IN)
  YESTERDAY        0.0           3.5  1924   0.2   -0.2
  MONTH TO DATE    0.3                       3.7   -3.4
  SINCE OCT 1      7.1                      11.4   -4.3
  SINCE JUL 1      7.1                      11.4   -4.3
  SNOW DEPTH       0

DEGREE DAYS
 HEATING
  YESTERDAY       34                              -16
  MONTH TO DATE  681                             -126
  SINCE DEC 1    681                             -126
  SINCE JUL 1   2827                               57

 COOLING
  YESTERDAY        0                                0
  MONTH TO DATE    0                                0
  SINCE DEC 1      0                                0
  SINCE JAN 1    849                              324
...............................................................


WIND (MPH)
  HIGHEST WIND SPEED    17   HIGHEST WIND DIRECTION    SE (150)
  HIGHEST GUST SPEED    22   HIGHEST GUST DIRECTION    SE (140)
  AVERAGE WIND SPEED     7.5


SKY COVER
  AVERAGE SKY COVER 0.0


WEATHER CONDITIONS
 THE FOLLOWING WEATHER WAS RECORDED YESTERDAY.
  FOG


RELATIVE HUMIDITY (PERCENT)
 HIGHEST    92
 LOWEST     49
 AVERAGE    71

..........................................................


THE ABERDEEN SD CLIMATE NORMALS FOR TODAY
                         NORMAL    RECORD    YEAR
 MAXIMUM TEMPERATURE (F)   25        58      1979
 MINIMUM TEMPERATURE (F)    5       -37      2016


SUNRISE AND SUNSET
DECEMBER 18 2018......SUNRISE   809 AM CST   SUNSET   452 PM CST
DECEMBER 19 2018......SUNRISE   809 AM CST   SUNSET   452 PM CST


-  INDICATES NEGATIVE NUMBERS.
R  INDICATES RECORD WAS SET OR TIED.
MM INDICATES DATA IS MISSING.
T  INDICATES TRACE AMOUNT.




$$
