000
CDUS42 KTAE 212137
CLIABY


CLIMATE REPORT
NATIONAL WEATHER SERVICE TALLAHASSEE FL
534 PM EDT MON OCT 21 2019

..................................

...THE ALBANY CLIMATE SUMMARY FOR OCTOBER 21 2019...
VALID TODAY AS OF 0500 PM LOCAL TIME.

CLIMATE NORMAL PERIOD 1981 TO 2010
CLIMATE RECORD PERIOD 1930 TO 2019


WEATHER ITEM   OBSERVED TIME   RECORD YEAR NORMAL DEPARTURE LAST
                VALUE   (LST)  VALUE       VALUE  FROM      YEAR
                                                  NORMAL
..................................................................
TEMPERATURE (F)
 TODAY
  MAXIMUM         85    359 PM  94    1943  79      6       71
  MINIMUM         59    700 AM  28    1989  54      5       50
  AVERAGE         72                        66      6       61

PRECIPITATION (IN)
  TODAY            0.00                      0.08  -0.08     0.00
  MONTH TO DATE    3.54                      1.76   1.78     4.96
  SINCE SEP 1      4.81                      5.20  -0.39     5.46
  SINCE JAN 1     37.52                     40.80  -3.28    44.81

SNOWFALL (IN)
  TODAY            0.0

DEGREE DAYS
 HEATING
  TODAY            0                               -2
  MONTH TO DATE    3                              -13
  SINCE SEP 1      3                              -14
  SINCE JUL 1      3                              -14

 COOLING
  TODAY            7                                3
  MONTH TO DATE  244                              126
  SINCE SEP 1    789                              288
  SINCE JAN 1   3149                              675
..................................................................


WIND (MPH)
  HIGHEST WIND SPEED    12   HIGHEST WIND DIRECTION    SE (140)
  HIGHEST GUST SPEED    14   HIGHEST GUST DIRECTION    SE (150)
  AVERAGE WIND SPEED     3.9




RELATIVE HUMIDITY (PERCENT)
 HIGHEST    93
 LOWEST     48
 AVERAGE    71

..........................................................


THE ALBANY CLIMATE NORMALS FOR TOMORROW
                         NORMAL    RECORD    YEAR
 MAXIMUM TEMPERATURE (F)   79        89      2017
                                             1943
 MINIMUM TEMPERATURE (F)   54        32      1989


SUNRISE AND SUNSET
OCTOBER 21 2019.......SUNRISE   744 AM EDT   SUNSET   658 PM EDT
OCTOBER 22 2019.......SUNRISE   745 AM EDT   SUNSET   657 PM EDT


-  INDICATES NEGATIVE NUMBERS.
R  INDICATES RECORD WAS SET OR TIED.
MM INDICATES DATA IS MISSING.
T  INDICATES TRACE AMOUNT.

$$
