000
CDUS42 KTAE 240637
CLIABY


CLIMATE REPORT
NATIONAL WEATHER SERVICE TALLAHASSEE FL
236 AM EDT THU MAY 24 2018


...................................

...THE ALBANY CLIMATE SUMMARY FOR MAY 23 2018...

CLIMATE NORMAL PERIOD 1981 TO 2010
CLIMATE RECORD PERIOD 1930 TO 2018


WEATHER ITEM   OBSERVED TIME   RECORD YEAR NORMAL DEPARTURE LAST
                VALUE   (LST)  VALUE       VALUE  FROM      YEAR
                                                  NORMAL
..................................................................
TEMPERATURE (F)
 YESTERDAY
  MAXIMUM         88    121 PM  99    1962  89     -1       80
  MINIMUM         71    313 AM  46    1993  64      7       71
  AVERAGE         80                        76      4       76

PRECIPITATION (IN)
  YESTERDAY        0.08                      0.08   0.00     0.82
  MONTH TO DATE    3.15                      1.70   1.45     3.14
  SINCE MAR 1     10.24                     10.39  -0.15     6.49
  SINCE JAN 1     18.35                     19.37  -1.02    18.31

SNOWFALL (IN)
  YESTERDAY        0.0
  MONTH TO DATE    0.0
  SINCE MAR 1      0.0
  SINCE JUL 1      0.1

DEGREE DAYS
 HEATING
  YESTERDAY        0                         0      0        0
  MONTH TO DATE    0                         0      0       10
  SINCE MAR 1    295                       274     21      199
  SINCE JUL 1   1541                      1834   -293     1002

 COOLING
  YESTERDAY       15                        12      3       11
  MONTH TO DATE  284                       201     83      217
  SINCE MAR 1    374                       332     42      498
  SINCE JAN 1    457                       341    116      536
..................................................................


WIND (MPH)
  HIGHEST WIND SPEED    14   HIGHEST WIND DIRECTION    NW (310)
  HIGHEST GUST SPEED    17   HIGHEST GUST DIRECTION     W (290)
  AVERAGE WIND SPEED     6.1




RELATIVE HUMIDITY (PERCENT)
 HIGHEST   100
 LOWEST     61
 AVERAGE    81

..........................................................


THE ALBANY CLIMATE NORMALS FOR TODAY
                         NORMAL    RECORD    YEAR
 MAXIMUM TEMPERATURE (F)   89        99      1941
 MINIMUM TEMPERATURE (F)   65        45      1993


SUNRISE AND SUNSET
MAY 24 2018...........SUNRISE   635 AM EDT   SUNSET   832 PM EDT
MAY 25 2018...........SUNRISE   635 AM EDT   SUNSET   833 PM EDT


-  INDICATES NEGATIVE NUMBERS.
R  INDICATES RECORD WAS SET OR TIED.
MM INDICATES DATA IS MISSING.
T  INDICATES TRACE AMOUNT.




$$
