000
CDUS42 KTAE 310637
CLIABY

CLIMATE REPORT
NATIONAL WEATHER SERVICE TALLAHASSEE FL
237 AM EDT SAT OCT 31 2020

...................................

...THE ALBANY CLIMATE SUMMARY FOR OCTOBER 30 2020...

CLIMATE NORMAL PERIOD 1981 TO 2010
CLIMATE RECORD PERIOD 1930 TO 2020


WEATHER ITEM   OBSERVED TIME   RECORD YEAR NORMAL DEPARTURE LAST
                VALUE   (LST)  VALUE       VALUE  FROM      YEAR
                                                  NORMAL
...................................................................
TEMPERATURE (F)
 YESTERDAY
  MAXIMUM         72    333 PM  91    1940  77     -5       81
  MINIMUM         48    704 AM  29    1963  51     -3       73
  AVERAGE         60                        64     -4       77

PRECIPITATION (IN)
  YESTERDAY        0.00                      0.08  -0.08     0.06
  MONTH TO DATE    2.31                      2.51  -0.20     4.33
  SINCE SEP 1      9.79                      5.95   3.84     5.60
  SINCE JAN 1     48.30                     41.55   6.75    38.31

SNOWFALL (IN)
  YESTERDAY        0.0

DEGREE DAYS
 HEATING
  YESTERDAY        5                                1
  MONTH TO DATE    6                              -38
  SINCE SEP 1      6                              -39
  SINCE JUL 1      6                              -39

 COOLING
  YESTERDAY        0                               -2
  MONTH TO DATE  270                              126
  SINCE SEP 1    673                              146
  SINCE JAN 1   2995                              495
...................................................................


WIND (MPH)
  HIGHEST WIND SPEED    20   HIGHEST WIND DIRECTION    NW (330)
  HIGHEST GUST SPEED    23   HIGHEST GUST DIRECTION     N (340)
  AVERAGE WIND SPEED     7.6

..........................................................


THE ALBANY CLIMATE NORMALS FOR TODAY
                         NORMAL    RECORD    YEAR
 MAXIMUM TEMPERATURE (F)   76        91      2016
 MINIMUM TEMPERATURE (F)   50        30      1963


SUNRISE AND SUNSET
OCTOBER 31 2020.......SUNRISE   752 AM EDT   SUNSET   648 PM EDT
NOVEMBER  1 2020......SUNRISE   653 AM EST   SUNSET   547 PM EST


-  INDICATES NEGATIVE NUMBERS.
R  INDICATES RECORD WAS SET OR TIED.
MM INDICATES DATA IS MISSING.
T  INDICATES TRACE AMOUNT.




$$
