000
CDUS42 KTAE 190634
CLIABY


CLIMATE REPORT
NATIONAL WEATHER SERVICE TALLAHASSEE FL
232 AM EDT SUN AUG 19 2018

...................................

...THE ALBANY CLIMATE SUMMARY FOR AUGUST 18 2018...

CLIMATE NORMAL PERIOD 1981 TO 2010
CLIMATE RECORD PERIOD 1930 TO 2018


WEATHER ITEM   OBSERVED TIME   RECORD YEAR NORMAL DEPARTURE LAST
                VALUE   (LST)  VALUE       VALUE  FROM      YEAR
                                                  NORMAL
..................................................................
TEMPERATURE (F)
 YESTERDAY
  MAXIMUM         89   1242 PM 103    1954  92     -3       96
  MINIMUM         73    649 AM  63    1983  72      1       75
  AVERAGE         81                        82     -1       86

PRECIPITATION (IN)
  YESTERDAY        0.54                      0.17   0.37     0.00
  MONTH TO DATE    5.93                      2.93   3.00     1.78
  SINCE JUN 1     16.20                     13.33   2.87    12.56
  SINCE JAN 1     36.00                     33.69   2.31    31.56

SNOWFALL (IN)
  YESTERDAY        0.0
  MONTH TO DATE    0.0
  SINCE JUN 1      0.0
  SINCE JUL 1      0.0

DEGREE DAYS
 HEATING
  YESTERDAY        0                         0      0        0
  MONTH TO DATE    0                         0      0        0
  SINCE JUN 1      0                         0      0        0
  SINCE JUL 1      0                         0      0        0

 COOLING
  YESTERDAY       16                        17     -1       21
  MONTH TO DATE  315                       306      9      328
  SINCE JUN 1   1414                      1312    102     1334
  SINCE JAN 1   1990                      1752    238     1964
..................................................................


WIND (MPH)
  HIGHEST WIND SPEED    23   HIGHEST WIND DIRECTION     W (260)
  HIGHEST GUST SPEED    31   HIGHEST GUST DIRECTION     W (250)
  AVERAGE WIND SPEED     4.4




RELATIVE HUMIDITY (PERCENT)
 HIGHEST    93
 LOWEST     65
 AVERAGE    79

..........................................................


THE ALBANY CLIMATE NORMALS FOR TODAY
                         NORMAL    RECORD    YEAR
 MAXIMUM TEMPERATURE (F)   92       101      1993
 MINIMUM TEMPERATURE (F)   72        63      1979


SUNRISE AND SUNSET
AUGUST 19 2018........SUNRISE   705 AM EDT   SUNSET   816 PM EDT
AUGUST 20 2018........SUNRISE   705 AM EDT   SUNSET   815 PM EDT


-  INDICATES NEGATIVE NUMBERS.
R  INDICATES RECORD WAS SET OR TIED.
MM INDICATES DATA IS MISSING.
T  INDICATES TRACE AMOUNT.

$$
