000
CDUS42 KTAE 240634
CLIABY


CLIMATE REPORT
NATIONAL WEATHER SERVICE TALLAHASSEE FL
133 AM EST SAT FEB 24 2018


...................................

...THE ALBANY CLIMATE SUMMARY FOR FEBRUARY 23 2018...

CLIMATE NORMAL PERIOD 1981 TO 2010
CLIMATE RECORD PERIOD 1930 TO 2018


WEATHER ITEM   OBSERVED TIME   RECORD YEAR NORMAL DEPARTURE LAST
                VALUE   (LST)  VALUE       VALUE  FROM      YEAR
                                                  NORMAL
..................................................................
TEMPERATURE (F)
 YESTERDAY
  MAXIMUM         84R   434 PM  82    1962  67     17       81
  MINIMUM         59    727 AM  23    1963  42     17       59
  AVERAGE         72                        54     18       70

PRECIPITATION (IN)
  YESTERDAY        0.00                      0.17  -0.17     0.00
  MONTH TO DATE    4.70                      3.34   1.36     2.52
  SINCE DEC 1     10.69                     11.91  -1.22    21.98
  SINCE JAN 1      7.57                      8.16  -0.59    11.30

SNOWFALL (IN)
  YESTERDAY        0.0
  MONTH TO DATE    0.0
  SINCE DEC 1      0.1
  SINCE JUL 1      0.1

DEGREE DAYS
 HEATING
  YESTERDAY        0                        11    -11        0
  MONTH TO DATE  101                       303   -202      122
  SINCE DEC 1   1024                      1237   -213      645
  SINCE JUL 1   1239                      1507   -268      786

 COOLING
  YESTERDAY        7                         0      7        5
  MONTH TO DATE   61                         0     61       13
  SINCE DEC 1     79                        13     66       56
  SINCE JAN 1     66                         4     62       33
..................................................................


WIND (MPH)
  HIGHEST WIND SPEED    14   HIGHEST WIND DIRECTION    SE (140)
  HIGHEST GUST SPEED    17   HIGHEST GUST DIRECTION     S (170)
  AVERAGE WIND SPEED     3.5




RELATIVE HUMIDITY (PERCENT)
 HIGHEST   100
 LOWEST     46
 AVERAGE    73

..........................................................


THE ALBANY CLIMATE NORMALS FOR TODAY
                         NORMAL    RECORD    YEAR
 MAXIMUM TEMPERATURE (F)   67        83      2017
 MINIMUM TEMPERATURE (F)   42        21      1989


SUNRISE AND SUNSET
FEBRUARY 24 2018......SUNRISE   709 AM EST   SUNSET   631 PM EST
FEBRUARY 25 2018......SUNRISE   708 AM EST   SUNSET   632 PM EST


-  INDICATES NEGATIVE NUMBERS.
R  INDICATES RECORD WAS SET OR TIED.
MM INDICATES DATA IS MISSING.
T  INDICATES TRACE AMOUNT.




$$
