000
CDUS42 KTAE 040632
CLIABY


CLIMATE REPORT
NATIONAL WEATHER SERVICE TALLAHASSEE FL
232 AM EDT THU JUN 4 2020


...................................

...THE ALBANY CLIMATE SUMMARY FOR JUNE 3 2020...

CLIMATE NORMAL PERIOD 1981 TO 2010
CLIMATE RECORD PERIOD 1930 TO 2020


WEATHER ITEM   OBSERVED TIME   RECORD YEAR NORMAL DEPARTURE LAST
                VALUE   (LST)  VALUE       VALUE  FROM      YEAR
                                                  NORMAL
..................................................................
TEMPERATURE (F)
 YESTERDAY
  MAXIMUM         85    341 PM 102    2011  90     -5      100
  MINIMUM         68    541 AM  49    1956  68      0       69
  AVERAGE         77                        79     -2       85

PRECIPITATION (IN)
  YESTERDAY        0.00                      0.17  -0.17     0.00
  MONTH TO DATE    T                         0.52  -0.52     0.00
  SINCE JUN 1      T                         0.52  -0.52     0.00
  SINCE JAN 1     26.34                     20.88   5.46    12.73

SNOWFALL (IN)
  YESTERDAY        0.0

DEGREE DAYS
 HEATING
  YESTERDAY        0                                0
  MONTH TO DATE    0                                0
  SINCE JUN 1      0                                0
  SINCE JUL 1   1247                             -591

 COOLING
  YESTERDAY       12                               -2
  MONTH TO DATE   42                                1
  SINCE JUN 1     42                                1
  SINCE JAN 1    695                              214
..................................................................


WIND (MPH)
  HIGHEST WIND SPEED     9   HIGHEST WIND DIRECTION     S (200)
  HIGHEST GUST SPEED    12   HIGHEST GUST DIRECTION     S (180)
  AVERAGE WIND SPEED     3.8




..........................................................


THE ALBANY CLIMATE NORMALS FOR TODAY
                         NORMAL    RECORD    YEAR
 MAXIMUM TEMPERATURE (F)   90       101      2019
 MINIMUM TEMPERATURE (F)   68        54      1956


SUNRISE AND SUNSET
JUNE  4 2020..........SUNRISE   632 AM EDT   SUNSET   839 PM EDT
JUNE  5 2020..........SUNRISE   632 AM EDT   SUNSET   839 PM EDT


-  INDICATES NEGATIVE NUMBERS.
R  INDICATES RECORD WAS SET OR TIED.
MM INDICATES DATA IS MISSING.
T  INDICATES TRACE AMOUNT.




$$
