000
CDUS42 KTAE 180636
CLIABY


CLIMATE REPORT
NATIONAL WEATHER SERVICE TALLAHASSEE FL
135 AM EST SUN NOV 18 2018


...................................

...THE ALBANY CLIMATE SUMMARY FOR NOVEMBER 17 2018...

CLIMATE NORMAL PERIOD 1981 TO 2010
CLIMATE RECORD PERIOD 1930 TO 2018


WEATHER ITEM   OBSERVED TIME   RECORD YEAR NORMAL DEPARTURE LAST
                VALUE   (LST)  VALUE       VALUE  FROM      YEAR
                                                  NORMAL
..................................................................
TEMPERATURE (F)
 YESTERDAY
  MAXIMUM         69    251 PM  85    1958  71     -2       74
  MINIMUM         36    635 AM  23    1970  45     -9       40
  AVERAGE         53                        58     -5       57

PRECIPITATION (IN)
  YESTERDAY        0.00                      0.10  -0.10     0.00
  MONTH TO DATE    5.44                      1.49   3.95     0.43
  SINCE SEP 1     10.95                      7.52   3.43     5.33
  SINCE JAN 1     50.30                     43.12   7.18    38.10

SNOWFALL (IN)
  YESTERDAY        0.0
  MONTH TO DATE    0.0
  SINCE SEP 1      0.0
  SINCE JUL 1      0.0

DEGREE DAYS
 HEATING
  YESTERDAY       12                         7      5        8
  MONTH TO DATE  108                        96     12       70
  SINCE SEP 1    128                       146    -18      128
  SINCE JUL 1    128                       146    -18      128

 COOLING
  YESTERDAY        0                         1     -1        0
  MONTH TO DATE   52                        23     29       40
  SINCE SEP 1    910                       553    357      713
  SINCE JAN 1   3128                      2526    602     2921
..................................................................


WIND (MPH)
  HIGHEST WIND SPEED     8   HIGHEST WIND DIRECTION    NE (60)
  HIGHEST GUST SPEED    13   HIGHEST GUST DIRECTION     N (350)
  AVERAGE WIND SPEED     1.5




RELATIVE HUMIDITY (PERCENT)
 HIGHEST    92
 LOWEST     39
 AVERAGE    66

..........................................................


THE ALBANY CLIMATE NORMALS FOR TODAY
                         NORMAL    RECORD    YEAR
 MAXIMUM TEMPERATURE (F)   71        85      1958
 MINIMUM TEMPERATURE (F)   45        24      1970


SUNRISE AND SUNSET
NOVEMBER 18 2018......SUNRISE   707 AM EST   SUNSET   536 PM EST
NOVEMBER 19 2018......SUNRISE   708 AM EST   SUNSET   536 PM EST


-  INDICATES NEGATIVE NUMBERS.
R  INDICATES RECORD WAS SET OR TIED.
MM INDICATES DATA IS MISSING.
T  INDICATES TRACE AMOUNT.




$$
