000
CDUS42 KTAE 260633
CLIABY


CLIMATE REPORT
NATIONAL WEATHER SERVICE TALLAHASSEE FL
231 AM EDT SAT MAY 26 2018

...................................

...THE ALBANY CLIMATE SUMMARY FOR MAY 25 2018...

CLIMATE NORMAL PERIOD 1981 TO 2010
CLIMATE RECORD PERIOD 1930 TO 2018


WEATHER ITEM   OBSERVED TIME   RECORD YEAR NORMAL DEPARTURE LAST
                VALUE   (LST)  VALUE       VALUE  FROM      YEAR
                                                  NORMAL
..................................................................
TEMPERATURE (F)
 YESTERDAY
  MAXIMUM         91    340 PM  99    2012  89      2       79
                                      1962
  MINIMUM         70    415 AM  48    1979  65      5       59
  AVERAGE         81                        77      4       69

PRECIPITATION (IN)
  YESTERDAY        0.25                      0.11   0.14     0.00
  MONTH TO DATE    3.50                      1.90   1.60     3.83
  SINCE MAR 1     10.59                     10.59   0.00     7.18
  SINCE JAN 1     18.70                     19.57  -0.87    19.00

SNOWFALL (IN)
  YESTERDAY        0.0
  MONTH TO DATE    0.0
  SINCE MAR 1      0.0
  SINCE JUL 1      0.1

DEGREE DAYS
 HEATING
  YESTERDAY        0                         0      0        0
  MONTH TO DATE    0                         0      0       10
  SINCE MAR 1    295                       274     21      199
  SINCE JUL 1   1541                      1834   -293     1002

 COOLING
  YESTERDAY       16                        12      4        4
  MONTH TO DATE  313                       225     88      228
  SINCE MAR 1    403                       356     47      509
  SINCE JAN 1    486                       365    121      547
..................................................................


WIND (MPH)
  HIGHEST WIND SPEED    24   HIGHEST WIND DIRECTION     E (90)
  HIGHEST GUST SPEED    32   HIGHEST GUST DIRECTION     E (80)
  AVERAGE WIND SPEED     4.2




RELATIVE HUMIDITY (PERCENT)
 HIGHEST   100
 LOWEST     52
 AVERAGE    76

..........................................................


THE ALBANY CLIMATE NORMALS FOR TODAY
                         NORMAL    RECORD    YEAR
 MAXIMUM TEMPERATURE (F)   89       101      1962
 MINIMUM TEMPERATURE (F)   65        42      1979


SUNRISE AND SUNSET
MAY 26 2018...........SUNRISE   635 AM EDT   SUNSET   833 PM EDT
MAY 27 2018...........SUNRISE   634 AM EDT   SUNSET   834 PM EDT


-  INDICATES NEGATIVE NUMBERS.
R  INDICATES RECORD WAS SET OR TIED.
MM INDICATES DATA IS MISSING.
T  INDICATES TRACE AMOUNT.

$$
