000
CDUS44 KFWD 240642
CLIACT


CLIMATE REPORT
NATIONAL WEATHER SERVICE FORT WORTH TX
1242 AM CST SAT FEB 24 2018


...................................

...THE WACO CLIMATE SUMMARY FOR FEBRUARY 23 2018...

CLIMATE NORMAL PERIOD 1981 TO 2010
CLIMATE RECORD PERIOD 1901 TO 2018


WEATHER ITEM   OBSERVED TIME   RECORD YEAR NORMAL DEPARTURE LAST
                VALUE   (LST)  VALUE       VALUE  FROM      YEAR
                                                  NORMAL
..................................................................
TEMPERATURE (F)
 YESTERDAY
  MAXIMUM         57    632 PM  89    1996  63     -6       84
  MINIMUM         40    348 AM  23    1939  42     -2       50
                                      1914
  AVERAGE         49                        53     -4       67

PRECIPITATION (IN)
  YESTERDAY        0.09          3.10 1912   0.10  -0.01     0.00
  MONTH TO DATE    1.87                      2.10  -0.23     3.05
  SINCE DEC 1      3.96                      6.97  -3.01     7.43
  SINCE JAN 1      2.18                      4.22  -2.04     6.16

SNOWFALL (IN)
  YESTERDAY        0.0           3.1  2010   0.0    0.0      0.0
  MONTH TO DATE    T                         0.3   -0.3      0.0
  SINCE DEC 1      T                         0.6   -0.6       T
  SINCE JUL 1      T                         0.7   -0.7       T
  SNOW DEPTH       0

DEGREE DAYS
 HEATING
  YESTERDAY       16                        13      3        0
  MONTH TO DATE  373                       344     29      130
  SINCE DEC 1   1538                      1424    114      989
  SINCE JUL 1   1779                      1752     27     1132

 COOLING
  YESTERDAY        0                         0      0        2
  MONTH TO DATE   14                         0     14       34
  SINCE DEC 1     23                         8     15       66
  SINCE JAN 1     14                         3     11       43
..................................................................


WIND (MPH)
  HIGHEST WIND SPEED    14   HIGHEST WIND DIRECTION    NE (60)
  HIGHEST GUST SPEED    15   HIGHEST GUST DIRECTION    NE (60)
  AVERAGE WIND SPEED     5.0


SKY COVER
  POSSIBLE SUNSHINE  MM
  AVERAGE SKY COVER 1.0


WEATHER CONDITIONS
 THE FOLLOWING WEATHER WAS RECORDED YESTERDAY.
  THUNDERSTORM
  LIGHT RAIN
  FOG
  FOG W/VISIBILITY <= 1/4 MILE


RELATIVE HUMIDITY (PERCENT)
 HIGHEST   100          1000 PM
 LOWEST     92           100 AM
 AVERAGE    96

..........................................................


THE WACO CLIMATE NORMALS FOR TODAY
                         NORMAL    RECORD    YEAR
 MAXIMUM TEMPERATURE (F)   64        85      1977
                                             1972
 MINIMUM TEMPERATURE (F)   42        20      1965
                                             1914


SUNRISE AND SUNSET
FEBRUARY 24 2018......SUNRISE   701 AM CST   SUNSET   623 PM CST
FEBRUARY 25 2018......SUNRISE   700 AM CST   SUNSET   624 PM CST


-  INDICATES NEGATIVE NUMBERS.
R  INDICATES RECORD WAS SET OR TIED.
MM INDICATES DATA IS MISSING.
T  INDICATES TRACE AMOUNT.




$$
