000
CDUS44 KFWD 202122
CLIACT


CLIMATE REPORT
NATIONAL WEATHER SERVICE FORT WORTH TX
421 PM CDT SUN MAY 20 2018


...................................

...THE WACO CLIMATE SUMMARY FOR MAY 20 2018...
VALID AS OF 0400 PM LOCAL TIME.

CLIMATE NORMAL PERIOD 1981 TO 2010
CLIMATE RECORD PERIOD 1901 TO 2018


WEATHER ITEM   OBSERVED TIME   RECORD YEAR NORMAL DEPARTURE LAST
                VALUE   (LST)  VALUE       VALUE  FROM      YEAR
                                                  NORMAL
..................................................................
TEMPERATURE (F)
 TODAY
  MAXIMUM         82    835 AM  95    1996  86     -4       83
                                      1933
                                      1906
  MINIMUM         66   1118 AM  49    2002  65      1       65
                                      1981
  AVERAGE         74

PRECIPITATION (IN)
  TODAY            1.08          1.84 1966   0.13   0.95     0.77
  MONTH TO DATE    2.94                      2.73   0.21     0.84
  SINCE MAR 1      5.94                      8.57  -2.63    11.19
  SINCE JAN 1      8.37                     13.32  -4.95    17.35

..................................................................


WIND (MPH)
  HIGHEST WIND SPEED    22   HIGHEST WIND DIRECTION     N (350)
  HIGHEST GUST SPEED    28   HIGHEST GUST DIRECTION    NW (330)
  AVERAGE WIND SPEED    10.7




..........................................................


THE WACO CLIMATE NORMALS FOR TOMORROW
                         NORMAL    RECORD    YEAR
 MAXIMUM TEMPERATURE (F)   86        99      2005
 MINIMUM TEMPERATURE (F)   65        52      2002
                                             1947


SUNRISE AND SUNSET
MAY 20 2018...........SUNRISE   629 AM CDT   SUNSET   822 PM CDT
MAY 21 2018...........SUNRISE   629 AM CDT   SUNSET   823 PM CDT


-  INDICATES NEGATIVE NUMBERS.
R  INDICATES RECORD WAS SET OR TIED.
MM INDICATES DATA IS MISSING.
T  INDICATES TRACE AMOUNT.




$$
