000
CDUS44 KFWD 180640
CLIACT

CLIMATE REPORT
NATIONAL WEATHER SERVICE FORT WORTH TX
1240 AM CST SUN NOV 18 2018

...................................

...THE WACO CLIMATE SUMMARY FOR NOVEMBER 17 2018...

CLIMATE NORMAL PERIOD 1981 TO 2010
CLIMATE RECORD PERIOD 1901 TO 2018


WEATHER ITEM   OBSERVED TIME   RECORD YEAR NORMAL DEPARTURE LAST
                VALUE   (LST)  VALUE       VALUE  FROM      YEAR
                                                  NORMAL
..................................................................
TEMPERATURE (F)
 YESTERDAY
  MAXIMUM         72    230 PM  89    2013  68      4       84
  MINIMUM         43    635 AM  24    2014  46     -3       68
  AVERAGE         58                        57      1       76

PRECIPITATION (IN)
  YESTERDAY        0.00          2.96 1907   0.09  -0.09     0.00
  MONTH TO DATE    3.08                      1.73   1.35     1.30
  SINCE SEP 1     20.54                      8.69  11.85     2.95
  SINCE JAN 1     30.15                     30.85  -0.70    31.66

SNOWFALL (IN)
  YESTERDAY        0.0           0.0    MM   0.0    0.0      0.0
  MONTH TO DATE    0.0                       0.0    0.0      0.0
  SINCE SEP 1      0.0                       0.0    0.0      0.0
  SINCE JUL 1      0.0                       0.0    0.0      0.0
  SNOW DEPTH       0

DEGREE DAYS
 HEATING
  YESTERDAY        7                         9     -2        0
  MONTH TO DATE  199                       113     86       52
  SINCE SEP 1    290                       180    110      133
  SINCE JUL 1    290                       180    110      133

 COOLING
  YESTERDAY        0                         1     -1       11
  MONTH TO DATE    3                        29    -26       88
  SINCE SEP 1    660                       590     70      716
  SINCE JAN 1   3369                      2785    584     3056
..................................................................


WIND (MPH)
  HIGHEST WIND SPEED    17   HIGHEST WIND DIRECTION     S (190)
  HIGHEST GUST SPEED    22   HIGHEST GUST DIRECTION     S (180)
  AVERAGE WIND SPEED     9.2


SKY COVER
  POSSIBLE SUNSHINE  MM
  AVERAGE SKY COVER 0.1


WEATHER CONDITIONS
 THE FOLLOWING WEATHER WAS RECORDED YESTERDAY.
  NO SIGNIFICANT WEATHER WAS OBSERVED.


RELATIVE HUMIDITY (PERCENT)
 HIGHEST    93           800 AM
 LOWEST     49           200 PM
 AVERAGE    71

..........................................................


THE WACO CLIMATE NORMALS FOR TODAY
                         NORMAL    RECORD    YEAR
 MAXIMUM TEMPERATURE (F)   67        84      1941
                                             1905
 MINIMUM TEMPERATURE (F)   46        20      1959


SUNRISE AND SUNSET
NOVEMBER 18 2018......SUNRISE   659 AM CST   SUNSET   528 PM CST
NOVEMBER 19 2018......SUNRISE   700 AM CST   SUNSET   528 PM CST


-  INDICATES NEGATIVE NUMBERS.
R  INDICATES RECORD WAS SET OR TIED.
MM INDICATES DATA IS MISSING.
T  INDICATES TRACE AMOUNT.

$$
