000
CDUS44 KFWD 210642
CLIACT

CLIMATE REPORT
NATIONAL WEATHER SERVICE FORT WORTH TX
140 AM CDT WED OCT 21 2020

...................................

...THE WACO CLIMATE SUMMARY FOR OCTOBER 20 2020...

CLIMATE NORMAL PERIOD 1981 TO 2010
CLIMATE RECORD PERIOD 1901 TO 2020


WEATHER ITEM   OBSERVED TIME   RECORD YEAR NORMAL DEPARTURE LAST
                VALUE   (LST)  VALUE       VALUE  FROM      YEAR
                                                  NORMAL
..................................................................
TEMPERATURE (F)
 YESTERDAY
  MAXIMUM         89    357 PM  92    2005  79     10       88
                                      1978
  MINIMUM         66   1203 AM  33    1976  56     10       52
  AVERAGE         78                        67     11       70

PRECIPITATION (IN)
  YESTERDAY        0.00          1.63 1998   0.15  -0.15     0.00
  MONTH TO DATE    T                         2.57  -2.57     2.51
  SINCE SEP 1      7.45                      5.63   1.82     2.68
  SINCE JAN 1     38.10                     27.79  10.31    30.17

SNOWFALL (IN)
  YESTERDAY        0.0           0.0    MM   0.0    0.0      0.0
  MONTH TO DATE    0.0                       0.0    0.0      0.0
  SINCE SEP 1      0.0                       0.0    0.0      0.0
  SINCE JUL 1      0.0                       0.0    0.0      0.0
  SNOW DEPTH       0

DEGREE DAYS
 HEATING
  YESTERDAY        0                         2     -2        0
  MONTH TO DATE    2                        26    -24       27
  SINCE SEP 1      5                        32    -27       27
  SINCE JUL 1      5                        32    -27       27

 COOLING
  YESTERDAY       13                         4      9        5
  MONTH TO DATE  135                       122     13      192
  SINCE SEP 1    451                       521    -70      821
  SINCE JAN 1   2835                      2716    119     3062
..................................................................


WIND (MPH)
  HIGHEST WIND SPEED    21   HIGHEST WIND DIRECTION    SE (150)
  HIGHEST GUST SPEED    29   HIGHEST GUST DIRECTION    SE (150)
  AVERAGE WIND SPEED    10.2


SKY COVER
  POSSIBLE SUNSHINE  MM
  AVERAGE SKY COVER 0.5


WEATHER CONDITIONS
 THE FOLLOWING WEATHER WAS RECORDED YESTERDAY.
  NO SIGNIFICANT WEATHER WAS OBSERVED.


RELATIVE HUMIDITY (PERCENT)
 HIGHEST    87           600 AM
 LOWEST     43           400 PM
 AVERAGE    65

..........................................................


THE WACO CLIMATE NORMALS FOR TODAY
                         NORMAL    RECORD    YEAR
 MAXIMUM TEMPERATURE (F)   78        91      2017
                                             2004
 MINIMUM TEMPERATURE (F)   55        36      1976


SUNRISE AND SUNSET
OCTOBER 21 2020.......SUNRISE   737 AM CDT   SUNSET   650 PM CDT
OCTOBER 22 2020.......SUNRISE   738 AM CDT   SUNSET   648 PM CDT


-  INDICATES NEGATIVE NUMBERS.
R  INDICATES RECORD WAS SET OR TIED.
MM INDICATES DATA IS MISSING.
T  INDICATES TRACE AMOUNT.

$$
