299
CDUS44 KFWD 210700
CLIACT


CLIMATE REPORT
NATIONAL WEATHER SERVICE FORT WORTH TX
100 AM CST THU FEB 21 2019


...................................

...THE WACO CLIMATE SUMMARY FOR FEBRUARY 20 2019...

CLIMATE NORMAL PERIOD 1981 TO 2010
CLIMATE RECORD PERIOD 1901 TO 2019


WEATHER ITEM   OBSERVED TIME   RECORD YEAR NORMAL DEPARTURE LAST
                VALUE   (LST)  VALUE       VALUE  FROM      YEAR
                                                  NORMAL
..................................................................
TEMPERATURE (F)
 YESTERDAY
  MAXIMUM         58    402 PM  92    1986  63     -5       72
  MINIMUM         38   1159 PM  25    1908  41     -3       42
  AVERAGE         48                        52     -4       57

PRECIPITATION (IN)
  YESTERDAY        0.00          1.38 1997   0.09  -0.09     0.44
  MONTH TO DATE    1.73                      1.81  -0.08     0.75
  SINCE DEC 1     10.28                      6.68   3.60     2.84
  SINCE JAN 1      5.55                      3.93   1.62     1.06

SNOWFALL (IN)
  YESTERDAY        0.0           T    1964   0.0    0.0      0.0
                                      1955
  MONTH TO DATE    0.1                       0.3   -0.2       T
  SINCE DEC 1      0.1                       0.6   -0.5       T
  SINCE JUL 1      0.1                       0.7   -0.6       T
  SNOW DEPTH       0

DEGREE DAYS
 HEATING
  YESTERDAY       17                        13      4        8
  MONTH TO DATE  262                       305    -43      304
  SINCE DEC 1   1300                      1385    -85     1469
  SINCE JUL 1   1741                      1713     28     1710

 COOLING
  YESTERDAY        0                         0      0        0
  MONTH TO DATE   15                         0     15       14
  SINCE DEC 1     15                         8      7       23
  SINCE JAN 1     15                         3     12       14
..................................................................


WIND (MPH)
  HIGHEST WIND SPEED    16   HIGHEST WIND DIRECTION    NW (320)
  HIGHEST GUST SPEED    22   HIGHEST GUST DIRECTION    NW (320)
  AVERAGE WIND SPEED     5.5


SKY COVER
  POSSIBLE SUNSHINE  MM
  AVERAGE SKY COVER 0.5


WEATHER CONDITIONS
 THE FOLLOWING WEATHER WAS RECORDED YESTERDAY.
  FOG


RELATIVE HUMIDITY (PERCENT)
 HIGHEST    92          1200 AM
 LOWEST     43           500 PM
 AVERAGE    68

..........................................................


THE WACO CLIMATE NORMALS FOR TODAY
                         NORMAL    RECORD    YEAR
 MAXIMUM TEMPERATURE (F)   63        96      1996
 MINIMUM TEMPERATURE (F)   41        22      1939


SUNRISE AND SUNSET
FEBRUARY 21 2019......SUNRISE   705 AM CST   SUNSET   621 PM CST
FEBRUARY 22 2019......SUNRISE   704 AM CST   SUNSET   621 PM CST


-  INDICATES NEGATIVE NUMBERS.
R  INDICATES RECORD WAS SET OR TIED.
MM INDICATES DATA IS MISSING.
T  INDICATES TRACE AMOUNT.




$$
