000
CDUS44 KFWD 132132
CLIACT


CLIMATE REPORT
NATIONAL WEATHER SERVICE FORT WORTH TX
431 PM CDT SUN OCT 13 2019


...................................

...THE WACO CLIMATE SUMMARY FOR OCTOBER 13 2019...
VALID AS OF 0400 PM LOCAL TIME.

CLIMATE NORMAL PERIOD 1981 TO 2010
CLIMATE RECORD PERIOD 1901 TO 2019


WEATHER ITEM   OBSERVED TIME   RECORD YEAR NORMAL DEPARTURE LAST
                VALUE   (LST)  VALUE       VALUE  FROM      YEAR
                                                  NORMAL
..................................................................
TEMPERATURE (F)
 TODAY
  MAXIMUM         73    246 PM  96    1991  81     -8       81
  MINIMUM         57    317 AM  41    1987  57      0       64
  AVERAGE         65

PRECIPITATION (IN)
  TODAY            T             2.98 2014   0.14  -0.14     1.00
  MONTH TO DATE    2.27                      1.60   0.67     4.75
  SINCE SEP 1      2.44                      4.66  -2.22     9.65
  SINCE JAN 1     29.93                     26.82   3.11    19.26

SNOWFALL (IN)
  TODAY            0.0           0.0    MM   0.0    0.0      0.0
  MONTH TO DATE    0.0                       0.0    0.0      0.0
  SINCE SEP 1      0.0                       0.0    0.0      0.0
  SINCE JUL 1      0.0                       0.0    0.0      0.0
  SNOW DEPTH       0

..................................................................


WIND (MPH)
  HIGHEST WIND SPEED    14   HIGHEST WIND DIRECTION     S (180)
  HIGHEST GUST SPEED    17   HIGHEST GUST DIRECTION     S (160)
  AVERAGE WIND SPEED     7.1




..........................................................


THE WACO CLIMATE NORMALS FOR TOMORROW
                         NORMAL    RECORD    YEAR
 MAXIMUM TEMPERATURE (F)   81        98      2015
 MINIMUM TEMPERATURE (F)   57        43      1917


SUNRISE AND SUNSET
OCTOBER 13 2019.......SUNRISE   730 AM CDT   SUNSET   659 PM CDT
OCTOBER 14 2019.......SUNRISE   731 AM CDT   SUNSET   658 PM CDT


-  INDICATES NEGATIVE NUMBERS.
R  INDICATES RECORD WAS SET OR TIED.
MM INDICATES DATA IS MISSING.
T  INDICATES TRACE AMOUNT.




$$
