000
CDUS44 KFWD 192126
CLIACT


CLIMATE REPORT
NATIONAL WEATHER SERVICE FORT WORTH TX
424 PM CDT SUN AUG 19 2018


...................................

...THE WACO CLIMATE SUMMARY FOR AUGUST 19 2018...
VALID AS OF 0400 PM LOCAL TIME.

CLIMATE NORMAL PERIOD 1981 TO 2010
CLIMATE RECORD PERIOD 1901 TO 2018


WEATHER ITEM   OBSERVED TIME   RECORD YEAR NORMAL DEPARTURE LAST
                VALUE   (LST)  VALUE       VALUE  FROM      YEAR
                                                  NORMAL
..................................................................
TEMPERATURE (F)
 TODAY
  MAXIMUM        101    259 PM 107    2011  97      4      100
  MINIMUM         79    636 AM  64    2013  74      5       77
  AVERAGE         90

PRECIPITATION (IN)
  TODAY            0.00          3.76 2008   0.06  -0.06     0.00
  MONTH TO DATE    0.55                      1.14  -0.59     2.06
  SINCE JUN 1      1.22                      6.36  -5.14     8.89
  SINCE JAN 1      9.59                     21.25 -11.66    28.20

..................................................................


WIND (MPH)
  HIGHEST WIND SPEED    18   HIGHEST WIND DIRECTION     S (170)
  HIGHEST GUST SPEED    24   HIGHEST GUST DIRECTION     S (170)
  AVERAGE WIND SPEED    12.7




..........................................................


THE WACO CLIMATE NORMALS FOR TOMORROW
                         NORMAL    RECORD    YEAR
 MAXIMUM TEMPERATURE (F)   97       107      2011
                                             1984
 MINIMUM TEMPERATURE (F)   74        58      1940


SUNRISE AND SUNSET
AUGUST 19 2018........SUNRISE   657 AM CDT   SUNSET   808 PM CDT
AUGUST 20 2018........SUNRISE   657 AM CDT   SUNSET   807 PM CDT


-  INDICATES NEGATIVE NUMBERS.
R  INDICATES RECORD WAS SET OR TIED.
MM INDICATES DATA IS MISSING.
T  INDICATES TRACE AMOUNT.




$$
