000
CDUS41 KPHI 210554
CLIACY


CLIMATE REPORT
NATIONAL WEATHER SERVICE MOUNT HOLLY NJ
154 AM EDT TUE AUG 21 2018


...................................

...THE ATLANTIC CITY NJ CLIMATE SUMMARY FOR AUGUST 20 2018...

CLIMATE NORMAL PERIOD 1981 TO 2010
CLIMATE RECORD PERIOD 1943 TO 2018


WEATHER ITEM   OBSERVED TIME   RECORD YEAR NORMAL DEPARTURE LAST
                VALUE   (LST)  VALUE       VALUE  FROM      YEAR
                                                  NORMAL
..................................................................
TEMPERATURE (F)
 YESTERDAY
  MAXIMUM         78    343 PM  98    1983  83     -5       85
  MINIMUM         67   1036 PM  49    1976  65      2       66
  AVERAGE         73                        74     -1       76

PRECIPITATION (IN)
  YESTERDAY        0.00         11.10 1997   0.14  -0.14     0.00
  MONTH TO DATE    1.63                      2.81  -1.18     3.11
  SINCE JUN 1      9.74                      9.64   0.10    15.79
  SINCE JAN 1     35.58                     26.92   8.66    37.45

SNOWFALL (IN)
  YESTERDAY        0.0           0.0    MM   0.0    0.0      0.0
  MONTH TO DATE    0.0                       0.0    0.0      0.0
  SINCE JUN 1      0.0                       0.0    0.0      0.0
  SINCE JUL 1      0.0                       0.0    0.0      0.0
  SNOW DEPTH       0

DEGREE DAYS
 HEATING
  YESTERDAY        0                         0      0        0
  MONTH TO DATE    0                         0      0        0
  SINCE JUN 1     11                        27    -16       24
  SINCE JUL 1      0                         0      0        0

 COOLING
  YESTERDAY        8                         9     -1       11
  MONTH TO DATE  324                       205    119      209
  SINCE JUN 1    953                       755    198      857
  SINCE JAN 1   1083                       819    264      942
..................................................................


WIND (MPH)
  HIGHEST WIND SPEED    15   HIGHEST WIND DIRECTION    NE (60)
  HIGHEST GUST SPEED    20   HIGHEST GUST DIRECTION    SE (150)
  AVERAGE WIND SPEED     7.3


SKY COVER
  POSSIBLE SUNSHINE  MM
  AVERAGE SKY COVER 0.7


WEATHER CONDITIONS
 THE FOLLOWING WEATHER WAS RECORDED YESTERDAY.
  FOG


RELATIVE HUMIDITY (PERCENT)
 HIGHEST    97           200 AM
 LOWEST     69           100 PM
 AVERAGE    83

..........................................................


THE ATLANTIC CITY NJ CLIMATE NORMALS FOR TODAY
                         NORMAL    RECORD    YEAR
 MAXIMUM TEMPERATURE (F)   83        94      2005
 MINIMUM TEMPERATURE (F)   65        49      1995


SUNRISE AND SUNSET
AUGUST 21 2018........SUNRISE   616 AM EDT   SUNSET   746 PM EDT
AUGUST 22 2018........SUNRISE   617 AM EDT   SUNSET   744 PM EDT


-  INDICATES NEGATIVE NUMBERS.
R  INDICATES RECORD WAS SET OR TIED.
MM INDICATES DATA IS MISSING.
T  INDICATES TRACE AMOUNT.




$$
