000
CDUS41 KPHI 212136
CLIACY

CLIMATE REPORT
NATIONAL WEATHER SERVICE MOUNT HOLLY NJ
436 PM EST FRI FEB 21 2020

...................................

...THE ATLANTIC CITY NJ CLIMATE SUMMARY FOR FEBRUARY 21 2020...
VALID TODAY AS OF 0400 PM LOCAL TIME.

CLIMATE NORMAL PERIOD: 1981 TO 2010
CLIMATE RECORD PERIOD: 1943 TO 2020


WEATHER ITEM   OBSERVED TIME   RECORD YEAR NORMAL DEPARTURE LAST
                VALUE   (LST)  VALUE       VALUE  FROM      YEAR
                                                  NORMAL
...................................................................
TEMPERATURE (F)
 TODAY
  MAXIMUM         38   2:22 PM  76    2018  46     -8       55
  MINIMUM         21   6:59 AM  -6    2015  27     -6       36
  AVERAGE         30                        36     -6       46

PRECIPITATION (IN)
  TODAY            0.00          1.31 1951   0.10  -0.10     0.05
  MONTH TO DATE    2.81                      2.08   0.73     3.32
  SINCE DEC 1     11.22                      8.99   2.23    13.71
  SINCE JAN 1      4.91                      5.30  -0.39     7.05

SNOWFALL (IN)
  TODAY            0.0           4.0  1947   0.3   -0.3      0.0
  MONTH TO DATE    0.0                       5.4   -5.4      6.9
  SINCE DEC 1      0.5                      13.6  -13.1     16.6
  SINCE JUL 1      0.5                      13.8  -13.3     16.6
  SNOW DEPTH       0

DEGREE DAYS
 HEATING
  TODAY           35                        29      6       19
  MONTH TO DATE  480                       637   -157      591
  SINCE DEC 1   1999                      2491   -492     2354
  SINCE JUL 1   2821                      3398   -577     3179

 COOLING
  TODAY            0                         0      0        0
  MONTH TO DATE    0                         0      0        0
  SINCE DEC 1      0                         0      0        0
  SINCE JAN 1      0                         0      0        0
...................................................................


WIND (MPH)
  HIGHEST WIND SPEED    20   HIGHEST WIND DIRECTION     N (10)
  HIGHEST GUST SPEED    30   HIGHEST GUST DIRECTION     N (350)
  AVERAGE WIND SPEED    11.0


SKY COVER
  POSSIBLE SUNSHINE  MM
  AVERAGE SKY COVER 0.0


WEATHER CONDITIONS
THE FOLLOWING WEATHER WAS RECORDED TODAY.
  NO SIGNIFICANT WEATHER WAS OBSERVED.


RELATIVE HUMIDITY (PERCENT)
 HIGHEST    54           7:00 AM
 LOWEST     21           4:00 PM
 AVERAGE    38

..........................................................


THE ATLANTIC CITY NJ CLIMATE NORMALS FOR TOMORROW
                         NORMAL    RECORD    YEAR
 MAXIMUM TEMPERATURE (F)   46        68      1991
 MINIMUM TEMPERATURE (F)   27         2      1968


SUNRISE AND SUNSET
FEBRUARY 21 2020......SUNRISE   6:43 AM EST   SUNSET   5:41 PM EST
FEBRUARY 22 2020......SUNRISE   6:42 AM EST   SUNSET   5:42 PM EST


-  INDICATES NEGATIVE NUMBERS.
R  INDICATES RECORD WAS SET OR TIED.
MM INDICATES DATA IS MISSING.
T  INDICATES TRACE AMOUNT.




$$
