000
CDUS41 KPHI 170557
CLIACY


CLIMATE REPORT
NATIONAL WEATHER SERVICE MOUNT HOLLY NJ
154 AM EDT WED OCT 17 2018


...................................

...THE ATLANTIC CITY NJ CLIMATE SUMMARY FOR OCTOBER 16 2018...

CLIMATE NORMAL PERIOD 1981 TO 2010
CLIMATE RECORD PERIOD 1943 TO 2018


WEATHER ITEM   OBSERVED TIME   RECORD YEAR NORMAL DEPARTURE LAST
                VALUE   (LST)  VALUE       VALUE  FROM      YEAR
                                                  NORMAL
..................................................................
TEMPERATURE (F)
 YESTERDAY
  MAXIMUM         74   1206 AM  85    2008  67      7       72
  MINIMUM         52    759 PM  31    1978  45      7       43
  AVERAGE         63                        56      7       58

PRECIPITATION (IN)
  YESTERDAY        0.26          1.69 1974   0.11   0.15     0.15
  MONTH TO DATE    3.44                      1.76   1.68     0.90
  SINCE SEP 1     11.98                      4.91   7.07     4.95
  SINCE JAN 1     48.89                     33.13  15.76    43.52

SNOWFALL (IN)
  YESTERDAY        0.0           0.0    MM   0.0    0.0      0.0
  MONTH TO DATE    0.0                       0.0    0.0      0.0
  SINCE SEP 1      0.0                       0.0    0.0      0.0
  SINCE JUL 1      0.0                       0.0    0.0      0.0
  SNOW DEPTH       0

DEGREE DAYS
 HEATING
  YESTERDAY        2                        10     -8        7
  MONTH TO DATE   32                       119    -87       33
  SINCE SEP 1     33                       178   -145       52
  SINCE JUL 1     33                       181   -148       52

 COOLING
  YESTERDAY        0                         0      0        0
  MONTH TO DATE   85                        16     69       67
  SINCE SEP 1    341                       141    200      240
  SINCE JAN 1   1570                      1050    520     1257
..................................................................


WIND (MPH)
  HIGHEST WIND SPEED    33   HIGHEST WIND DIRECTION    NW (310)
  HIGHEST GUST SPEED    46   HIGHEST GUST DIRECTION    NW (310)
  AVERAGE WIND SPEED     7.7


SKY COVER
  POSSIBLE SUNSHINE  MM
  AVERAGE SKY COVER 0.2


WEATHER CONDITIONS
 THE FOLLOWING WEATHER WAS RECORDED YESTERDAY.
  HEAVY RAIN
  RAIN
  LIGHT RAIN
  FOG


RELATIVE HUMIDITY (PERCENT)
 HIGHEST    80           400 AM
 LOWEST     39           200 PM
 AVERAGE    60

..........................................................


THE ATLANTIC CITY NJ CLIMATE NORMALS FOR TODAY
                         NORMAL    RECORD    YEAR
 MAXIMUM TEMPERATURE (F)   66        81      2016
                                             1996
                                             1963
 MINIMUM TEMPERATURE (F)   45        31      1982
                                             1978


SUNRISE AND SUNSET
OCTOBER 17 2018.......SUNRISE   710 AM EDT   SUNSET   616 PM EDT
OCTOBER 18 2018.......SUNRISE   711 AM EDT   SUNSET   615 PM EDT


-  INDICATES NEGATIVE NUMBERS.
R  INDICATES RECORD WAS SET OR TIED.
MM INDICATES DATA IS MISSING.
T  INDICATES TRACE AMOUNT.




$$
