000
CDUS41 KPHI 260556
CLIACY

CLIMATE REPORT
NATIONAL WEATHER SERVICE MOUNT HOLLY NJ
156 AM EDT MON OCT 26 2020

...................................

...THE ATLANTIC CITY NJ CLIMATE SUMMARY FOR OCTOBER 25 2020...

CLIMATE NORMAL PERIOD: 1981 TO 2010
CLIMATE RECORD PERIOD: 1943 TO 2020


WEATHER ITEM   OBSERVED TIME   RECORD YEAR NORMAL DEPARTURE LAST
                VALUE   (LST)  VALUE       VALUE  FROM      YEAR
                                                  NORMAL
...................................................................
TEMPERATURE (F)
 YESTERDAY
  MAXIMUM         58  11:59 PM  79    2001  64     -6       67
  MINIMUM         47   8:22 AM  29    1978  43      4       41
  AVERAGE         53                        53      0       54

PRECIPITATION (IN)
  YESTERDAY        0.04          2.49 1958   0.12  -0.08     0.00
  MONTH TO DATE    3.70                      2.74   0.96     3.96
  SINCE SEP 1      9.52                      5.89   3.63     5.33
  SINCE JAN 1     44.29                     34.11  10.18    35.40

SNOWFALL (IN)
  YESTERDAY        0.0           0.0    MM   0.0    0.0      0.0
  MONTH TO DATE    0.0                       0.0    0.0      0.0
  SINCE SEP 1      0.0                       0.0    0.0      0.0
  SINCE JUL 1      0.0                       0.0    0.0      0.0
  SNOW DEPTH       0

DEGREE DAYS
 HEATING
  YESTERDAY       12                        12      0       11
  MONTH TO DATE  127                       218    -91      147
  SINCE SEP 1    182                       277    -95      158
  SINCE JUL 1    182                       280    -98      158

 COOLING
  YESTERDAY        0                         0      0        0
  MONTH TO DATE   10                        16     -6       39
  SINCE SEP 1    158                       141     17      231
  SINCE JAN 1   1345                      1050    295     1408
...................................................................


WIND (MPH)
  HIGHEST WIND SPEED    15   HIGHEST WIND DIRECTION    NE (50)
  HIGHEST GUST SPEED    20   HIGHEST GUST DIRECTION     N (20)
  AVERAGE WIND SPEED     8.9


SKY COVER
  POSSIBLE SUNSHINE  MM
  AVERAGE SKY COVER 1.0


WEATHER CONDITIONS
THE FOLLOWING WEATHER WAS RECORDED YESTERDAY.
  LIGHT RAIN
  FOG


RELATIVE HUMIDITY (PERCENT)
 HIGHEST    93          11:00 PM
 LOWEST     61           1:00 AM
 AVERAGE    77

..........................................................


THE ATLANTIC CITY NJ CLIMATE NORMALS FOR TODAY
                         NORMAL    RECORD    YEAR
 MAXIMUM TEMPERATURE (F)   63        80      1963
 MINIMUM TEMPERATURE (F)   42        26      1987


SUNRISE AND SUNSET
OCTOBER 26 2020.......SUNRISE   7:20 AM EDT   SUNSET   6:03 PM EDT
OCTOBER 27 2020.......SUNRISE   7:21 AM EDT   SUNSET   6:02 PM EDT


-  INDICATES NEGATIVE NUMBERS.
R  INDICATES RECORD WAS SET OR TIED.
MM INDICATES DATA IS MISSING.
T  INDICATES TRACE AMOUNT.




$$
