296
CDUS41 KPHI 140556
CLIACY


CLIMATE REPORT
NATIONAL WEATHER SERVICE MOUNT HOLLY NJ
154 AM EDT MON OCT 14 2019


...................................

...THE ATLANTIC CITY NJ CLIMATE SUMMARY FOR OCTOBER 13 2019...

CLIMATE NORMAL PERIOD 1981 TO 2010
CLIMATE RECORD PERIOD 1943 TO 2019


WEATHER ITEM   OBSERVED TIME   RECORD YEAR NORMAL DEPARTURE LAST
                VALUE   (LST)  VALUE       VALUE  FROM      YEAR
                                                  NORMAL
..................................................................
TEMPERATURE (F)
 YESTERDAY
  MAXIMUM         68   1201 PM  85    1954  68      0       61
  MINIMUM         50    631 AM  29    1988  46      4       44
  AVERAGE         59                        57      2       53

PRECIPITATION (IN)
  YESTERDAY        0.42          1.62 2005   0.11   0.31     0.01
  MONTH TO DATE    0.68                      1.43  -0.75     3.07
  SINCE SEP 1      2.05                      4.58  -2.53    11.61
  SINCE JAN 1     32.12                     32.80  -0.68    48.52

SNOWFALL (IN)
  YESTERDAY        0.0           T    1980   0.0    0.0      0.0
  MONTH TO DATE    0.0                       0.0    0.0      0.0
  SINCE SEP 1      0.0                       0.0    0.0      0.0
  SINCE JUL 1      0.0                       0.0    0.0      0.0
  SNOW DEPTH       0

DEGREE DAYS
 HEATING
  YESTERDAY        6                         9     -3       12
  MONTH TO DATE   45                        91    -46       17
  SINCE SEP 1     56                       150    -94       18
  SINCE JUL 1     56                       153    -97       18

 COOLING
  YESTERDAY        0                         1     -1        0
  MONTH TO DATE   39                        14     25       84
  SINCE SEP 1    231                       139     92      340
  SINCE JAN 1   1408                      1048    360     1569
..................................................................


WIND (MPH)
  HIGHEST WIND SPEED    10   HIGHEST WIND DIRECTION     E (110)
  HIGHEST GUST SPEED    19   HIGHEST GUST DIRECTION    NE (60)
  AVERAGE WIND SPEED     5.6


SKY COVER
  POSSIBLE SUNSHINE  MM
  AVERAGE SKY COVER 0.7


WEATHER CONDITIONS
 THE FOLLOWING WEATHER WAS RECORDED YESTERDAY.
  HEAVY RAIN
  RAIN
  LIGHT RAIN
  FOG


RELATIVE HUMIDITY (PERCENT)
 HIGHEST    97           900 PM
 LOWEST     48          1200 PM
 AVERAGE    73

..........................................................


THE ATLANTIC CITY NJ CLIMATE NORMALS FOR TODAY
                         NORMAL    RECORD    YEAR
 MAXIMUM TEMPERATURE (F)   67        83      1990
 MINIMUM TEMPERATURE (F)   46        28      1988


SUNRISE AND SUNSET
OCTOBER 14 2019.......SUNRISE   707 AM EDT   SUNSET   621 PM EDT
OCTOBER 15 2019.......SUNRISE   708 AM EDT   SUNSET   620 PM EDT


-  INDICATES NEGATIVE NUMBERS.
R  INDICATES RECORD WAS SET OR TIED.
MM INDICATES DATA IS MISSING.
T  INDICATES TRACE AMOUNT.




$$
