000
CDUS41 KPHI 210557
CLIACY


CLIMATE REPORT
NATIONAL WEATHER SERVICE MOUNT HOLLY NJ
1257 AM EST MON JAN 21 2019


...................................

...THE ATLANTIC CITY NJ CLIMATE SUMMARY FOR JANUARY 20 2019...

CLIMATE NORMAL PERIOD 1981 TO 2010
CLIMATE RECORD PERIOD 1943 TO 2019


WEATHER ITEM   OBSERVED TIME   RECORD YEAR NORMAL DEPARTURE LAST
                VALUE   (LST)  VALUE       VALUE  FROM      YEAR
                                                  NORMAL
..................................................................
TEMPERATURE (F)
 YESTERDAY
  MAXIMUM         55   1114 AM  65    1951  41     14       58
  MINIMUM         18   1159 PM  -4    1985  24     -6       29
  AVERAGE         37                        33      4       44

PRECIPITATION (IN)
  YESTERDAY        0.86          1.02 2001   0.10   0.76     0.00
  MONTH TO DATE    1.79                      2.11  -0.32     1.44
  SINCE DEC 1      8.45                      5.80   2.65     2.99
  SINCE JAN 1      1.79                      2.11  -0.32     1.44

SNOWFALL (IN)
  YESTERDAY        0.0           3.4  2000   0.1   -0.1      0.0
                                      2002
  MONTH TO DATE    4.9                       2.5    2.4     14.2
  SINCE DEC 1      9.7                       6.2    3.5     24.2
  SINCE JUL 1      9.7                       6.4    3.3     24.2
  SNOW DEPTH       0

DEGREE DAYS
 HEATING
  YESTERDAY       28                        32     -4       21
  MONTH TO DATE  584                       638    -54      734
  SINCE DEC 1   1360                      1500   -140     1645
  SINCE JUL 1   2185                      2407   -222     2348

 COOLING
  YESTERDAY        0                         0      0        0
  MONTH TO DATE    0                         0      0        0
  SINCE DEC 1      0                         0      0        0
  SINCE JAN 1      0                         0      0        0
..................................................................


WIND (MPH)
  HIGHEST WIND SPEED    33   HIGHEST WIND DIRECTION    NW (300)
  HIGHEST GUST SPEED    47   HIGHEST GUST DIRECTION    NW (320)
  AVERAGE WIND SPEED    18.4


SKY COVER
  POSSIBLE SUNSHINE  MM
  AVERAGE SKY COVER 0.8


WEATHER CONDITIONS
 THE FOLLOWING WEATHER WAS RECORDED YESTERDAY.
  HEAVY RAIN
  RAIN
  LIGHT RAIN
  FOG


RELATIVE HUMIDITY (PERCENT)
 HIGHEST   100           400 AM
 LOWEST     56          1100 PM
 AVERAGE    78

..........................................................


THE ATLANTIC CITY NJ CLIMATE NORMALS FOR TODAY
                         NORMAL    RECORD    YEAR
 MAXIMUM TEMPERATURE (F)   41        62      2006
                                             1974
 MINIMUM TEMPERATURE (F)   24        -9      1985


SUNRISE AND SUNSET
JANUARY 21 2019.......SUNRISE   714 AM EST   SUNSET   505 PM EST
JANUARY 22 2019.......SUNRISE   713 AM EST   SUNSET   507 PM EST


-  INDICATES NEGATIVE NUMBERS.
R  INDICATES RECORD WAS SET OR TIED.
MM INDICATES DATA IS MISSING.
T  INDICATES TRACE AMOUNT.




$$
