000
CDUS44 KLCH 230809
CLIAEX


CLIMATE REPORT
NATIONAL WEATHER SERVICE LAKE CHARLES, LA
309 AM CDT TUE OCT 23 2018


...................................

...THE ALEXANDRIA CLIMATE SUMMARY FOR OCTOBER 22 2018...

CLIMATE NORMAL PERIOD 1981 TO 2010
CLIMATE RECORD PERIOD 1892 TO 2018


WEATHER ITEM   OBSERVED TIME   RECORD YEAR NORMAL DEPARTURE LAST
                VALUE   (LST)  VALUE       VALUE  FROM      YEAR
                                                  NORMAL
..................................................................
TEMPERATURE (F)
 YESTERDAY
  MAXIMUM         67    202 PM  93    1939  78    -11       71
  MINIMUM         43    347 AM  34    1976  53    -10       54
                                      1898
  AVERAGE         55                        65    -10       63

PRECIPITATION (IN)
  YESTERDAY        0.00          3.98 2009   0.17  -0.17     0.23
  MONTH TO DATE    5.11                      4.33   0.78     0.26
  SINCE SEP 1      9.17                      7.23   1.94     0.35
  SINCE JAN 1     51.11                     43.46   7.65    43.58

SNOWFALL (IN)
  YESTERDAY        0.0           0.0    MM  MM     MM        0.0
  MONTH TO DATE    0.0                      MM     MM        0.0
  SINCE SEP 1      0.0                      MM     MM        0.0
  SINCE JUL 1      0.0                      MM     MM        0.0
  SNOW DEPTH       0

DEGREE DAYS
 HEATING
  YESTERDAY       10                         3      7        2
  MONTH TO DATE   34                        36     -2       10
  SINCE SEP 1     34                        39     -5       10
  SINCE JUL 1     34                        39     -5       10

 COOLING
  YESTERDAY        0                         3     -3        0
  MONTH TO DATE  202                       112     90      216
  SINCE SEP 1    687                       475    212      591
  SINCE JAN 1   3011                      2462    549     2620
..................................................................


WIND (MPH)
  HIGHEST WIND SPEED     9   HIGHEST WIND DIRECTION    NE (40)
  HIGHEST GUST SPEED    11   HIGHEST GUST DIRECTION    NE (40)
  AVERAGE WIND SPEED     2.4


SKY COVER
  POSSIBLE SUNSHINE  MM
  AVERAGE SKY COVER 0.1


WEATHER CONDITIONS
 THE FOLLOWING WEATHER WAS RECORDED YESTERDAY.
  NO SIGNIFICANT WEATHER WAS OBSERVED.


RELATIVE HUMIDITY (PERCENT)
 HIGHEST    92           100 AM
 LOWEST     42          1200 PM
 AVERAGE    67

..........................................................


THE ALEXANDRIA CLIMATE NORMALS FOR TODAY
                         NORMAL    RECORD    YEAR
 MAXIMUM TEMPERATURE (F)   78        93      1939
 MINIMUM TEMPERATURE (F)   52        33      1893


SUNRISE AND SUNSET
OCTOBER 23 2018.......SUNRISE   719 AM CDT   SUNSET   630 PM CDT
OCTOBER 24 2018.......SUNRISE   720 AM CDT   SUNSET   629 PM CDT


-  INDICATES NEGATIVE NUMBERS.
R  INDICATES RECORD WAS SET OR TIED.
MM INDICATES DATA IS MISSING.
T  INDICATES TRACE AMOUNT.




$$
