014
CDUS44 KLCH 180819
CLIAEX


CLIMATE REPORT
NATIONAL WEATHER SERVICE LAKE CHARLES, LA
218 AM CST MON FEB 18 2019


...................................

...THE ALEXANDRIA CLIMATE SUMMARY FOR FEBRUARY 17 2019...

CLIMATE NORMAL PERIOD 1981 TO 2010
CLIMATE RECORD PERIOD 1892 TO 2019


WEATHER ITEM   OBSERVED TIME   RECORD YEAR NORMAL DEPARTURE LAST
                VALUE   (LST)  VALUE       VALUE  FROM      YEAR
                                                  NORMAL
..................................................................
TEMPERATURE (F)
 YESTERDAY
  MAXIMUM         61    938 AM  82    1911  63     -2       75
  MINIMUM         43   1159 PM  19    1903  41      2       53
                                      1900
  AVERAGE         52                        52      0       64

PRECIPITATION (IN)
  YESTERDAY        0.39          4.10 1910   0.17   0.22     0.05
  MONTH TO DATE    1.04                      2.66  -1.62     4.27
  SINCE DEC 1     16.99                     14.00   2.99    11.69
  SINCE JAN 1      9.24                      7.88   1.36     9.36

SNOWFALL (IN)
  YESTERDAY        0.0           0.0    MM  MM     MM        0.0
  MONTH TO DATE    0.0                      MM     MM        0.0
  SINCE DEC 1      0.0                      MM     MM        2.9
  SINCE JUL 1      0.0                      MM     MM        2.9
  SNOW DEPTH       0

DEGREE DAYS
 HEATING
  YESTERDAY       13                        13      0        1
  MONTH TO DATE  144                       246   -102      184
  SINCE DEC 1   1030                      1212   -182     1334
  SINCE JUL 1   1418                      1537   -119     1604
..................................................................


WIND (MPH)
  HIGHEST WIND SPEED    17   HIGHEST WIND DIRECTION    NW (320)
  HIGHEST GUST SPEED    22   HIGHEST GUST DIRECTION    NW (320)
  AVERAGE WIND SPEED     7.5


SKY COVER
  POSSIBLE SUNSHINE  MM
  AVERAGE SKY COVER 1.0


WEATHER CONDITIONS
 THE FOLLOWING WEATHER WAS RECORDED YESTERDAY.
  HEAVY RAIN
  RAIN
  LIGHT RAIN
  FOG
  FOG W/VISIBILITY <= 1/4 MILE


RELATIVE HUMIDITY (PERCENT)
 HIGHEST   100           400 AM
 LOWEST     72          1200 AM
 AVERAGE    86

..........................................................


THE ALEXANDRIA CLIMATE NORMALS FOR TODAY
                         NORMAL    RECORD    YEAR
 MAXIMUM TEMPERATURE (F)   64        83      1907
 MINIMUM TEMPERATURE (F)   42        16      1900


SUNRISE AND SUNSET
FEBRUARY 18 2019......SUNRISE   649 AM CST   SUNSET   600 PM CST
FEBRUARY 19 2019......SUNRISE   648 AM CST   SUNSET   601 PM CST


-  INDICATES NEGATIVE NUMBERS.
R  INDICATES RECORD WAS SET OR TIED.
MM INDICATES DATA IS MISSING.
T  INDICATES TRACE AMOUNT.




$$
