633
CDUS44 KLCH 241011
CLIAEX


CLIMATE REPORT
NATIONAL WEATHER SERVICE LAKE CHARLES, LA
411 AM CST SAT FEB 24 2018


...................................

...THE ALEXANDRIA CLIMATE SUMMARY FOR FEBRUARY 23 2018...

CLIMATE NORMAL PERIOD 1981 TO 2010
CLIMATE RECORD PERIOD 1892 TO 2018


WEATHER ITEM   OBSERVED TIME   RECORD YEAR NORMAL DEPARTURE LAST
                VALUE   (LST)  VALUE       VALUE  FROM      YEAR
                                                  NORMAL
..................................................................
TEMPERATURE (F)
 YESTERDAY
  MAXIMUM         80    212 PM  84    1907  65     15       78
  MINIMUM         65    718 AM  19    1968  43     22       51
  AVERAGE         73                        54     19       65

PRECIPITATION (IN)
  YESTERDAY        0.01          1.33 1979   0.17  -0.16     0.00
  MONTH TO DATE    7.22                      3.68   3.54     1.91
  SINCE DEC 1     14.64                     15.02  -0.38    16.73
  SINCE JAN 1     12.31                      8.90   3.41     7.68

SNOWFALL (IN)
  YESTERDAY        0.0           4.2  1968  MM     MM        0.0
  MONTH TO DATE    0.0                      MM     MM        0.0
  SINCE DEC 1      2.9                      MM     MM        0.5
  SINCE JUL 1      2.9                      MM     MM        0.5
  SNOW DEPTH       0

DEGREE DAYS
 HEATING
  YESTERDAY        0                        12    -12        0
  MONTH TO DATE  190                       320   -130      115
  SINCE DEC 1   1340                      1286     54      780
  SINCE JUL 1   1610                      1611     -1      955
..................................................................


WIND (MPH)
  HIGHEST WIND SPEED    18   HIGHEST WIND DIRECTION    SE (150)
  HIGHEST GUST SPEED    23   HIGHEST GUST DIRECTION    SE (150)
  AVERAGE WIND SPEED     8.3


SKY COVER
  POSSIBLE SUNSHINE  MM
  AVERAGE SKY COVER 0.8


WEATHER CONDITIONS
 THE FOLLOWING WEATHER WAS RECORDED YESTERDAY.
  LIGHT RAIN
  FOG
  FOG W/VISIBILITY <= 1/4 MILE


RELATIVE HUMIDITY (PERCENT)
 HIGHEST   100           400 AM
 LOWEST     60           400 PM
 AVERAGE    80

..........................................................


THE ALEXANDRIA CLIMATE NORMALS FOR TODAY
                         NORMAL    RECORD    YEAR
 MAXIMUM TEMPERATURE (F)   65        83      2011
 MINIMUM TEMPERATURE (F)   43        20      1968


SUNRISE AND SUNSET
FEBRUARY 24 2018......SUNRISE   642 AM CST   SUNSET   605 PM CST
FEBRUARY 25 2018......SUNRISE   641 AM CST   SUNSET   605 PM CST


-  INDICATES NEGATIVE NUMBERS.
R  INDICATES RECORD WAS SET OR TIED.
MM INDICATES DATA IS MISSING.
T  INDICATES TRACE AMOUNT.




$$
