000
CDUS44 KLCH 252208
CLIAEX


CLIMATE REPORT
NATIONAL WEATHER SERVICE LAKE CHARLES, LA
408 PM CST TUE FEB 25 2020


...................................

...THE ALEXANDRIA CLIMATE SUMMARY FOR FEBRUARY 25 2020...
VALID TODAY AS OF 0400 PM LOCAL TIME.

CLIMATE NORMAL PERIOD 1981 TO 2010
CLIMATE RECORD PERIOD 1892 TO 2020


WEATHER ITEM   OBSERVED TIME   RECORD YEAR NORMAL DEPARTURE LAST
                VALUE   (LST)  VALUE       VALUE  FROM      YEAR
                                                  NORMAL
..................................................................
TEMPERATURE (F)
 TODAY
  MAXIMUM         69    359 PM  83    1906  66      3       62
  MINIMUM         45    747 AM  22    1914  43      2       36
  AVERAGE         57                        54      3       49

PRECIPITATION (IN)
  TODAY            0.00          4.16 2018   0.15  -0.15     0.04
  MONTH TO DATE    4.38                      3.99   0.39     2.59
  SINCE DEC 1     16.98                     15.33   1.65    18.54
  SINCE JAN 1     13.35                      9.21   4.14    10.79

SNOWFALL (IN)
  TODAY            0.0           T    1965  MM     MM       MM
  MONTH TO DATE    0.0                      MM     MM        0.0
  SINCE DEC 1      0.0                      MM     MM        0.0
  SINCE JUL 1      0.0                      MM     MM        0.0
  SNOW DEPTH       0

DEGREE DAYS
 HEATING
  TODAY            8                        11     -3       16
  MONTH TO DATE  286                       342    -56      239
  SINCE DEC 1   1047                      1308   -261     1125
  SINCE JUL 1   1452                      1633   -181     1513
..................................................................


WIND (MPH)
  HIGHEST WIND SPEED    13   HIGHEST WIND DIRECTION     N (340)
  HIGHEST GUST SPEED    18   HIGHEST GUST DIRECTION     N (350)
  AVERAGE WIND SPEED     3.2


SKY COVER
  POSSIBLE SUNSHINE  MM
  AVERAGE SKY COVER 0.1


WEATHER CONDITIONS
 THE FOLLOWING WEATHER WAS RECORDED TODAY.
  NO SIGNIFICANT WEATHER WAS OBSERVED.


RELATIVE HUMIDITY (PERCENT)
 HIGHEST   100          1200 AM
 LOWEST     45           300 PM
 AVERAGE    73

..........................................................


THE ALEXANDRIA CLIMATE NORMALS FOR TOMORROW
                         NORMAL    RECORD    YEAR
 MAXIMUM TEMPERATURE (F)   66        85      1977
                                             1918
 MINIMUM TEMPERATURE (F)   44        24      1914


SUNRISE AND SUNSET
FEBRUARY 25 2020......SUNRISE   642 AM CST   SUNSET   605 PM CST
FEBRUARY 26 2020......SUNRISE   641 AM CST   SUNSET   606 PM CST


-  INDICATES NEGATIVE NUMBERS.
R  INDICATES RECORD WAS SET OR TIED.
MM INDICATES DATA IS MISSING.
T  INDICATES TRACE AMOUNT.




$$
