000
CDUS44 KLCH 141000
CLIAEX


CLIMATE REPORT
NATIONAL WEATHER SERVICE LAKE CHARLES, LA
500 AM CDT MON OCT 14 2019


...................................

...THE ALEXANDRIA CLIMATE SUMMARY FOR OCTOBER 13 2019...

CLIMATE NORMAL PERIOD 1981 TO 2010
CLIMATE RECORD PERIOD 1892 TO 2019


WEATHER ITEM   OBSERVED TIME   RECORD YEAR NORMAL DEPARTURE LAST
                VALUE   (LST)  VALUE       VALUE  FROM      YEAR
                                                  NORMAL
..................................................................
TEMPERATURE (F)
 YESTERDAY
  MAXIMUM         76    331 PM  93    2017  80     -4       86
  MINIMUM         49    240 AM  35    1893  56     -7       63
  AVERAGE         63                        68     -5       75

PRECIPITATION (IN)
  YESTERDAY        0.00          3.98 2001   0.20  -0.20     0.00
  MONTH TO DATE    0.05                      2.59  -2.54     2.32
  SINCE SEP 1      2.32                      5.49  -3.17     6.38
  SINCE JAN 1     53.42                     41.72  11.70    48.32

SNOWFALL (IN)
  YESTERDAY        0.0           0.0    MM  MM     MM        0.0
  MONTH TO DATE    0.0                      MM     MM        0.0
  SINCE SEP 1      0.0                      MM     MM        0.0
  SINCE JUL 1      0.0                      MM     MM        0.0
  SNOW DEPTH       0

DEGREE DAYS
 HEATING
  YESTERDAY        2                         2      0        0
  MONTH TO DATE    6                        14     -8        0
  SINCE SEP 1      6                        17    -11        0
  SINCE JUL 1      6                        17    -11        0

 COOLING
  YESTERDAY        0                         5     -5       10
  MONTH TO DATE  139                        77     62      167
  SINCE SEP 1    653                       440    213      652
  SINCE JAN 1   2690                      2427    263     2976
..................................................................


WIND (MPH)
  HIGHEST WIND SPEED    10   HIGHEST WIND DIRECTION    NW (320)
  HIGHEST GUST SPEED    14   HIGHEST GUST DIRECTION     N (350)
  AVERAGE WIND SPEED     3.5


SKY COVER
  POSSIBLE SUNSHINE  MM
  AVERAGE SKY COVER 0.3


WEATHER CONDITIONS
 THE FOLLOWING WEATHER WAS RECORDED YESTERDAY.
  NO SIGNIFICANT WEATHER WAS OBSERVED.


RELATIVE HUMIDITY (PERCENT)
 HIGHEST    83           200 AM
 LOWEST     33           400 PM
 AVERAGE    58

..........................................................


THE ALEXANDRIA CLIMATE NORMALS FOR TODAY
                         NORMAL    RECORD    YEAR
 MAXIMUM TEMPERATURE (F)   80        93      2017
 MINIMUM TEMPERATURE (F)   56        38      1907
                                             1901


SUNRISE AND SUNSET
OCTOBER 14 2019.......SUNRISE   712 AM CDT   SUNSET   640 PM CDT
OCTOBER 15 2019.......SUNRISE   713 AM CDT   SUNSET   639 PM CDT


-  INDICATES NEGATIVE NUMBERS.
R  INDICATES RECORD WAS SET OR TIED.
MM INDICATES DATA IS MISSING.
T  INDICATES TRACE AMOUNT.




$$
