000
CDUS44 KLCH 210911
CLIAEX


CLIMATE REPORT
NATIONAL WEATHER SERVICE LAKE CHARLES, LA
410 AM CDT WED OCT 21 2020


...................................

...THE ALEXANDRIA CLIMATE SUMMARY FOR OCTOBER 20 2020...

CLIMATE NORMAL PERIOD 1981 TO 2010
CLIMATE RECORD PERIOD 1892 TO 2020


WEATHER ITEM   OBSERVED TIME   RECORD YEAR NORMAL DEPARTURE LAST
                VALUE   (LST)  VALUE       VALUE  FROM      YEAR
                                                  NORMAL
..................................................................
TEMPERATURE (F)
 YESTERDAY
  MAXIMUM         86    158 PM  92    1899  79      7       89
  MINIMUM         62    622 AM  30    1989  53      9       67
  AVERAGE         74                        66      8       78

PRECIPITATION (IN)
  YESTERDAY        0.00          2.74 1902   0.18  -0.18     0.00
  MONTH TO DATE   11.98                      3.99   7.99     1.47
  SINCE SEP 1     16.99                      6.89  10.10     3.74
  SINCE JAN 1     69.16                     43.12  26.04    54.84

SNOWFALL (IN)
  YESTERDAY        0.0           0.0    MM  MM     MM        0.0
  MONTH TO DATE    0.0                      MM     MM        0.0
  SINCE SEP 1      0.0                      MM     MM        0.0
  SINCE JUL 1      0.0                      MM     MM        0.0
  SNOW DEPTH       0

DEGREE DAYS
 HEATING
  YESTERDAY        0                         3     -3        0
  MONTH TO DATE    8                        30    -22       19
  SINCE SEP 1      8                        33    -25       19
  SINCE JUL 1      8                        33    -25       19

 COOLING
  YESTERDAY        9                         4      5       13
  MONTH TO DATE  114                       105      9      166
  SINCE SEP 1    513                       468     45      680
  SINCE JAN 1   2569                      2455    114     2717
..................................................................


WIND (MPH)
  HIGHEST WIND SPEED    10   HIGHEST WIND DIRECTION     E (110)
  HIGHEST GUST SPEED    17   HIGHEST GUST DIRECTION     E (110)
  AVERAGE WIND SPEED     3.8


SKY COVER
  POSSIBLE SUNSHINE  MM
  AVERAGE SKY COVER 0.2


WEATHER CONDITIONS
 THE FOLLOWING WEATHER WAS RECORDED YESTERDAY.
  FOG
  FOG W/VISIBILITY <= 1/4 MILE
  HAZE


RELATIVE HUMIDITY (PERCENT)
 HIGHEST   100           500 AM
 LOWEST     48           200 PM
 AVERAGE    74

..........................................................


THE ALEXANDRIA CLIMATE NORMALS FOR TODAY
                         NORMAL    RECORD    YEAR
 MAXIMUM TEMPERATURE (F)   78        91      1899
 MINIMUM TEMPERATURE (F)   53        31      1989


SUNRISE AND SUNSET
OCTOBER 21 2020.......SUNRISE   718 AM CDT   SUNSET   631 PM CDT
OCTOBER 22 2020.......SUNRISE   719 AM CDT   SUNSET   630 PM CDT


-  INDICATES NEGATIVE NUMBERS.
R  INDICATES RECORD WAS SET OR TIED.
MM INDICATES DATA IS MISSING.
T  INDICATES TRACE AMOUNT.




$$
