000
CDUS44 KLCH 202203
CLIAEX


CLIMATE REPORT
NATIONAL WEATHER SERVICE LAKE CHARLES, LA
503 PM CDT FRI JUL 20 2018


...................................

...THE ALEXANDRIA CLIMATE SUMMARY FOR JULY 20 2018...
VALID TODAY AS OF 0500 PM LOCAL TIME.

CLIMATE NORMAL PERIOD 1981 TO 2010
CLIMATE RECORD PERIOD 1892 TO 2018


WEATHER ITEM   OBSERVED TIME   RECORD YEAR NORMAL DEPARTURE LAST
                VALUE   (LST)  VALUE       VALUE  FROM      YEAR
                                                  NORMAL
..................................................................
TEMPERATURE (F)
 TODAY
  MAXIMUM         98    359 PM 102    1924  92      6       96
  MINIMUM         76    546 AM  63    1957  73      3       74
                                      1910
  AVERAGE         87                        82      5       85

PRECIPITATION (IN)
  TODAY            0.00          1.92 1969   0.08  -0.08     0.00
  MONTH TO DATE    4.94                      2.70   2.24     2.44
  SINCE JUN 1      8.11                      7.80   0.31     8.33
  SINCE JAN 1     39.83                     31.80   8.03    33.04

DEGREE DAYS
 COOLING
  TODAY           22                        18      4       20
  MONTH TO DATE  385                       342     43      361
  SINCE JUN 1    915                       795    120      775
  SINCE JAN 1   1546                      1249    297     1350
..................................................................


WIND (MPH)
  HIGHEST WIND SPEED    10   HIGHEST WIND DIRECTION    SW (230)
  HIGHEST GUST SPEED    17   HIGHEST GUST DIRECTION    SE (130)
  AVERAGE WIND SPEED     4.4


SKY COVER
  POSSIBLE SUNSHINE  MM
  AVERAGE SKY COVER 0.0


WEATHER CONDITIONS
 THE FOLLOWING WEATHER WAS RECORDED TODAY.
  FOG
  HAZE


RELATIVE HUMIDITY (PERCENT)
 HIGHEST    94           400 AM
 LOWEST     39           300 PM
 AVERAGE    67

..........................................................


THE ALEXANDRIA CLIMATE NORMALS FOR TOMORROW
                         NORMAL    RECORD    YEAR
 MAXIMUM TEMPERATURE (F)   92       103      1924
 MINIMUM TEMPERATURE (F)   73        65      1984
                                             1910
                                             1903


SUNRISE AND SUNSET
JULY 20 2018..........SUNRISE   619 AM CDT   SUNSET   813 PM CDT
JULY 21 2018..........SUNRISE   620 AM CDT   SUNSET   813 PM CDT


-  INDICATES NEGATIVE NUMBERS.
R  INDICATES RECORD WAS SET OR TIED.
MM INDICATES DATA IS MISSING.
T  INDICATES TRACE AMOUNT.




$$
