607
CDUS42 KCAE 172221
CLIAGS


CLIMATE REPORT
NATIONAL WEATHER SERVICE COLUMBIA SC
520 PM EST SUN FEB 17 2019


...................................

...THE AUGUSTA BUSH FIELD GA CLIMATE SUMMARY FOR FEBRUARY 17 2019...
VALID TODAY AS OF 0500 PM LOCAL TIME.

CLIMATE NORMAL PERIOD 1981 TO 2010
CLIMATE RECORD PERIOD 1873 TO 2019


WEATHER ITEM   OBSERVED TIME   RECORD YEAR NORMAL DEPARTURE LAST
                VALUE   (LST)  VALUE       VALUE  FROM      YEAR
                                                  NORMAL
..................................................................
TEMPERATURE (F)
 TODAY
  MAXIMUM         52   1223 AM  82    1883  63    -11       80
  MINIMUM         47    936 AM  10    1958  36     11       55
  AVERAGE         50                        50      0       68

PRECIPITATION (IN)
  TODAY            T             1.44 1965   0.15  -0.15     0.00
  MONTH TO DATE    0.67                      2.31  -1.64     1.44
  SINCE DEC 1     11.01                      9.61   1.40     7.64
  SINCE JAN 1      5.07                      6.22  -1.15     3.53

SNOWFALL (IN)
  TODAY            0.0          MM      MM   0.0             0.0
  MONTH TO DATE    0.0                       0.2             0.0
  SINCE DEC 1      0.0                       0.7              T
  SINCE JUL 1      0.0                       0.7              T

DEGREE DAYS
 HEATING
  TODAY           15                        16     -1        0
  MONTH TO DATE  166                       290   -124      155
  SINCE DEC 1   1095                      1453   -358     1298
  SINCE JUL 1   1512                      1875   -363     1663

 COOLING
  TODAY            0                         0      0        3
  MONTH TO DATE    8                         0      8       14
  SINCE DEC 1     15                         4     11       16
  SINCE JAN 1     13                         1     12       16
..................................................................


WIND (MPH)
  HIGHEST WIND SPEED    13   HIGHEST WIND DIRECTION     E (70)
  HIGHEST GUST SPEED    15   HIGHEST GUST DIRECTION     E (70)
  AVERAGE WIND SPEED     6.5


SKY COVER
  AVERAGE SKY COVER 1.0


WEATHER CONDITIONS
 THE FOLLOWING WEATHER WAS RECORDED TODAY.
  LIGHT RAIN
  FOG


RELATIVE HUMIDITY (PERCENT)
 HIGHEST   100           900 AM
 LOWEST     77           100 AM
 AVERAGE    89

..........................................................


THE AUGUSTA BUSH FIELD GA CLIMATE NORMALS FOR TOMORROW
                         NORMAL    RECORD    YEAR
 MAXIMUM TEMPERATURE (F)   63        82      1891
 MINIMUM TEMPERATURE (F)   36        12      1958


SUNRISE AND SUNSET
FEBRUARY 17 2019......SUNRISE   710 AM EST   SUNSET   614 PM EST
FEBRUARY 18 2019......SUNRISE   709 AM EST   SUNSET   615 PM EST


-  INDICATES NEGATIVE NUMBERS.
R  INDICATES RECORD WAS SET OR TIED.
MM INDICATES DATA IS MISSING.
T  INDICATES TRACE AMOUNT.




$$
