000
CDUS42 KCAE 162123
CLIAGS


CLIMATE REPORT
NATIONAL WEATHER SERVICE COLUMBIA SC
522 PM EDT WED OCT 16 2019


...................................

...THE AUGUSTA BUSH FIELD GA CLIMATE SUMMARY FOR OCTOBER 16 2019...
VALID TODAY AS OF 0500 PM LOCAL TIME.

CLIMATE NORMAL PERIOD 1981 TO 2010
CLIMATE RECORD PERIOD 1873 TO 2019


WEATHER ITEM   OBSERVED TIME   RECORD YEAR NORMAL DEPARTURE LAST
                VALUE   (LST)  VALUE       VALUE  FROM      YEAR
                                                  NORMAL
..................................................................
TEMPERATURE (F)
 TODAY
  MAXIMUM         84    210 PM  90    2018  78      6       90
  MINIMUM         66   1217 AM  34    1987  51     15       68
  AVERAGE         75                        64     11       79

PRECIPITATION (IN)
  TODAY            0.19          2.91 1932   0.11   0.08     0.00
  MONTH TO DATE    0.87                      1.87  -1.00     3.42
  SINCE SEP 1      1.64                      5.09  -3.45    10.61
  SINCE JAN 1     36.88                     35.96   0.92    41.76

SNOWFALL (IN)
  TODAY            0.0          MM      MM   0.0             0.0
  MONTH TO DATE    0.0                       0.0             0.0
  SINCE SEP 1      0.0                       0.0             0.0
  SINCE JUL 1      0.0                       0.0             0.0

DEGREE DAYS
 HEATING
  TODAY            0                         3     -3        0
  MONTH TO DATE    0                        33    -33        0
  SINCE SEP 1      0                        40    -40        0
  SINCE JUL 1      0                        40    -40        0

 COOLING
  TODAY           10                         3      7       14
  MONTH TO DATE  169                        63    106      185
  SINCE SEP 1    634                       359    275      685
  SINCE JAN 1   2741                      2047    694     2521
..................................................................


WIND (MPH)
  HIGHEST WIND SPEED    23   HIGHEST WIND DIRECTION     W (290)
  HIGHEST GUST SPEED    32   HIGHEST GUST DIRECTION    NW (300)
  AVERAGE WIND SPEED     8.5


SKY COVER
  AVERAGE SKY COVER 0.8


WEATHER CONDITIONS
 THE FOLLOWING WEATHER WAS RECORDED TODAY.
  RAIN
  LIGHT RAIN
  FOG


RELATIVE HUMIDITY (PERCENT)
 HIGHEST    93          1200 AM
 LOWEST     45           400 PM
 AVERAGE    69

..........................................................


THE AUGUSTA BUSH FIELD GA CLIMATE NORMALS FOR TOMORROW
                         NORMAL    RECORD    YEAR
 MAXIMUM TEMPERATURE (F)   77        91      1984
 MINIMUM TEMPERATURE (F)   51        32      1954


SUNRISE AND SUNSET
OCTOBER 16 2019.......SUNRISE   733 AM EDT   SUNSET   653 PM EDT
OCTOBER 17 2019.......SUNRISE   734 AM EDT   SUNSET   652 PM EDT


-  INDICATES NEGATIVE NUMBERS.
R  INDICATES RECORD WAS SET OR TIED.
MM INDICATES DATA IS MISSING.
T  INDICATES TRACE AMOUNT.




$$
