000
CDUS42 KCAE 220619
CLIAGS


CLIMATE REPORT
NATIONAL WEATHER SERVICE COLUMBIA SC
219 AM EDT SAT SEP 22 2018


...................................

...THE AUGUSTA REGIONAL BUSH FIELD GA CLIMATE SUMMARY FOR SEPTEMBER 21 2018...

CLIMATE NORMAL PERIOD 1981 TO 2010
CLIMATE RECORD PERIOD 1873 TO 2018


WEATHER ITEM   OBSERVED TIME   RECORD YEAR NORMAL DEPARTURE LAST
                VALUE   (LST)  VALUE       VALUE  FROM      YEAR
                                                  NORMAL
..................................................................
TEMPERATURE (F)
 YESTERDAY
  MAXIMUM         92    358 PM 103    1925  85      7       96
  MINIMUM         67    623 AM  48    1981  61      6       67
                                      1962
                                      1918
  AVERAGE         80                        73      7       82

PRECIPITATION (IN)
  YESTERDAY        0.00          2.39 1989   0.10  -0.10     0.00
  MONTH TO DATE    4.36                      2.23   2.13     4.28
  SINCE SEP 1      4.36                      2.23   2.13     4.28
  SINCE JAN 1     35.51                     33.10   2.41    38.66

SNOWFALL (IN)
  YESTERDAY        0.0          MM      MM   0.0             0.0
  MONTH TO DATE    0.0                       0.0             0.0
  SINCE SEP 1      0.0                       0.0             0.0
  SINCE JUL 1      0.0                       0.0             0.0

DEGREE DAYS
 HEATING
  YESTERDAY        0                         0      0        0
  MONTH TO DATE    0                         0      0        0
  SINCE SEP 1      0                         0      0        0
  SINCE JUL 1      0                         0      0        0

 COOLING
  YESTERDAY       15                         8      7       17
  MONTH TO DATE  371                       235    136      226
  SINCE SEP 1    371                       235    136      226
  SINCE JAN 1   2207                      1923    284     2354
..................................................................


WIND (MPH)
  HIGHEST WIND SPEED     9   HIGHEST WIND DIRECTION    SE (120)
  HIGHEST GUST SPEED    12   HIGHEST GUST DIRECTION    SE (120)
  AVERAGE WIND SPEED     2.4


SKY COVER
  AVERAGE SKY COVER 0.2


WEATHER CONDITIONS
 THE FOLLOWING WEATHER WAS RECORDED YESTERDAY.
  FOG
  FOG W/VISIBILITY <= 1/4 MILE


RELATIVE HUMIDITY (PERCENT)
 HIGHEST   100           300 AM
 LOWEST     44           400 PM
 AVERAGE    72

..........................................................


THE AUGUSTA REGIONAL BUSH FIELD GA CLIMATE NORMALS FOR TODAY
                         NORMAL    RECORD    YEAR
 MAXIMUM TEMPERATURE (F)   85        99      1925
 MINIMUM TEMPERATURE (F)   60        46      1897


SUNRISE AND SUNSET
SEPTEMBER 22 2018.....SUNRISE   716 AM EDT   SUNSET   725 PM EDT
SEPTEMBER 23 2018.....SUNRISE   717 AM EDT   SUNSET   723 PM EDT


-  INDICATES NEGATIVE NUMBERS.
R  INDICATES RECORD WAS SET OR TIED.
MM INDICATES DATA IS MISSING.
T  INDICATES TRACE AMOUNT.




$$
