190
CDUS42 KCAE 150659
CLIAGS

CLIMATE REPORT
NATIONAL WEATHER SERVICE COLUMBIA SC
259 AM EDT TUE JUN 15 2021

...................................

...THE AUGUSTA BUSH FIELD GA CLIMATE SUMMARY FOR JUNE 14 2021...

CLIMATE NORMAL PERIOD: 1991 TO 2020
CLIMATE RECORD PERIOD: 1873 TO 2021


WEATHER ITEM   OBSERVED TIME   RECORD YEAR NORMAL DEPARTURE LAST
                VALUE   (LST)  VALUE       VALUE  FROM      YEAR
                                                  NORMAL
...................................................................
TEMPERATURE (F)
 YESTERDAY
  MAXIMUM         93   5:00 PM 103    2010  91      2       88
  MINIMUM         65   5:13 AM  53    1985  68     -3       62
  AVERAGE         79                        80     -1       75

PRECIPITATION (IN)
  YESTERDAY        0.00          2.14 1908   0.16  -0.16     0.00
  MONTH TO DATE    6.36                      2.24   4.12     0.27
  SINCE JUN 1      6.36                      2.24   4.12     0.27
  SINCE JAN 1     26.58                     19.80   6.78    29.17

SNOWFALL (IN)
  YESTERDAY        0.0          MM      MM   0.0             0.0
  MONTH TO DATE    0.0                       0.0             0.0
  SINCE JUN 1      0.0                       0.0             0.0
  SINCE JUL 1      T                         0.8             0.0

DEGREE DAYS
 HEATING
  YESTERDAY        0                         0      0        0
  MONTH TO DATE    0                         0      0        0
  SINCE JUN 1      0                         0      0        0
  SINCE JUL 1   1958                      2182   -224     1767

 COOLING
  YESTERDAY       14                        15     -1       10
  MONTH TO DATE  200                       187     13      205
  SINCE JUN 1    200                       187     13      205
  SINCE JAN 1    531                       556    -25      618
...................................................................


WIND (MPH)
  HIGHEST WIND SPEED    10   HIGHEST WIND DIRECTION     S (200)
  HIGHEST GUST SPEED    MM   HIGHEST GUST DIRECTION    MM
  AVERAGE WIND SPEED     5.4


SKY COVER
  AVERAGE SKY COVER 0.0


WEATHER CONDITIONS
THE FOLLOWING WEATHER WAS RECORDED YESTERDAY.
  FOG


RELATIVE HUMIDITY (PERCENT)
 HIGHEST    97           2:00 AM
 LOWEST     47           1:00 PM
 AVERAGE    72

..........................................................


THE AUGUSTA BUSH FIELD GA CLIMATE NORMALS FOR TODAY
                         NORMAL    RECORD    YEAR
 MAXIMUM TEMPERATURE (F)   91       104      2010
 MINIMUM TEMPERATURE (F)   68        54      1959


SUNRISE AND SUNSET
JUNE 15 2021..........SUNRISE   6:18 AM EDT   SUNSET   8:39 PM EDT
JUNE 16 2021..........SUNRISE   6:18 AM EDT   SUNSET   8:39 PM EDT


-  INDICATES NEGATIVE NUMBERS.
R  INDICATES RECORD WAS SET OR TIED.
MM INDICATES DATA IS MISSING.
T  INDICATES TRACE AMOUNT.




$$
