000
CDUS42 KCAE 150706
CLIAGS


CLIMATE REPORT
NATIONAL WEATHER SERVICE COLUMBIA SC
205 AM EST THU NOV 15 2018


...................................

...THE AUGUSTA REGIONAL BUSH FIELD GA CLIMATE SUMMARY FOR NOVEMBER 14 2018...

CLIMATE NORMAL PERIOD 1981 TO 2010
CLIMATE RECORD PERIOD 1873 TO 2018


WEATHER ITEM   OBSERVED TIME   RECORD YEAR NORMAL DEPARTURE LAST
                VALUE   (LST)  VALUE       VALUE  FROM      YEAR
                                                  NORMAL
..................................................................
TEMPERATURE (F)
 YESTERDAY
  MAXIMUM         56    220 AM  85    1993  70    -14       62
  MINIMUM         45   1159 PM  21    2013  42      3       38
  AVERAGE         51                        56     -5       50

PRECIPITATION (IN)
  YESTERDAY        0.94          3.33 2008   0.09   0.85     0.00
  MONTH TO DATE    4.72                      1.23   3.49     1.33
  SINCE SEP 1     16.49                      7.72   8.77     6.44
  SINCE JAN 1     47.64                     38.59   9.05    40.82

SNOWFALL (IN)
  YESTERDAY        0.0          MM      MM   0.0             0.0
  MONTH TO DATE    0.0                       0.0             0.0
  SINCE SEP 1      0.0                       0.0             0.0
  SINCE JUL 1      0.0                       0.0             0.0

DEGREE DAYS
 HEATING
  YESTERDAY       14                        10      4       15
  MONTH TO DATE   93                       115    -22       83
  SINCE SEP 1    172                       229    -57      156
  SINCE JUL 1    172                       229    -57      156

 COOLING
  YESTERDAY        0                         1     -1        0
  MONTH TO DATE   10                        14     -4       25
  SINCE SEP 1    709                       396    313      575
  SINCE JAN 1   2545                      2084    461     2703
..................................................................


WIND (MPH)
  HIGHEST WIND SPEED    18   HIGHEST WIND DIRECTION    NE (40)
  HIGHEST GUST SPEED    24   HIGHEST GUST DIRECTION    NE (40)
  AVERAGE WIND SPEED     8.4


SKY COVER
  AVERAGE SKY COVER 1.0


WEATHER CONDITIONS
 THE FOLLOWING WEATHER WAS RECORDED YESTERDAY.
  HEAVY RAIN
  RAIN
  LIGHT RAIN
  FOG


RELATIVE HUMIDITY (PERCENT)
 HIGHEST    93          1200 AM
 LOWEST     83           900 AM
 AVERAGE    88

..........................................................


THE AUGUSTA REGIONAL BUSH FIELD GA CLIMATE NORMALS FOR TODAY
                         NORMAL    RECORD    YEAR
 MAXIMUM TEMPERATURE (F)   69        87      1993
 MINIMUM TEMPERATURE (F)   42        22      1969


SUNRISE AND SUNSET
NOVEMBER 15 2018......SUNRISE   659 AM EST   SUNSET   525 PM EST
NOVEMBER 16 2018......SUNRISE   700 AM EST   SUNSET   525 PM EST


-  INDICATES NEGATIVE NUMBERS.
R  INDICATES RECORD WAS SET OR TIED.
MM INDICATES DATA IS MISSING.
T  INDICATES TRACE AMOUNT.




$$
