000
CDUS42 KCAE 182131
CLIAGS


CLIMATE REPORT
NATIONAL WEATHER SERVICE COLUMBIA SC
530 PM EDT WED JUL 18 2018


...................................

...THE AUGUSTA BUSH FIELD GA CLIMATE SUMMARY FOR JULY 18 2018...
VALID TODAY AS OF 0500 PM LOCAL TIME.

CLIMATE NORMAL PERIOD 1981 TO 2010
CLIMATE RECORD PERIOD 1873 TO 2018


WEATHER ITEM   OBSERVED TIME   RECORD YEAR NORMAL DEPARTURE LAST
                VALUE   (LST)  VALUE       VALUE  FROM      YEAR
                                                  NORMAL
..................................................................
TEMPERATURE (F)
 TODAY
  MAXIMUM         91   1242 PM 104    1887  94     -3       94
  MINIMUM         72    551 AM  63    2014  70      2       73
                                      2001
                                      2000
  AVERAGE         82                        82      0       84

PRECIPITATION (IN)
  TODAY            0.60          3.54 1927   0.15   0.45     0.00
  MONTH TO DATE    1.87                      2.46  -0.59     3.97
  SINCE JUN 1      7.06                      7.18  -0.12     7.49
  SINCE JAN 1     25.61                     24.68   0.93    27.44

SNOWFALL (IN)
  TODAY            0.0          MM      MM   0.0             0.0
  MONTH TO DATE    0.0                       0.0             0.0
  SINCE JUN 1      0.0                       0.0             0.0
  SINCE JUL 1      0.0                       0.0             0.0

DEGREE DAYS
 HEATING
  TODAY            0                         0      0        0
  MONTH TO DATE    0                         0      0        0
  SINCE JUN 1      0                         0      0        0
  SINCE JUL 1      0                         0      0        0

 COOLING
  TODAY           17                        17      0       19
  MONTH TO DATE  304                       298      6      344
  SINCE JUN 1    762                       706     56      803
  SINCE JAN 1   1133                       989    144     1344
..................................................................


WIND (MPH)
  HIGHEST WIND SPEED    23   HIGHEST WIND DIRECTION     N (340)
  HIGHEST GUST SPEED    29   HIGHEST GUST DIRECTION     N (340)
  AVERAGE WIND SPEED     3.4


SKY COVER
  AVERAGE SKY COVER 0.3


WEATHER CONDITIONS
 THE FOLLOWING WEATHER WAS RECORDED TODAY.
  THUNDERSTORM
  HEAVY RAIN
  LIGHT RAIN
  FOG
  HAZE


RELATIVE HUMIDITY (PERCENT)
 HIGHEST    94           700 AM
 LOWEST     64          1100 AM
 AVERAGE    79

..........................................................


THE AUGUSTA BUSH FIELD GA CLIMATE NORMALS FOR TOMORROW
                         NORMAL    RECORD    YEAR
 MAXIMUM TEMPERATURE (F)   94       106      1986
 MINIMUM TEMPERATURE (F)   70        58      2009


SUNRISE AND SUNSET
JULY 18 2018..........SUNRISE   631 AM EDT   SUNSET   837 PM EDT
JULY 19 2018..........SUNRISE   632 AM EDT   SUNSET   836 PM EDT


-  INDICATES NEGATIVE NUMBERS.
R  INDICATES RECORD WAS SET OR TIED.
MM INDICATES DATA IS MISSING.
T  INDICATES TRACE AMOUNT.




$$
