000
CDUS42 KCAE 200524
CLIAGS


CLIMATE REPORT
NATIONAL WEATHER SERVICE COLUMBIA SC
124 AM EDT FRI APR 20 2018


...................................

...THE AUGUSTA REGIONAL BUSH FIELD GA CLIMATE SUMMARY FOR APRIL 19 2018...

CLIMATE NORMAL PERIOD 1981 TO 2010
CLIMATE RECORD PERIOD 1873 TO 2018


WEATHER ITEM   OBSERVED TIME   RECORD YEAR NORMAL DEPARTURE LAST
                VALUE   (LST)  VALUE       VALUE  FROM      YEAR
                                                  NORMAL
..................................................................
TEMPERATURE (F)
 YESTERDAY
  MAXIMUM         82    146 PM  92    2002  78      4       84
                                      1976
  MINIMUM         54   1159 PM  33    2001  49      5       63
                                      1983
  AVERAGE         68                        63      5       74

PRECIPITATION (IN)
  YESTERDAY        0.00          1.37 1901   0.10  -0.10      T
  MONTH TO DATE    1.52                      1.91  -0.39     1.33
  SINCE MAR 1      4.73                      6.09  -1.36     3.10
  SINCE JAN 1      8.39                     13.92  -5.53    15.34

SNOWFALL (IN)
  YESTERDAY        0.0          MM      MM   0.0             0.0
  MONTH TO DATE    0.0                       0.0             0.0
  SINCE MAR 1      0.0                       0.0             0.0
  SINCE JUL 1      T                         0.9              T

DEGREE DAYS
 HEATING
  YESTERDAY        0                         4     -4        0
  MONTH TO DATE   99                        95      4       29
  SINCE MAR 1    433                       391     42      267
  SINCE JUL 1   2120                      2423   -303     1402

 COOLING
  YESTERDAY        3                         2      1        9
  MONTH TO DATE   13                        26    -13       69
  SINCE MAR 1     27                        41    -14      122
  SINCE JAN 1     78                        44     34      152
..................................................................


WIND (MPH)
  HIGHEST WIND SPEED    30   HIGHEST WIND DIRECTION     W (290)
  HIGHEST GUST SPEED    35   HIGHEST GUST DIRECTION     W (290)
  AVERAGE WIND SPEED    13.7


SKY COVER
  AVERAGE SKY COVER 0.1


WEATHER CONDITIONS
 THE FOLLOWING WEATHER WAS RECORDED YESTERDAY.
  HAZE


RELATIVE HUMIDITY (PERCENT)
 HIGHEST    87           700 AM
 LOWEST     20           300 PM
 AVERAGE    54

..........................................................


THE AUGUSTA REGIONAL BUSH FIELD GA CLIMATE NORMALS FOR TODAY
                         NORMAL    RECORD    YEAR
 MAXIMUM TEMPERATURE (F)   78        94      1925
 MINIMUM TEMPERATURE (F)   49        27      1983


SUNRISE AND SUNSET
APRIL 20 2018.........SUNRISE   652 AM EDT   SUNSET   802 PM EDT
APRIL 21 2018.........SUNRISE   651 AM EDT   SUNSET   803 PM EDT


-  INDICATES NEGATIVE NUMBERS.
R  INDICATES RECORD WAS SET OR TIED.
MM INDICATES DATA IS MISSING.
T  INDICATES TRACE AMOUNT.




$$
