000
CDUS42 KFFC 130034
CLIAHN

CLIMATE REPORT
NATIONAL WEATHER SERVICE PEACHTREE CITY GA
834 PM EDT WED MAY 12 2021

...................................

...THE ATHENS CLIMATE SUMMARY FOR MAY 12 2021...
VALID AS OF 0800 PM LOCAL TIME.

CLIMATE NORMAL PERIOD: 1991 TO 2020
CLIMATE RECORD PERIOD: 1898 TO 2021


WEATHER ITEM   OBSERVED TIME   RECORD YEAR NORMAL DEPARTURE LAST
                VALUE   (LST)  VALUE       VALUE  FROM      YEAR
                                                  NORMAL
...................................................................
TEMPERATURE (F)
 TODAY
  MAXIMUM         69  12:23 AM  96    1911  81    -12       72
  MINIMUM         52   7:05 PM  40    1960  57     -5       41
  AVERAGE         61                        69     -8       57

PRECIPITATION (IN)
  TODAY            1.06          1.25 1985   0.10   0.96     0.00
  MONTH TO DATE    3.89                      1.23   2.66     0.18
  SINCE MAR 1     11.06                      9.12   1.94    10.12
  SINCE JAN 1     18.47                     17.84   0.63    28.66

DEGREE DAYS
 HEATING
  TODAY            4                         1      3        8
  MONTH TO DATE   13                        18     -5       53
  SINCE MAR 1    334                       480   -146      351
  SINCE JUL 1   2185                      2661   -476     2162

 COOLING
  TODAY            0                         5     -5        0
  MONTH TO DATE   38                        51    -13       28
  SINCE MAR 1    109                       117     -8      128
  SINCE JAN 1    110                       119     -9      129
...................................................................


WIND (MPH)
  HIGHEST WIND SPEED    23   HIGHEST WIND DIRECTION    NE (60)
  HIGHEST GUST SPEED    35   HIGHEST GUST DIRECTION    NE (60)
  AVERAGE WIND SPEED    10.4


SKY COVER
  AVERAGE SKY COVER 1.0


WEATHER CONDITIONS
THE FOLLOWING WEATHER WAS RECORDED TODAY.
  HEAVY RAIN
  RAIN
  LIGHT RAIN
  FOG
  HAZE


RELATIVE HUMIDITY (PERCENT)
 HIGHEST    90           5:00 AM
 LOWEST     77           6:00 PM

..........................................................


THE ATHENS CLIMATE NORMALS FOR TOMORROW
                         NORMAL    RECORD    YEAR
 MAXIMUM TEMPERATURE (F)   82        94      2018
 MINIMUM TEMPERATURE (F)   58        38      1960


SUNRISE AND SUNSET
MAY 12 2021...........SUNRISE   6:34 AM EDT   SUNSET   8:26 PM EDT
MAY 13 2021...........SUNRISE   6:33 AM EDT   SUNSET   8:26 PM EDT


-  INDICATES NEGATIVE NUMBERS.
R  INDICATES RECORD WAS SET OR TIED.
MM INDICATES DATA IS MISSING.
T  INDICATES TRACE AMOUNT.




$$
