000
CDUS42 KFFC 180034
CLIAHN


CLIMATE REPORT
NATIONAL WEATHER SERVICE PEACHTREE CITY GA
834 PM EDT THU OCT 17 2019


...................................

...THE ATHENS CLIMATE SUMMARY FOR OCTOBER 17 2019...
VALID AS OF 0800 PM LOCAL TIME.

CLIMATE NORMAL PERIOD 1981 TO 2010
CLIMATE RECORD PERIOD 1898 TO 2019


WEATHER ITEM   OBSERVED TIME   RECORD YEAR NORMAL DEPARTURE LAST
                VALUE   (LST)  VALUE       VALUE  FROM      YEAR
                                                  NORMAL
..................................................................
TEMPERATURE (F)
 TODAY
  MAXIMUM         71    345 PM  88    1920  74     -3       81
  MINIMUM         43    650 AM  34    1954  51     -8       59
                                      1927
  AVERAGE         57                        62     -5       70

PRECIPITATION (IN)
  TODAY            0.00          2.71 1932   0.11  -0.11     0.00
  MONTH TO DATE    0.48                      2.11  -1.63     2.80
  SINCE SEP 1      1.88                      6.05  -4.17     4.55
  SINCE JAN 1     35.10                     37.34  -2.24    49.56

SNOWFALL (IN)
  TODAY            0.0           0.0  2002   0.0    0.0      0.0
                                      2001
                                      2000
  MONTH TO DATE    0.0                       0.0    0.0      0.0
  SINCE SEP 1      0.0                       0.0    0.0      0.0
  SINCE JUL 1      0.0                       0.0    0.0      0.0
  SNOW DEPTH       0

DEGREE DAYS
 HEATING
  TODAY            8                         4      4        0
  MONTH TO DATE    9                        46    -37        0
  SINCE SEP 1      9                        56    -47        0
  SINCE JUL 1      9                        56    -47        0

 COOLING
  TODAY            0                         2     -2        5
  MONTH TO DATE  129                        48     81      162
  SINCE SEP 1    563                       308    255      616
  SINCE JAN 1   2362                      1863    499     2278
..................................................................


WIND (MPH)
  HIGHEST WIND SPEED    10   HIGHEST WIND DIRECTION    NW (300)
  HIGHEST GUST SPEED    15   HIGHEST GUST DIRECTION    NW (300)
  AVERAGE WIND SPEED     5.6


SKY COVER
  AVERAGE SKY COVER 0.0


WEATHER CONDITIONS
 THE FOLLOWING WEATHER WAS RECORDED TODAY.
  NO SIGNIFICANT WEATHER WAS OBSERVED.


RELATIVE HUMIDITY (PERCENT)
 HIGHEST    89           500 AM
 LOWEST     28           300 PM

..........................................................


THE ATHENS CLIMATE NORMALS FOR TOMORROW
                         NORMAL    RECORD    YEAR
 MAXIMUM TEMPERATURE (F)   74        88      2016
 MINIMUM TEMPERATURE (F)   51        31      1943


SUNRISE AND SUNSET
OCTOBER 17 2019.......SUNRISE   740 AM EDT   SUNSET   657 PM EDT
OCTOBER 18 2019.......SUNRISE   741 AM EDT   SUNSET   656 PM EDT


-  INDICATES NEGATIVE NUMBERS.
R  INDICATES RECORD WAS SET OR TIED.
MM INDICATES DATA IS MISSING.
T  INDICATES TRACE AMOUNT.




$$
