000
CDUS42 KFFC 180920
CLIAHN


CLIMATE REPORT
NATIONAL WEATHER SERVICE PEACHTREE CITY GA
420 AM EST TUE DEC 18 2018


...................................

...THE ATHENS CLIMATE SUMMARY FOR DECEMBER 17 2018...

CLIMATE NORMAL PERIOD 1981 TO 2010
CLIMATE RECORD PERIOD 1898 TO 2018


WEATHER ITEM   OBSERVED TIME   RECORD YEAR NORMAL DEPARTURE LAST
                VALUE   (LST)  VALUE       VALUE  FROM      YEAR
                                                  NORMAL
..................................................................
TEMPERATURE (F)
 YESTERDAY
  MAXIMUM         65    342 PM  77    1933  55     10       53
                                      1924
  MINIMUM         43    745 AM  14    1943  35      8       28
  AVERAGE         54                        45      9       41

PRECIPITATION (IN)
  YESTERDAY        0.00          2.01 2015   0.12  -0.12     0.06
  MONTH TO DATE    6.50                      2.09   4.41     1.01
  SINCE DEC 1      6.50                      2.09   4.41     1.01
  SINCE JAN 1     64.87                     44.69  20.18    54.12

SNOWFALL (IN)
  YESTERDAY        0.0           0.0  2001   0.0    0.0      0.0
  MONTH TO DATE    0.0                       0.0    0.0       T
  SINCE DEC 1      0.0                       0.0    0.0       T
  SINCE JUL 1      0.0                       0.0    0.0       T
  SNOW DEPTH       0

DEGREE DAYS
 HEATING
  YESTERDAY       11                        20     -9       24
  MONTH TO DATE  319                       313      6      317
  SINCE DEC 1    319                       313      6      317
  SINCE JUL 1    899                       793    106      775
..................................................................


WIND (MPH)
  RESULTANT WIND SPEED   7   RESULTANT WIND DIRECTION   W (290)
  HIGHEST WIND SPEED    13   HIGHEST WIND DIRECTION     W (270)
  HIGHEST GUST SPEED    19   HIGHEST GUST DIRECTION     W (270)
  AVERAGE WIND SPEED     7.2


SKY COVER
  POSSIBLE SUNSHINE  MM
  AVERAGE SKY COVER 0.0


WEATHER CONDITIONS
 THE FOLLOWING WEATHER WAS RECORDED YESTERDAY.
  NO SIGNIFICANT WEATHER WAS OBSERVED.


RELATIVE HUMIDITY (PERCENT)
 HIGHEST    89           200 AM
 LOWEST     28           200 PM
 AVERAGE    59

..........................................................


THE ATHENS CLIMATE NORMALS FOR TODAY
                         NORMAL    RECORD    YEAR
 MAXIMUM TEMPERATURE (F)   55        79      1984
 MINIMUM TEMPERATURE (F)   34        13      1953


SUNRISE AND SUNSET
DECEMBER 18 2018......SUNRISE   733 AM EST   SUNSET   527 PM EST
DECEMBER 19 2018......SUNRISE   734 AM EST   SUNSET   527 PM EST


-  INDICATES NEGATIVE NUMBERS.
R  INDICATES RECORD WAS SET OR TIED.
MM INDICATES DATA IS MISSING.
T  INDICATES TRACE AMOUNT.




$$
