000
CDUS42 KFFC 180817
CLIAHN


CLIMATE REPORT
NATIONAL WEATHER SERVICE PEACHTREE CITY GA
416 AM EDT TUE SEP 18 2018


...................................

...THE ATHENS CLIMATE SUMMARY FOR SEPTEMBER 17 2018...

CLIMATE NORMAL PERIOD 1981 TO 2010
CLIMATE RECORD PERIOD 1898 TO 2018


WEATHER ITEM   OBSERVED TIME   RECORD YEAR NORMAL DEPARTURE LAST
                VALUE   (LST)  VALUE       VALUE  FROM      YEAR
                                                  NORMAL
..................................................................
TEMPERATURE (F)
 YESTERDAY
  MAXIMUM         93    328 PM 101    1931  84      9       89
                                      1927
  MINIMUM         67    523 AM  49    2001  62      5       62
                                      1985
  AVERAGE         80                        73      7       76

PRECIPITATION (IN)
  YESTERDAY        0.00          2.38 1975   0.13  -0.13     0.00
  MONTH TO DATE    0.80                      2.05  -1.25     4.19
  SINCE SEP 1      0.80                      2.05  -1.25     4.19
  SINCE JAN 1     45.81                     33.34  12.47    46.18

DEGREE DAYS
 HEATING
  YESTERDAY        0                         0      0        0
  MONTH TO DATE    0                         0      0        9
  SINCE SEP 1      0                         0      0        9
  SINCE JUL 1      0                         0      0        9

 COOLING
  YESTERDAY       15                         8      7       11
  MONTH TO DATE  276                       179     97       90
  SINCE SEP 1    276                       179     97       90
  SINCE JAN 1   1938                      1734    204     1729
..................................................................


WIND (MPH)
  RESULTANT WIND SPEED   0   RESULTANT WIND DIRECTION  SE (140)
  HIGHEST WIND SPEED    10   HIGHEST WIND DIRECTION     W (280)
  HIGHEST GUST SPEED    19   HIGHEST GUST DIRECTION     W (290)
  AVERAGE WIND SPEED     2.6


SKY COVER
  POSSIBLE SUNSHINE  MM
  AVERAGE SKY COVER 0.2


WEATHER CONDITIONS
 THE FOLLOWING WEATHER WAS RECORDED YESTERDAY.
  NO SIGNIFICANT WEATHER WAS OBSERVED.


RELATIVE HUMIDITY (PERCENT)
 HIGHEST   100          1200 AM
 LOWEST     56           200 PM
 AVERAGE    78

..........................................................


THE ATHENS CLIMATE NORMALS FOR TODAY
                         NORMAL    RECORD    YEAR
 MAXIMUM TEMPERATURE (F)   83       105      1931
 MINIMUM TEMPERATURE (F)   62        47      1903


SUNRISE AND SUNSET
SEPTEMBER 18 2018.....SUNRISE   719 AM EDT   SUNSET   736 PM EDT
SEPTEMBER 19 2018.....SUNRISE   719 AM EDT   SUNSET   734 PM EDT


-  INDICATES NEGATIVE NUMBERS.
R  INDICATES RECORD WAS SET OR TIED.
MM INDICATES DATA IS MISSING.
T  INDICATES TRACE AMOUNT.




$$
