000
CDUS42 KFFC 200817
CLIAHN

CLIMATE REPORT
NATIONAL WEATHER SERVICE PEACHTREE CITY GA
417 AM EDT TUE OCT 20 2020

...................................

...THE ATHENS CLIMATE SUMMARY FOR OCTOBER 19 2020...

CLIMATE NORMAL PERIOD: 1981 TO 2010
CLIMATE RECORD PERIOD: 1898 TO 2020


WEATHER ITEM   OBSERVED TIME   RECORD YEAR NORMAL DEPARTURE LAST
                VALUE   (LST)  VALUE       VALUE  FROM      YEAR
                                                  NORMAL
...................................................................
TEMPERATURE (F)
 YESTERDAY
  MAXIMUM         77   3:18 PM  91    2016  73      4       56
  MINIMUM         50   6:56 AM  33    2009  50      0       51
  AVERAGE         64                        62      2       54

PRECIPITATION (IN)
  YESTERDAY        0.00          5.40 1937   0.11  -0.11     1.42
  MONTH TO DATE    0.91                      2.32  -1.41     1.90
  SINCE SEP 1      6.99                      6.26   0.73     3.30
  SINCE JAN 1     53.05                     37.55  15.50    36.52

SNOWFALL (IN)
  YESTERDAY        0.0           0.0  2000   0.0    0.0      0.0
                                      2001
                                      2002
  MONTH TO DATE    0.0                       0.0    0.0      0.0
  SINCE SEP 1      0.0                       0.0    0.0      0.0
  SINCE JUL 1      0.0                       0.0    0.0      0.0
  SNOW DEPTH      MM

DEGREE DAYS
 HEATING
  YESTERDAY        1                         4     -3       11
  MONTH TO DATE   27                        54    -27       28
  SINCE SEP 1     39                        64    -25       28
  SINCE JUL 1     39                        64    -25       28

 COOLING
  YESTERDAY        0                         1     -1        0
  MONTH TO DATE   64                        50     14      129
  SINCE SEP 1    345                       310     35      563
  SINCE JAN 1   2095                      1865    230     2362
...................................................................


WIND (MPH)
  RESULTANT WIND SPEED   4   RESULTANT WIND DIRECTION   E (70)
  HIGHEST WIND SPEED    10   HIGHEST WIND DIRECTION     E (80)
  HIGHEST GUST SPEED    16   HIGHEST GUST DIRECTION     E (90)
  AVERAGE WIND SPEED     4.4


SKY COVER
  POSSIBLE SUNSHINE  MM
  AVERAGE SKY COVER 0.0


WEATHER CONDITIONS
THE FOLLOWING WEATHER WAS RECORDED YESTERDAY.
  NO SIGNIFICANT WEATHER WAS OBSERVED.


RELATIVE HUMIDITY (PERCENT)
 HIGHEST    86           3:00 AM
 LOWEST     47           3:00 PM
 AVERAGE    67

..........................................................


THE ATHENS CLIMATE NORMALS FOR TODAY
                         NORMAL    RECORD    YEAR
 MAXIMUM TEMPERATURE (F)   73        90      1910
                                             2016
 MINIMUM TEMPERATURE (F)   50        32      1981


SUNRISE AND SUNSET
OCTOBER 20 2020.......SUNRISE   7:43 AM EDT   SUNSET   6:53 PM EDT
OCTOBER 21 2020.......SUNRISE   7:44 AM EDT   SUNSET   6:51 PM EDT


-  INDICATES NEGATIVE NUMBERS.
R  INDICATES RECORD WAS SET OR TIED.
MM INDICATES DATA IS MISSING.
T  INDICATES TRACE AMOUNT.




$$
