000
CDUS42 KFFC 050818
CLIAHN

CLIMATE REPORT
NATIONAL WEATHER SERVICE PEACHTREE CITY GA
418 AM EDT FRI JUN 05 2020

...................................

...THE ATHENS CLIMATE SUMMARY FOR JUNE 4 2020...

CLIMATE NORMAL PERIOD: 1981 TO 2010
CLIMATE RECORD PERIOD: 1898 TO 2020


WEATHER ITEM   OBSERVED TIME   RECORD YEAR NORMAL DEPARTURE LAST
                VALUE   (LST)  VALUE       VALUE  FROM      YEAR
                                                  NORMAL
...................................................................
TEMPERATURE (F)
 YESTERDAY
  MAXIMUM         91   3:39 PM 103    1911  87      4       88
  MINIMUM         70  11:59 PM  52    1929  64      6       69
  AVERAGE         81                        75      6       79

PRECIPITATION (IN)
  YESTERDAY        T             9.93 1967   0.13  -0.13     0.00
  MONTH TO DATE    0.03                      0.49  -0.46     0.00
  SINCE JUN 1      0.03                      0.49  -0.46     0.00
  SINCE JAN 1     32.26                     19.60  12.66    16.04

DEGREE DAYS
 COOLING
  YESTERDAY       16                        10      6       14
  MONTH TO DATE   51                        40     11       53
  SINCE JUN 1     51                        40     11       53
  SINCE JAN 1    330                       280     50      469
...................................................................


WIND (MPH)
  RESULTANT WIND SPEED   2   RESULTANT WIND DIRECTION  SE (150)
  HIGHEST WIND SPEED    13   HIGHEST WIND DIRECTION    SE (150)
  HIGHEST GUST SPEED    23   HIGHEST GUST DIRECTION     S (160)
  AVERAGE WIND SPEED     3.2


SKY COVER
  POSSIBLE SUNSHINE  MM
  AVERAGE SKY COVER 0.2


WEATHER CONDITIONS
THE FOLLOWING WEATHER WAS RECORDED YESTERDAY.
  THUNDERSTORM
  LIGHT RAIN


RELATIVE HUMIDITY (PERCENT)
 HIGHEST    90          11:00 PM
 LOWEST     44           3:00 PM
 AVERAGE    67

..........................................................


THE ATHENS CLIMATE NORMALS FOR TODAY
                         NORMAL    RECORD    YEAR
 MAXIMUM TEMPERATURE (F)   87       100      1985
 MINIMUM TEMPERATURE (F)   64        49      1954


SUNRISE AND SUNSET
JUNE  5 2020..........SUNRISE   6:22 AM EDT   SUNSET   8:42 PM EDT
JUNE  6 2020..........SUNRISE   6:22 AM EDT   SUNSET   8:42 PM EDT


-  INDICATES NEGATIVE NUMBERS.
R  INDICATES RECORD WAS SET OR TIED.
MM INDICATES DATA IS MISSING.
T  INDICATES TRACE AMOUNT.




$$
