000
CDUS42 KFFC 180028
CLIAHN


CLIMATE REPORT
NATIONAL WEATHER SERVICE PEACHTREE CITY GA
828 PM EDT SUN JUN 17 2018


...................................

...THE ATHENS CLIMATE SUMMARY FOR JUNE 17 2018...
VALID AS OF 0800 PM LOCAL TIME.

CLIMATE NORMAL PERIOD 1981 TO 2010
CLIMATE RECORD PERIOD 1898 TO 2018


WEATHER ITEM   OBSERVED TIME   RECORD YEAR NORMAL DEPARTURE LAST
                VALUE   (LST)  VALUE       VALUE  FROM      YEAR
                                                  NORMAL
..................................................................
TEMPERATURE (F)
 TODAY
  MAXIMUM         90    424 PM 100    1936  89      1       90
  MINIMUM         70    533 AM  53    1974  67      3       68
  AVERAGE         80                        78      2       79

PRECIPITATION (IN)
  TODAY            0.00          1.83 1906   0.15  -0.15     0.00
  MONTH TO DATE    1.24                      2.25  -1.01     2.06
  SINCE JUN 1      1.24                      2.25  -1.01     2.06
  SINCE JAN 1     29.63                     21.36   8.27    27.17

SNOWFALL (IN)
  TODAY            0.0           0.0  2002   0.0    0.0      0.0
                                      2001
  MONTH TO DATE    0.0                       0.0    0.0      0.0
  SINCE JUN 1      0.0                       0.0    0.0      0.0
  SINCE JUL 1      1.1                       2.9   -1.8      0.0
  SNOW DEPTH       0

DEGREE DAYS
 HEATING
  TODAY            0                         0      0        0
  MONTH TO DATE    0                         0      0        0
  SINCE JUN 1      0                         0      0        0
  SINCE JUL 1   2581                      2770   -189     1888

 COOLING
  TODAY           15                        13      2       14
  MONTH TO DATE  217                       194     23      195
  SINCE JUN 1    217                       194     23      195
  SINCE JAN 1    538                       434    104      560
..................................................................


WIND (MPH)
  HIGHEST WIND SPEED     8   HIGHEST WIND DIRECTION    NE (60)
  HIGHEST GUST SPEED    12   HIGHEST GUST DIRECTION    NE (60)
  AVERAGE WIND SPEED     1.7


SKY COVER
  AVERAGE SKY COVER 0.1


WEATHER CONDITIONS
 THE FOLLOWING WEATHER WAS RECORDED TODAY.
  NO SIGNIFICANT WEATHER WAS OBSERVED.


RELATIVE HUMIDITY (PERCENT)
 HIGHEST   100           200 AM
 LOWEST     55           200 PM

..........................................................


THE ATHENS CLIMATE NORMALS FOR TOMORROW
                         NORMAL    RECORD    YEAR
 MAXIMUM TEMPERATURE (F)   89       100      1944
                                             1933
 MINIMUM TEMPERATURE (F)   67        54      1974


SUNRISE AND SUNSET
JUNE 17 2018..........SUNRISE   622 AM EDT   SUNSET   847 PM EDT
JUNE 18 2018..........SUNRISE   622 AM EDT   SUNSET   847 PM EDT


-  INDICATES NEGATIVE NUMBERS.
R  INDICATES RECORD WAS SET OR TIED.
MM INDICATES DATA IS MISSING.
T  INDICATES TRACE AMOUNT.




$$
