000
CDAK48 PAFC 191254
CLIAKN


CLIMATE REPORT
NATIONAL WEATHER SERVICE ANCHORAGE, AK
453 AM AKDT SUN AUG 19 2018


...................................

...THE KING SALMON CLIMATE SUMMARY FOR AUGUST 18 2018...

CLIMATE NORMAL PERIOD 1981 TO 2010
CLIMATE RECORD PERIOD 1917 TO 2018


WEATHER ITEM   OBSERVED TIME   RECORD YEAR NORMAL DEPARTURE LAST
                VALUE   (LST)  VALUE       VALUE  FROM      YEAR
                                                  NORMAL
..................................................................
TEMPERATURE (F)
 YESTERDAY
  MAXIMUM         62        MM  77    1973  63     -1       64
  MINIMUM         49        MM  32    1998  47      2       50
  AVERAGE         56                        55      1       57

PRECIPITATION (IN)
  YESTERDAY        0.38          1.00 1939   0.10   0.28     0.63
  MONTH TO DATE    3.79                      1.66   2.13     1.87
  SINCE MAR 1     17.52                      8.53   8.99     7.98
  SINCE JAN 1     21.22                     10.31  10.91     9.18

SNOWFALL (IN)
  YESTERDAY        0.0          MM      MM   0.0    0.0      0.0
  MONTH TO DATE    0.0                       0.0    0.0      0.0
  SINCE MAR 1     32.3                      11.1   21.2      3.3
  SINCE JUL 1      0.0                       0.0    0.0      0.0
  SNOW DEPTH       0

DEGREE DAYS
 HEATING
  YESTERDAY        9                        10     -1        8
  MONTH TO DATE  164                       175    -11      134
  SINCE JUN 1    770                       875   -105      674
  SINCE JUL 1    415                       468    -53      344

 COOLING
  YESTERDAY        0                         0      0        0
  MONTH TO DATE    0                         0      0        0
  SINCE JUN 1      1                         0      1        1
  SINCE JAN 1      1                         0      1        1
..................................................................


WIND (MPH)
  RESULTANT WIND SPEED  23   RESULTANT WIND DIRECTION   E (90)
  HIGHEST WIND SPEED    28   HIGHEST WIND DIRECTION     E (90)
  HIGHEST GUST SPEED    47   HIGHEST GUST DIRECTION     E (100)
  AVERAGE WIND SPEED    22.8



WEATHER CONDITIONS
 THE FOLLOWING WEATHER WAS RECORDED YESTERDAY.
  RAIN
  LIGHT RAIN


RELATIVE HUMIDITY (PERCENT)
 HIGHEST    89
 LOWEST     64
 AVERAGE    77

..........................................................


THE KING SALMON CLIMATE NORMALS FOR TODAY
                         NORMAL    RECORD    YEAR
 MAXIMUM TEMPERATURE (F)   63        79      1973
 MINIMUM TEMPERATURE (F)   47        33      1969


SUNRISE AND SUNSET
AUGUST 19 2018........SUNRISE   656 AM AKDT  SUNSET  1002 PM AKDT
AUGUST 20 2018........SUNRISE   659 AM AKDT  SUNSET  1000 PM AKDT


-  INDICATES NEGATIVE NUMBERS.
R  INDICATES RECORD WAS SET OR TIED.
MM INDICATES DATA IS MISSING.
T  INDICATES TRACE AMOUNT.




$$
