000
CDAK48 PAFC 060102
CLIAKN


CLIMATE REPORT
NATIONAL WEATHER SERVICE ANCHORAGE, AK
459 PM AKDT FRI JUN 5 2020


...................................

...THE KING SALMON CLIMATE SUMMARY FOR JUNE 5 2020...
VALID TODAY AS OF 0400 PM LOCAL TIME.

CLIMATE NORMAL PERIOD 1981 TO 2010
CLIMATE RECORD PERIOD 1917 TO 2020


WEATHER ITEM   OBSERVED TIME   RECORD YEAR NORMAL DEPARTURE LAST
                VALUE   (LST)  VALUE       VALUE  FROM      YEAR
                                                  NORMAL
..................................................................
TEMPERATURE (F)
 TODAY
  MAXIMUM         48    259 PM  84    1936  59    -11       61
  MINIMUM         42    222 AM  27    2006  39      3       46
  AVERAGE         45                        49     -4       54

PRECIPITATION (IN)
  TODAY            0.02          0.59 1982   0.05  -0.03     0.03
  MONTH TO DATE    0.02                      0.25  -0.23     0.61
  SINCE JUN 1      0.02                      0.25  -0.23     0.61
  SINCE JAN 1      7.80                      4.95   2.85     8.29

DEGREE DAYS
 HEATING
  TODAY           20                        16      4       11
  MONTH TO DATE   74                        82     -8       59
  SINCE JUN 1     74                        82     -8       59
  SINCE JUL 1  10015                     10553   -538     6893

 COOLING
  TODAY            0                         0      0        0
  MONTH TO DATE    0                         0      0        0
  SINCE JUN 1      0                         0      0        0
  SINCE JAN 1      0                         0      0        0
..................................................................


WIND (MPH)
  RESULTANT WIND SPEED  10   RESULTANT WIND DIRECTION  SW (210)
  HIGHEST WIND SPEED    15   HIGHEST WIND DIRECTION    SW (230)
  HIGHEST GUST SPEED    21   HIGHEST GUST DIRECTION    SW (210)
  AVERAGE WIND SPEED     9.9



WEATHER CONDITIONS
 THE FOLLOWING WEATHER WAS RECORDED TODAY.
  LIGHT RAIN
  FOG


RELATIVE HUMIDITY (PERCENT)
 HIGHEST   100
 LOWEST     80
 AVERAGE    90

..........................................................


THE KING SALMON CLIMATE NORMALS FOR TOMORROW
                         NORMAL    RECORD    YEAR
 MAXIMUM TEMPERATURE (F)   59        74      1935
 MINIMUM TEMPERATURE (F)   39        31      2006


SUNRISE AND SUNSET
JUNE  5 2020..........SUNRISE   523 AM AKDT  SUNSET  1129 PM AKDT
JUNE  6 2020..........SUNRISE   522 AM AKDT  SUNSET  1130 PM AKDT


-  INDICATES NEGATIVE NUMBERS.
R  INDICATES RECORD WAS SET OR TIED.
MM INDICATES DATA IS MISSING.
T  INDICATES TRACE AMOUNT.




$$
