606
CDAK48 PAFC 181309
CLIAKN


CLIMATE REPORT
NATIONAL WEATHER SERVICE ANCHORAGE, AK
409 AM AKST SUN NOV 18 2018


...................................

...THE KING SALMON CLIMATE SUMMARY FOR NOVEMBER 17 2018...

CLIMATE NORMAL PERIOD 1981 TO 2010
CLIMATE RECORD PERIOD 1917 TO 2018


WEATHER ITEM   OBSERVED TIME   RECORD YEAR NORMAL DEPARTURE LAST
                VALUE   (LST)  VALUE       VALUE  FROM      YEAR
                                                  NORMAL
..................................................................
TEMPERATURE (F)
 YESTERDAY
  MAXIMUM         47    907 PM  48    2014  30     17       35
  MINIMUM         42    209 AM -20    2009  15     27       22
  AVERAGE         45                        22     23       29

PRECIPITATION (IN)
  YESTERDAY        0.20          0.81 1993   0.04   0.16     0.00
  MONTH TO DATE    0.41                      0.81  -0.40     0.17
  SINCE SEP 1      7.63                      6.08   1.55     7.48
  SINCE JAN 1     30.51                     17.68  12.83    18.17

SNOWFALL (IN)
  YESTERDAY        0.0           2.0  1940   0.2   -0.2      0.0
  MONTH TO DATE    T                         3.2   -3.2      0.6
  SINCE SEP 1      0.3                       6.1   -5.8      3.2
  SINCE JUL 1      0.3                       6.1   -5.8      3.2
  SNOW DEPTH       0

DEGREE DAYS
 HEATING
  YESTERDAY       20                        43    -23       36
  MONTH TO DATE  485                       693   -208      614
  SINCE SEP 1   1490                      2191   -701     1910
  SINCE JUL 1   2030                      2807   -777     2407

 COOLING
  YESTERDAY        0                         0      0        0
  MONTH TO DATE    0                         0      0        0
  SINCE SEP 1      0                         0      0        0
  SINCE JAN 1      1                         1      0        1
..................................................................


WIND (MPH)
  RESULTANT WIND SPEED   7   RESULTANT WIND DIRECTION   E (100)
  HIGHEST WIND SPEED    18   HIGHEST WIND DIRECTION     S (180)
  HIGHEST GUST SPEED    23   HIGHEST GUST DIRECTION     S (190)
  AVERAGE WIND SPEED     8.0



WEATHER CONDITIONS
 THE FOLLOWING WEATHER WAS RECORDED YESTERDAY.
  LIGHT RAIN
  FOG


RELATIVE HUMIDITY (PERCENT)
 HIGHEST    92
 LOWEST     70
 AVERAGE    81

..........................................................


THE KING SALMON CLIMATE NORMALS FOR TODAY
                         NORMAL    RECORD    YEAR
 MAXIMUM TEMPERATURE (F)   30        50      1935
 MINIMUM TEMPERATURE (F)   15        -8      2009


SUNRISE AND SUNSET
NOVEMBER 18 2018......SUNRISE   924 AM AKST  SUNSET   459 PM AKST
NOVEMBER 19 2018......SUNRISE   927 AM AKST  SUNSET   457 PM AKST


-  INDICATES NEGATIVE NUMBERS.
R  INDICATES RECORD WAS SET OR TIED.
MM INDICATES DATA IS MISSING.
T  INDICATES TRACE AMOUNT.




$$
