404
CDAK48 PAFC 221317
CLIAKN


CLIMATE REPORT
NATIONAL WEATHER SERVICE ANCHORAGE, AK
517 AM AKDT TUE MAY 22 2018


...................................

...THE KING SALMON CLIMATE SUMMARY FOR MAY 21 2018...

CLIMATE NORMAL PERIOD 1981 TO 2010
CLIMATE RECORD PERIOD 1917 TO 2018


WEATHER ITEM   OBSERVED TIME   RECORD YEAR NORMAL DEPARTURE LAST
                VALUE   (LST)  VALUE       VALUE  FROM      YEAR
                                                  NORMAL
..................................................................
TEMPERATURE (F)
 YESTERDAY
  MAXIMUM         62    536 PM  71    2002  56      6       62
  MINIMUM         42    606 AM  24    1986  36      6       28
  AVERAGE         52                        46      6       45

PRECIPITATION (IN)
  YESTERDAY        0.07          0.47 1960   0.04   0.03      T
  MONTH TO DATE    1.50                      0.80   0.70     0.39
  SINCE MAR 1      7.00                      2.47   4.53     1.19
  SINCE JAN 1     10.70                      4.25   6.45     2.39

SNOWFALL (IN)
  YESTERDAY        0.0          MM      MM   0.0    0.0     MM
  MONTH TO DATE    T                         0.7   -0.7      0.0
  SINCE MAR 1     32.3                      11.0   21.3      3.3
  SINCE JUL 1     56.2                      46.5    9.7     26.0
  SNOW DEPTH       0

DEGREE DAYS
 HEATING
  YESTERDAY       13                        19     -6       20
  MONTH TO DATE  449                       465    -16      412
  SINCE MAR 1   2406                      2670   -264     2811
  SINCE JUL 1   8892                     10290  -1398     9944

 COOLING
  YESTERDAY        0                         0      0        0
  MONTH TO DATE    0                         0      0        0
  SINCE MAR 1      0                         0      0        0
  SINCE JAN 1      0                         0      0        0
..................................................................


WIND (MPH)
  RESULTANT WIND SPEED   9   RESULTANT WIND DIRECTION   N (20)
  HIGHEST WIND SPEED    22   HIGHEST WIND DIRECTION    NE (60)
  HIGHEST GUST SPEED    30   HIGHEST GUST DIRECTION    NE (60)
  AVERAGE WIND SPEED     9.8



WEATHER CONDITIONS
 THE FOLLOWING WEATHER WAS RECORDED YESTERDAY.
  LIGHT RAIN


RELATIVE HUMIDITY (PERCENT)
 HIGHEST    89
 LOWEST     29
 AVERAGE    59

..........................................................


THE KING SALMON CLIMATE NORMALS FOR TODAY
                         NORMAL    RECORD    YEAR
 MAXIMUM TEMPERATURE (F)   56        75      1934
 MINIMUM TEMPERATURE (F)   36        26      1975


SUNRISE AND SUNSET
MAY 22 2018...........SUNRISE   543 AM AKDT  SUNSET  1105 PM AKDT
MAY 23 2018...........SUNRISE   542 AM AKDT  SUNSET  1107 PM AKDT


-  INDICATES NEGATIVE NUMBERS.
R  INDICATES RECORD WAS SET OR TIED.
MM INDICATES DATA IS MISSING.
T  INDICATES TRACE AMOUNT.




$$
