874
CDAK48 PAFC 251240
CLIAKN


CLIMATE REPORT
NATIONAL WEATHER SERVICE ANCHORAGE, AK
440 AM AKDT FRI MAY 25 2018


...................................

...THE KING SALMON CLIMATE SUMMARY FOR MAY 24 2018...

CLIMATE NORMAL PERIOD 1981 TO 2010
CLIMATE RECORD PERIOD 1917 TO 2018


WEATHER ITEM   OBSERVED TIME   RECORD YEAR NORMAL DEPARTURE LAST
                VALUE   (LST)  VALUE       VALUE  FROM      YEAR
                                                  NORMAL
..................................................................
TEMPERATURE (F)
 YESTERDAY
  MAXIMUM         59        MM  78    2006  56      3       49
  MINIMUM         32        MM  22    1938  36     -4       37
  AVERAGE         46                        46      0       43

PRECIPITATION (IN)
  YESTERDAY        0.00          0.50 1918   0.04  -0.04     0.27
  MONTH TO DATE    1.50                      0.93   0.57     0.92
  SINCE MAR 1      7.00                      2.60   4.40     1.72
  SINCE JAN 1     10.70                      4.38   6.32     2.92

SNOWFALL (IN)
  YESTERDAY        0.0          MM      MM   0.0    0.0      0.0
  MONTH TO DATE    T                         0.7   -0.7      0.0
  SINCE MAR 1     32.3                      11.0   21.3      3.3
  SINCE JUL 1     56.2                      46.5    9.7     26.0
  SNOW DEPTH       0

DEGREE DAYS
 HEATING
  YESTERDAY       19                        19      0       22
  MONTH TO DATE  501                       522    -21      475
  SINCE MAR 1   2458                      2727   -269     2874
  SINCE JUL 1   8944                     10347  -1403    10007

 COOLING
  YESTERDAY        0                         0      0        0
  MONTH TO DATE    0                         0      0        0
  SINCE MAR 1      0                         0      0        0
  SINCE JAN 1      0                         0      0        0
..................................................................


WIND (MPH)
  RESULTANT WIND SPEED  10   RESULTANT WIND DIRECTION   E (100)
  HIGHEST WIND SPEED    22   HIGHEST WIND DIRECTION     E (110)
  HIGHEST GUST SPEED    32   HIGHEST GUST DIRECTION     E (80)
  AVERAGE WIND SPEED    11.0



WEATHER CONDITIONS
 THE FOLLOWING WEATHER WAS RECORDED YESTERDAY.
  NO SIGNIFICANT WEATHER WAS OBSERVED.


RELATIVE HUMIDITY (PERCENT)
 HIGHEST    92
 LOWEST     36
 AVERAGE    64

..........................................................


THE KING SALMON CLIMATE NORMALS FOR TODAY
                         NORMAL    RECORD    YEAR
 MAXIMUM TEMPERATURE (F)   57        80      1997
 MINIMUM TEMPERATURE (F)   37        25      2000


SUNRISE AND SUNSET
MAY 25 2018...........SUNRISE   538 AM AKDT  SUNSET  1110 PM AKDT
MAY 26 2018...........SUNRISE   536 AM AKDT  SUNSET  1112 PM AKDT


-  INDICATES NEGATIVE NUMBERS.
R  INDICATES RECORD WAS SET OR TIED.
MM INDICATES DATA IS MISSING.
T  INDICATES TRACE AMOUNT.




$$
