000
CDAK48 PAFC 170054
CLIAKN


CLIMATE REPORT
NATIONAL WEATHER SERVICE ANCHORAGE, AK
454 PM AKDT WED OCT 16 2019


...................................

...THE KING SALMON CLIMATE SUMMARY FOR OCTOBER 16 2019...
VALID TODAY AS OF 0400 PM LOCAL TIME.

CLIMATE NORMAL PERIOD 1981 TO 2010
CLIMATE RECORD PERIOD 1917 TO 2019


WEATHER ITEM   OBSERVED TIME   RECORD YEAR NORMAL DEPARTURE LAST
                VALUE   (LST)  VALUE       VALUE  FROM      YEAR
                                                  NORMAL
..................................................................
TEMPERATURE (F)
 TODAY
  MAXIMUM         47    248 PM  57    1969  41      6       55
  MINIMUM         32    418 AM   7    1997  26      6       47
  AVERAGE         40                        33      7       51

PRECIPITATION (IN)
  TODAY            T             0.59 2001   0.06  -0.06     0.30
  MONTH TO DATE    0.79                      1.24  -0.45     3.80
  SINCE SEP 1      6.84                      4.43   2.41     6.95
  SINCE JAN 1     18.06                     16.03   2.03    29.83

SNOWFALL (IN)
  TODAY           MM            MM      MM   0.1   MM        0.0
  MONTH TO DATE   MM                         0.8   MM        0.0
  SINCE SEP 1     MM                         0.9   MM        0.0
  SINCE JUL 1     MM                         0.9   MM        0.0
  SNOW DEPTH      MM

DEGREE DAYS
 HEATING
  TODAY           25                        32     -7       14
  MONTH TO DATE  400                       448    -48      236
  SINCE SEP 1    823                       970   -147      617
  SINCE JUL 1   1171                      1586   -415     1157

 COOLING
  TODAY            0                         0      0        0
  MONTH TO DATE    0                         0      0        0
  SINCE SEP 1      0                         0      0        0
  SINCE JAN 1     32                         1     31        1
..................................................................


WIND (MPH)
  RESULTANT WIND SPEED   7   RESULTANT WIND DIRECTION   E (100)
  HIGHEST WIND SPEED    13   HIGHEST WIND DIRECTION     E (90)
  HIGHEST GUST SPEED    17   HIGHEST GUST DIRECTION     E (100)
  AVERAGE WIND SPEED     7.7



WEATHER CONDITIONS
 THE FOLLOWING WEATHER WAS RECORDED TODAY.
  LIGHT RAIN


RELATIVE HUMIDITY (PERCENT)
 HIGHEST    96
 LOWEST     58
 AVERAGE    77

..........................................................


THE KING SALMON CLIMATE NORMALS FOR TOMORROW
                         NORMAL    RECORD    YEAR
 MAXIMUM TEMPERATURE (F)   41        56      2018
                                             2002
 MINIMUM TEMPERATURE (F)   25         8      1965


SUNRISE AND SUNSET
OCTOBER 16 2019.......SUNRISE   905 AM AKDT  SUNSET   718 PM AKDT
OCTOBER 17 2019.......SUNRISE   908 AM AKDT  SUNSET   715 PM AKDT


-  INDICATES NEGATIVE NUMBERS.
R  INDICATES RECORD WAS SET OR TIED.
MM INDICATES DATA IS MISSING.
T  INDICATES TRACE AMOUNT.




$$
