000
CDAK48 PAFC 201230
CLIAKN


CLIMATE REPORT
NATIONAL WEATHER SERVICE ANCHORAGE, AK
429 AM AKDT TUE OCT 20 2020


...................................

...THE KING SALMON CLIMATE SUMMARY FOR OCTOBER 19 2020...

CLIMATE NORMAL PERIOD 1981 TO 2010
CLIMATE RECORD PERIOD 1917 TO 2020


WEATHER ITEM   OBSERVED TIME   RECORD YEAR NORMAL DEPARTURE LAST
                VALUE   (LST)  VALUE       VALUE  FROM      YEAR
                                                  NORMAL
..................................................................
TEMPERATURE (F)
 YESTERDAY
  MAXIMUM         47    239 PM  56    1957  40      7       40
  MINIMUM         32    153 AM   2    1929  24      8       16
  AVERAGE         40                        32      8       28

PRECIPITATION (IN)
  YESTERDAY        0.05          0.46 1949   0.06  -0.01     0.00
  MONTH TO DATE    1.23                      1.43  -0.20     1.07
  SINCE SEP 1      3.37                      4.62  -1.25     7.12
  SINCE JAN 1     18.07                     16.22   1.85    18.34

DEGREE DAYS
 HEATING
  YESTERDAY       25                        33     -8       37
  MONTH TO DATE  442                       546   -104      496
  SINCE SEP 1    976                      1068    -92      919
  SINCE JUL 1   1464                      1684   -220     1267

 COOLING
  YESTERDAY        0                         0      0        0
  MONTH TO DATE    0                         0      0        0
  SINCE SEP 1      0                         0      0        0
  SINCE JAN 1      1                         1      0       32
..................................................................


WIND (MPH)
  RESULTANT WIND SPEED   6   RESULTANT WIND DIRECTION   W (260)
  HIGHEST WIND SPEED    16   HIGHEST WIND DIRECTION     W (270)
  HIGHEST GUST SPEED    20   HIGHEST GUST DIRECTION     W (260)
  AVERAGE WIND SPEED     6.5



WEATHER CONDITIONS
 THE FOLLOWING WEATHER WAS RECORDED YESTERDAY.
  RAIN
  LIGHT RAIN
  FOG


RELATIVE HUMIDITY (PERCENT)
 HIGHEST   100
 LOWEST     70
 AVERAGE    85

..........................................................


THE KING SALMON CLIMATE NORMALS FOR TODAY
                         NORMAL    RECORD    YEAR
 MAXIMUM TEMPERATURE (F)   39        57      1957
 MINIMUM TEMPERATURE (F)   24         3      2001


SUNRISE AND SUNSET
OCTOBER 20 2020.......SUNRISE   917 AM AKDT  SUNSET   705 PM AKDT
OCTOBER 21 2020.......SUNRISE   919 AM AKDT  SUNSET   702 PM AKDT


-  INDICATES NEGATIVE NUMBERS.
R  INDICATES RECORD WAS SET OR TIED.
MM INDICATES DATA IS MISSING.
T  INDICATES TRACE AMOUNT.




$$
