108
CDAK48 PAFC 230139
CLIAKN


CLIMATE REPORT
NATIONAL WEATHER SERVICE ANCHORAGE, AK
438 PM AKST THU FEB 22 2018


...................................

...THE KING SALMON CLIMATE SUMMARY FOR FEBRUARY 22 2018...
VALID TODAY AS OF 0400 PM LOCAL TIME.

CLIMATE NORMAL PERIOD 1981 TO 2010
CLIMATE RECORD PERIOD 1917 TO 2018


WEATHER ITEM   OBSERVED TIME   RECORD YEAR NORMAL DEPARTURE LAST
                VALUE   (LST)  VALUE       VALUE  FROM      YEAR
                                                  NORMAL
..................................................................
TEMPERATURE (F)
 TODAY
  MAXIMUM         39    216 AM  49    2015  28     11       38
  MINIMUM         33   1127 AM -25    1990  12     21       29
  AVERAGE         36                        20     16       34

PRECIPITATION (IN)
  TODAY            0.14          0.35 1981   0.03   0.11     0.01
                                      1942
  MONTH TO DATE    1.46                      0.61   0.85     0.80
  SINCE SEP 1     13.24                      9.52   3.72     8.93
  SINCE JAN 1      2.94                      1.63   1.31     0.95

SNOWFALL (IN)
  TODAY            T            MM      MM   0.2   -0.2       T
  MONTH TO DATE    3.6                       4.7   -1.1      9.2
  SINCE SEP 1     16.1                      34.2  -18.1     22.3
  SINCE JUL 1     16.1                      34.2  -18.1     22.3
  SNOW DEPTH       T

DEGREE DAYS
 HEATING
  TODAY           29                        45    -16       31
  MONTH TO DATE  800                      1026   -226     1161
  SINCE DEC 1   3304                      3977   -673     4199
  SINCE JUL 1   6240                      7354  -1114     6925

 COOLING
  TODAY            0                         0      0        0
  MONTH TO DATE    0                         0      0        0
  SINCE DEC 1      0                         0      0        0
  SINCE JAN 1      0                         0      0        0
..................................................................


WIND (MPH)
  RESULTANT WIND SPEED  12   RESULTANT WIND DIRECTION   W (250)
  HIGHEST WIND SPEED    21   HIGHEST WIND DIRECTION     W (260)
  HIGHEST GUST SPEED    26   HIGHEST GUST DIRECTION     W (260)
  AVERAGE WIND SPEED    12.2



WEATHER CONDITIONS
 THE FOLLOWING WEATHER WAS RECORDED TODAY.
  LIGHT RAIN
  FOG


RELATIVE HUMIDITY (PERCENT)
 HIGHEST   100
 LOWEST     82
 AVERAGE    91

..........................................................


THE KING SALMON CLIMATE NORMALS FOR TOMORROW
                         NORMAL    RECORD    YEAR
 MAXIMUM TEMPERATURE (F)   29        45      2014
                                             1993
                                             1945
 MINIMUM TEMPERATURE (F)   12       -33      1976


SUNRISE AND SUNSET
FEBRUARY 22 2018......SUNRISE   841 AM AKST  SUNSET   640 PM AKST
FEBRUARY 23 2018......SUNRISE   838 AM AKST  SUNSET   643 PM AKST


-  INDICATES NEGATIVE NUMBERS.
R  INDICATES RECORD WAS SET OR TIED.
MM INDICATES DATA IS MISSING.
T  INDICATES TRACE AMOUNT.




$$
