000
CDUS45 KBOU 220741
CLIAKO


CLIMATE REPORT
NATIONAL WEATHER SERVICE DENVER/BOULDER CO
141 AM MDT TUE OCT 22 2019


...................................

...THE AKRON CO CLIMATE SUMMARY FOR OCTOBER 21 2019...

CLIMATE NORMAL PERIOD 1981 TO 2010
CLIMATE RECORD PERIOD 9999 TO 9999


WEATHER ITEM   OBSERVED TIME   RECORD YEAR NORMAL DEPARTURE LAST
                VALUE   (LST)  VALUE       VALUE  FROM      YEAR
                                                  NORMAL
..................................................................
TEMPERATURE (F)
 YESTERDAY
  MAXIMUM         51   1229 PM  86    1940  62    -11
  MINIMUM         32    749 PM  20    1976  35     -3
  AVERAGE         42                        48     -6

PRECIPITATION (IN)
  YESTERDAY        0.00          1.00 1941   0.03  -0.03     0.00
  MONTH TO DATE    0.06                      0.84  -0.78     0.68
  SINCE SEP 1      0.67                      2.00  -1.33     0.96
  SINCE JAN 1     15.16                     15.49  -0.33    16.14

SNOWFALL (IN)
  YESTERDAY        0.0
  SNOW DEPTH       0

DEGREE DAYS
 HEATING
  YESTERDAY       23
  MONTH TO DATE  329

 COOLING
  YESTERDAY        0
  MONTH TO DATE    2
..................................................................


WIND (MPH)
  HIGHEST WIND SPEED    39   HIGHEST WIND DIRECTION    NW (330)
  HIGHEST GUST SPEED    50   HIGHEST GUST DIRECTION     N (340)




RELATIVE HUMIDITY (PERCENT)
 HIGHEST    75
 LOWEST     29
 AVERAGE    52

..........................................................


THE AKRON CO CLIMATE NORMALS FOR TODAY
                         NORMAL    RECORD    YEAR
 MAXIMUM TEMPERATURE (F)   62        84      2003
 MINIMUM TEMPERATURE (F)   35        24      1984


SUNRISE AND SUNSET
OCTOBER 22 2019.......SUNRISE   711 AM MDT   SUNSET   603 PM MDT
OCTOBER 23 2019.......SUNRISE   712 AM MDT   SUNSET   602 PM MDT


-  INDICATES NEGATIVE NUMBERS.
R  INDICATES RECORD WAS SET OR TIED.
MM INDICATES DATA IS MISSING.
T  INDICATES TRACE AMOUNT.




$$
