000
CDUS45 KBOU 180733
CLIAKO


CLIMATE REPORT
NATIONAL WEATHER SERVICE DENVER/BOULDER CO
132 AM MDT TUE SEP 18 2018


...................................

...THE AKRON CO CLIMATE SUMMARY FOR SEPTEMBER 17 2018...

CLIMATE NORMAL PERIOD 1981 TO 2010
CLIMATE RECORD PERIOD 9999 TO 9999


WEATHER ITEM   OBSERVED TIME   RECORD YEAR NORMAL DEPARTURE LAST
                VALUE   (LST)  VALUE       VALUE  FROM      YEAR
                                                  NORMAL
..................................................................
TEMPERATURE (F)
 YESTERDAY
  MAXIMUM         94    307 PM  96    2000  76     18
  MINIMUM         59    504 AM  28    1965  49     10
  AVERAGE         77                        62     15

PRECIPITATION (IN)
  YESTERDAY        0.00          0.31 1993   0.03  -0.03      T
  MONTH TO DATE    0.04                      0.69  -0.65     0.16
  SINCE SEP 1      0.04                      0.69  -0.65     0.16
  SINCE JAN 1     15.22                     14.18   1.04    11.95

SNOWFALL (IN)
  YESTERDAY        0.0
  SNOW DEPTH       0

DEGREE DAYS
 HEATING
  YESTERDAY        0
  MONTH TO DATE    4

 COOLING
  YESTERDAY       12
  MONTH TO DATE  116
..................................................................


WIND (MPH)
  HIGHEST WIND SPEED    21   HIGHEST WIND DIRECTION     N (10)
  HIGHEST GUST SPEED    27   HIGHEST GUST DIRECTION     N (360)




RELATIVE HUMIDITY (PERCENT)
 HIGHEST    72
 LOWEST     15
 AVERAGE    44

..........................................................


THE AKRON CO CLIMATE NORMALS FOR TODAY
                         NORMAL    RECORD    YEAR
 MAXIMUM TEMPERATURE (F)   76        95      2000
 MINIMUM TEMPERATURE (F)   48        30      1942


SUNRISE AND SUNSET
SEPTEMBER 18 2018.....SUNRISE   637 AM MDT   SUNSET   657 PM MDT
SEPTEMBER 19 2018.....SUNRISE   638 AM MDT   SUNSET   655 PM MDT


-  INDICATES NEGATIVE NUMBERS.
R  INDICATES RECORD WAS SET OR TIED.
MM INDICATES DATA IS MISSING.
T  INDICATES TRACE AMOUNT.




$$
