000
CDUS45 KBOU 180739
CLIAKO


CLIMATE REPORT
NATIONAL WEATHER SERVICE DENVER/BOULDER CO
1235 AM MST TUE DEC 18 2018


...................................

...THE AKRON CO CLIMATE SUMMARY FOR DECEMBER 17 2018...

CLIMATE NORMAL PERIOD 1981 TO 2010
CLIMATE RECORD PERIOD 9999 TO 9999


WEATHER ITEM   OBSERVED TIME   RECORD YEAR NORMAL DEPARTURE LAST
                VALUE   (LST)  VALUE       VALUE  FROM      YEAR
                                                  NORMAL
..................................................................
TEMPERATURE (F)
 YESTERDAY
  MAXIMUM         57    317 PM  69    1980  39     18
  MINIMUM         22    710 AM -17    1964  16      6
  AVERAGE         40                        28     12

PRECIPITATION (IN)
  YESTERDAY        0.00          0.07 1944   0.01  -0.01      T
  MONTH TO DATE    0.01                      0.25  -0.24     0.01
  SINCE DEC 1      0.01                      0.25  -0.24     0.01
  SINCE JAN 1     16.56                     16.59  -0.03    13.68

SNOWFALL (IN)
  YESTERDAY        0.0
  SNOW DEPTH       0

DEGREE DAYS
 HEATING
  YESTERDAY       25
  MONTH TO DATE  559

 COOLING
  YESTERDAY        0
  MONTH TO DATE    0
..................................................................


WIND (MPH)
  HIGHEST WIND SPEED    16   HIGHEST WIND DIRECTION    SW (210)
  HIGHEST GUST SPEED    26   HIGHEST GUST DIRECTION    SW (210)




RELATIVE HUMIDITY (PERCENT)
 HIGHEST    74
 LOWEST     22
 AVERAGE    48

..........................................................


THE AKRON CO CLIMATE NORMALS FOR TODAY
                         NORMAL    RECORD    YEAR
 MAXIMUM TEMPERATURE (F)   39        61      2013
 MINIMUM TEMPERATURE (F)   16       -13      1945


SUNRISE AND SUNSET
DECEMBER 18 2018......SUNRISE   710 AM MST   SUNSET   429 PM MST
DECEMBER 19 2018......SUNRISE   711 AM MST   SUNSET   429 PM MST


-  INDICATES NEGATIVE NUMBERS.
R  INDICATES RECORD WAS SET OR TIED.
MM INDICATES DATA IS MISSING.
T  INDICATES TRACE AMOUNT.




$$
