000
CDUS45 KBOU 220740
CLIAKO


CLIMATE REPORT
NATIONAL WEATHER SERVICE DENVER/BOULDER CO
1237 AM MST THU FEB 22 2018


...................................

...THE AKRON CO CLIMATE SUMMARY FOR FEBRUARY 21 2018...

CLIMATE NORMAL PERIOD 1981 TO 2010
CLIMATE RECORD PERIOD 9999 TO 9999


WEATHER ITEM   OBSERVED TIME   RECORD YEAR NORMAL DEPARTURE LAST
                VALUE   (LST)  VALUE       VALUE  FROM      YEAR
                                                  NORMAL
..................................................................
TEMPERATURE (F)
 YESTERDAY
  MAXIMUM         28    308 PM  73    2017  45    -17
  MINIMUM          5    155 AM  -6    1953  21    -16
  AVERAGE         17                        33    -16

PRECIPITATION (IN)
  YESTERDAY        0.00          0.07 1962   0.02  -0.02     0.00
  MONTH TO DATE    0.40                      0.30   0.10      T
  SINCE DEC 1      1.13                      1.00   0.13     0.25
  SINCE JAN 1      1.11                      0.60   0.51     0.11

SNOWFALL (IN)
  YESTERDAY        0.0
  SNOW DEPTH       0

DEGREE DAYS
 HEATING
  YESTERDAY       48
  MONTH TO DATE  804

 COOLING
  YESTERDAY        0
  MONTH TO DATE    0
..................................................................


WIND (MPH)
  HIGHEST WIND SPEED    22   HIGHEST WIND DIRECTION    SE (140)
  HIGHEST GUST SPEED    28   HIGHEST GUST DIRECTION    SE (150)




RELATIVE HUMIDITY (PERCENT)
 HIGHEST    84
 LOWEST     45
 AVERAGE    65

..........................................................


THE AKRON CO CLIMATE NORMALS FOR TODAY
                         NORMAL    RECORD    YEAR
 MAXIMUM TEMPERATURE (F)   45        72      1996
 MINIMUM TEMPERATURE (F)   21         0      1955


SUNRISE AND SUNSET
FEBRUARY 22 2018......SUNRISE   636 AM MST   SUNSET   537 PM MST
FEBRUARY 23 2018......SUNRISE   635 AM MST   SUNSET   538 PM MST


-  INDICATES NEGATIVE NUMBERS.
R  INDICATES RECORD WAS SET OR TIED.
MM INDICATES DATA IS MISSING.
T  INDICATES TRACE AMOUNT.




$$
