617
CDUS45 KBOU 150732
CLIAKO

CLIMATE REPORT
NATIONAL WEATHER SERVICE
132 AM MDT SAT MAY 15 2021

...................................

...THE AKRON CO CLIMATE SUMMARY FOR MAY 14 2021...

CLIMATE NORMAL PERIOD 1991 TO 2020
CLIMATE RECORD PERIOD 9999 TO 9999


WEATHER ITEM   OBSERVED TIME   RECORD YEAR NORMAL DEPARTURE LAST
                VALUE   (LST)  VALUE       VALUE  FROM      YEAR
                                                  NORMAL
...................................................................
TEMPERATURE (F)
 YESTERDAY
  MAXIMUM         69    242 PM  90    1941  70     -1
                                      2013
  MINIMUM         43    342 AM  24    1953  43      0
  AVERAGE         56                        56      0

PRECIPITATION (IN)
  YESTERDAY        0.06          1.42 1965   0.09  -0.03     0.43
  MONTH TO DATE    1.36                      1.09   0.27     1.62
  SINCE OCT 1      7.41                      5.21   2.20     3.01
  SINCE JAN 1      7.16                      3.60   3.56     2.57

SNOWFALL (IN)
  YESTERDAY       MM
  SNOW DEPTH      MM

DEGREE DAYS
 HEATING
  YESTERDAY        9
  MONTH TO DATE  194

 COOLING
  YESTERDAY        0
  MONTH TO DATE    5
...................................................................


WIND (MPH)
  HIGHEST WIND SPEED    24   HIGHEST WIND DIRECTION     E (80)
  HIGHEST GUST SPEED    31   HIGHEST GUST DIRECTION     E (80)


RELATIVE HUMIDITY (PERCENT)
 HIGHEST   100
 LOWEST     49
 AVERAGE    75

..........................................................


THE AKRON CO CLIMATE NORMALS FOR TODAY
                         NORMAL    RECORD    YEAR
 MAXIMUM TEMPERATURE (F)   70        90      1978
 MINIMUM TEMPERATURE (F)   43        30      1970


SUNRISE AND SUNSET
MAY 15 2021...........SUNRISE   537 AM MDT   SUNSET   802 PM MDT
MAY 16 2021...........SUNRISE   536 AM MDT   SUNSET   803 PM MDT


-  INDICATES NEGATIVE NUMBERS.
R  INDICATES RECORD WAS SET OR TIED.
MM INDICATES DATA IS MISSING.
T  INDICATES TRACE AMOUNT.




$$
