000
CDUS45 KBOU 230732
CLIAKO


CLIMATE REPORT
NATIONAL WEATHER SERVICE DENVER/BOULDER CO
131 AM MDT SAT JUN 23 2018


...................................

...THE AKRON CO CLIMATE SUMMARY FOR JUNE 22 2018...

CLIMATE NORMAL PERIOD 1981 TO 2010
CLIMATE RECORD PERIOD 9999 TO 9999


WEATHER ITEM   OBSERVED TIME   RECORD YEAR NORMAL DEPARTURE LAST
                VALUE   (LST)  VALUE       VALUE  FROM      YEAR
                                                  NORMAL
..................................................................
TEMPERATURE (F)
 YESTERDAY
  MAXIMUM         75    931 AM  98    1937  84     -9
  MINIMUM         54   1159 PM  38    1957  55     -1
  AVERAGE         65                        70     -5

PRECIPITATION (IN)
  YESTERDAY        0.34          1.36 1948   0.07   0.27      T
  MONTH TO DATE    1.30                      1.93  -0.63     0.48
  SINCE JUN 1      1.30                      1.93  -0.63     0.48
  SINCE JAN 1     11.13                      8.11   3.02     7.13

SNOWFALL (IN)
  YESTERDAY        0.0
  SNOW DEPTH       0

DEGREE DAYS
 HEATING
  YESTERDAY        0
  MONTH TO DATE    4

 COOLING
  YESTERDAY        0
  MONTH TO DATE  130
..................................................................


WIND (MPH)
  HIGHEST WIND SPEED    35   HIGHEST WIND DIRECTION     W (270)
  HIGHEST GUST SPEED    51   HIGHEST GUST DIRECTION     W (290)




RELATIVE HUMIDITY (PERCENT)
 HIGHEST    93
 LOWEST     53
 AVERAGE    73

..........................................................


THE AKRON CO CLIMATE NORMALS FOR TODAY
                         NORMAL    RECORD    YEAR
 MAXIMUM TEMPERATURE (F)   84       105      1954
 MINIMUM TEMPERATURE (F)   56        42      1947


SUNRISE AND SUNSET
JUNE 23 2018..........SUNRISE   524 AM MDT   SUNSET   826 PM MDT
JUNE 24 2018..........SUNRISE   524 AM MDT   SUNSET   826 PM MDT


-  INDICATES NEGATIVE NUMBERS.
R  INDICATES RECORD WAS SET OR TIED.
MM INDICATES DATA IS MISSING.
T  INDICATES TRACE AMOUNT.




$$
