000
CDUS45 KBOU 110745
CLIAKO


CLIMATE REPORT
NATIONAL WEATHER SERVICE DENVER/BOULDER CO
140 AM MDT TUE AUG 11 2020


...................................

...THE AKRON CO CLIMATE SUMMARY FOR AUGUST 10 2020...

CLIMATE NORMAL PERIOD 1981 TO 2010
CLIMATE RECORD PERIOD 9999 TO 9999


WEATHER ITEM   OBSERVED TIME   RECORD YEAR NORMAL DEPARTURE LAST
                VALUE   (LST)  VALUE       VALUE  FROM      YEAR
                                                  NORMAL
..................................................................
TEMPERATURE (F)
 YESTERDAY
  MAXIMUM         85    351 PM 100    1940  87     -2
  MINIMUM         57    518 AM  45    1939  59     -2
  AVERAGE         71                        73     -2

PRECIPITATION (IN)
  YESTERDAY        0.00          1.43 1979   0.09  -0.09     0.08
  MONTH TO DATE    0.74                      0.89  -0.15     1.85
  SINCE JUN 1      2.65                      5.90  -3.25     8.27
  SINCE JAN 1      6.44                     12.08  -5.64    12.94

SNOWFALL (IN)
  YESTERDAY        0.0
  SNOW DEPTH       0

DEGREE DAYS
 HEATING
  YESTERDAY        0
  MONTH TO DATE    0

 COOLING
  YESTERDAY        6
  MONTH TO DATE   97
..................................................................


WIND (MPH)
  HIGHEST WIND SPEED    17   HIGHEST WIND DIRECTION    SE (150)
  HIGHEST GUST SPEED    27   HIGHEST GUST DIRECTION     S (160)




RELATIVE HUMIDITY (PERCENT)
 HIGHEST    93
 LOWEST     34
 AVERAGE    64

..........................................................


THE AKRON CO CLIMATE NORMALS FOR TODAY
                         NORMAL    RECORD    YEAR
 MAXIMUM TEMPERATURE (F)   87        98      1959
 MINIMUM TEMPERATURE (F)   59        47      1974


SUNRISE AND SUNSET
AUGUST 11 2020........SUNRISE   601 AM MDT   SUNSET   754 PM MDT
AUGUST 12 2020........SUNRISE   602 AM MDT   SUNSET   753 PM MDT


-  INDICATES NEGATIVE NUMBERS.
R  INDICATES RECORD WAS SET OR TIED.
MM INDICATES DATA IS MISSING.
T  INDICATES TRACE AMOUNT.




$$
