000
CDUS43 KDMX 250636 RRA
CLIALO

CLIMATE REPORT
NATIONAL WEATHER SERVICE DES MOINES IA
135 AM CDT SUN OCT 25 2020

...................................

...THE WATERLOO IA CLIMATE SUMMARY FOR OCTOBER 24 2020...

CLIMATE NORMAL PERIOD 1981 TO 2010
CLIMATE RECORD PERIOD 1895 TO 2020


WEATHER ITEM   OBSERVED TIME   RECORD YEAR NORMAL DEPARTURE LAST
                VALUE   (LST)  VALUE       VALUE  FROM      YEAR
                                                  NORMAL
..................................................................
TEMPERATURE (F)
 YESTERDAY
  MAXIMUM         41    218 PM  81    1899  58    -17       49
  MINIMUM         23    656 AM  19    2006  36    -13       29
                                      1896
  AVERAGE         32                        47    -15       39

PRECIPITATION (IN)
  YESTERDAY        0.00          1.09 1908   0.08  -0.08     0.00
  MONTH TO DATE    3.07                      1.97   1.10     5.61
  SINCE SEP 1      8.24                      4.60   3.64    10.66
  SINCE JAN 1     33.47                     30.88   2.59    38.90

SNOWFALL (IN)
  YESTERDAY        0.0           1.2  1938   0.0    0.0      0.0
  MONTH TO DATE    T                         0.1   -0.1       T
  SINCE SEP 1      T                         0.1   -0.1       T
  SINCE JUL 1      T                         0.1   -0.1       T
  SNOW DEPTH       0

DEGREE DAYS
 HEATING
  YESTERDAY       33                        18     15       26
  MONTH TO DATE  368                       331     37      341
  SINCE SEP 1    504                       469     35      362
  SINCE JUL 1    505                       489     16      367

 COOLING
  YESTERDAY        0                         0      0        0
  MONTH TO DATE    7                         8     -1        5
  SINCE SEP 1     61                        86    -25      168
  SINCE JAN 1   1038                       798    240      928
..................................................................


WIND (MPH)
  HIGHEST WIND SPEED    16   HIGHEST WIND DIRECTION    NE (50)
  HIGHEST GUST SPEED    21   HIGHEST GUST DIRECTION    NE (40)
  AVERAGE WIND SPEED     8.0


SKY COVER
  POSSIBLE SUNSHINE  MM
  AVERAGE SKY COVER 0.7


WEATHER CONDITIONS
 THE FOLLOWING WEATHER WAS RECORDED YESTERDAY.
  NO SIGNIFICANT WEATHER WAS OBSERVED.


RELATIVE HUMIDITY (PERCENT)
 HIGHEST    88           700 AM
 LOWEST     45           100 PM
 AVERAGE    67

..........................................................


THE WATERLOO IA CLIMATE NORMALS FOR TODAY
                         NORMAL    RECORD    YEAR
 MAXIMUM TEMPERATURE (F)   58        86      1927
 MINIMUM TEMPERATURE (F)   36        19      1987


SUNRISE AND SUNSET
OCTOBER 25 2020.......SUNRISE   735 AM CDT   SUNSET   611 PM CDT
OCTOBER 26 2020.......SUNRISE   737 AM CDT   SUNSET   610 PM CDT


-  INDICATES NEGATIVE NUMBERS.
R  INDICATES RECORD WAS SET OR TIED.
MM INDICATES DATA IS MISSING.
T  INDICATES TRACE AMOUNT.




$$
