000
CDUS43 KDMX 060631 RRA
CLIALO

CLIMATE REPORT
NATIONAL WEATHER SERVICE DES MOINES IA
1230 AM CST FRI DEC 6 2019

...................................

...THE WATERLOO IA CLIMATE SUMMARY FOR DECEMBER 5 2019...

CLIMATE NORMAL PERIOD 1981 TO 2010
CLIMATE RECORD PERIOD 1895 TO 2019


WEATHER ITEM   OBSERVED TIME   RECORD YEAR NORMAL DEPARTURE LAST
                VALUE   (LST)  VALUE       VALUE  FROM      YEAR
                                                  NORMAL
..................................................................
TEMPERATURE (F)
 YESTERDAY
  MAXIMUM         53    308 PM  67    2001  35     18       36
  MINIMUM         22    535 AM -16    2005  17      5       21
  AVERAGE         38                        26     12       29

PRECIPITATION (IN)
  YESTERDAY        0.00          1.68 1982   0.04  -0.04     0.00
  MONTH TO DATE    0.04                      0.24  -0.20     0.52
  SINCE DEC 1      0.04                      0.24  -0.20     0.52
  SINCE JAN 1     40.98                     33.64   7.34    52.07

SNOWFALL (IN)
  YESTERDAY        0.0           5.3  1925   0.3   -0.3      0.0
  MONTH TO DATE    T                         1.5   -1.5      1.3
  SINCE DEC 1      T                         1.5   -1.5      1.3
  SINCE JUL 1      8.0                       4.9    3.1      5.1
  SNOW DEPTH       0

DEGREE DAYS
 HEATING
  YESTERDAY       27                        39    -12       36
  MONTH TO DATE  152                       191    -39      173
  SINCE DEC 1    152                       191    -39      173
  SINCE JUL 1   1684                      1674     10     1914

 COOLING
  YESTERDAY        0                         0      0        0
  MONTH TO DATE    0                         0      0        0
  SINCE DEC 1      0                         0      0        0
  SINCE JAN 1    928                       799    129      890
..................................................................


WIND (MPH)
  HIGHEST WIND SPEED    18   HIGHEST WIND DIRECTION    NW (330)
  HIGHEST GUST SPEED    27   HIGHEST GUST DIRECTION    NW (330)
  AVERAGE WIND SPEED     7.3


SKY COVER
  POSSIBLE SUNSHINE  MM
  AVERAGE SKY COVER 0.0


WEATHER CONDITIONS
 THE FOLLOWING WEATHER WAS RECORDED YESTERDAY.
  FOG
  HAZE


RELATIVE HUMIDITY (PERCENT)
 HIGHEST    92           200 AM
 LOWEST     50           300 PM
 AVERAGE    71

..........................................................


THE WATERLOO IA CLIMATE NORMALS FOR TODAY
                         NORMAL    RECORD    YEAR
 MAXIMUM TEMPERATURE (F)   34        60      1951
                                             1939
 MINIMUM TEMPERATURE (F)   16       -14      2005


SUNRISE AND SUNSET
DECEMBER  6 2019......SUNRISE   725 AM CST   SUNSET   436 PM CST
DECEMBER  7 2019......SUNRISE   726 AM CST   SUNSET   436 PM CST


-  INDICATES NEGATIVE NUMBERS.
R  INDICATES RECORD WAS SET OR TIED.
MM INDICATES DATA IS MISSING.
T  INDICATES TRACE AMOUNT.




$$
