000
CDUS43 KDMX 152227 RRA
CLIALO

CLIMATE REPORT
NATIONAL WEATHER SERVICE DES MOINES IA
526 PM CDT TUE OCT 15 2019


...................................

...THE WATERLOO IA CLIMATE SUMMARY FOR OCTOBER 15 2019...
VALID TODAY AS OF 0500 PM LOCAL TIME.

CLIMATE NORMAL PERIOD 1981 TO 2010
CLIMATE RECORD PERIOD 1895 TO 2019


WEATHER ITEM   OBSERVED TIME   RECORD YEAR NORMAL DEPARTURE LAST
                VALUE   (LST)  VALUE       VALUE  FROM      YEAR
                                                  NORMAL
..................................................................
TEMPERATURE (F)
 TODAY
  MAXIMUM         61    155 PM  85    1963  62     -1       47
                                      1953
                                      1899
  MINIMUM         42   1235 AM  21    1937  39      3       30
  AVERAGE         52                        51      1       39

PRECIPITATION (IN)
  TODAY            0.00          0.73 1920   0.07  -0.07     0.00
  MONTH TO DATE    4.34                      1.24   3.10     5.42
  SINCE SEP 1      9.39                      3.87   5.52    18.77
  SINCE JAN 1     37.63                     30.15   7.48    48.88

SNOWFALL (IN)
  TODAY            0.0           T    1972   0.0    0.0      0.0
  MONTH TO DATE    T                         0.0    0.0      0.1
  SINCE SEP 1      T                         0.0    0.0      0.1
  SINCE JUL 1      T                         0.0    0.0      0.1
  SNOW DEPTH       0

DEGREE DAYS
 HEATING
  TODAY           13                        15     -2       26
  MONTH TO DATE  183                       184     -1      227
  SINCE SEP 1    204                       322   -118      358
  SINCE JUL 1    209                       342   -133      367

 COOLING
  TODAY            0                         0      0        0
  MONTH TO DATE    5                         8     -3        4
  SINCE SEP 1    168                        86     82      114
  SINCE JAN 1    928                       798    130      890
..................................................................


WIND (MPH)
  HIGHEST WIND SPEED    24   HIGHEST WIND DIRECTION    NW (300)
  HIGHEST GUST SPEED    38   HIGHEST GUST DIRECTION    NW (310)
  AVERAGE WIND SPEED    11.0


SKY COVER
  POSSIBLE SUNSHINE  MM
  AVERAGE SKY COVER 0.1


WEATHER CONDITIONS
 THE FOLLOWING WEATHER WAS RECORDED TODAY.
  NO SIGNIFICANT WEATHER WAS OBSERVED.


RELATIVE HUMIDITY (PERCENT)
 HIGHEST    82           100 AM
 LOWEST     42           200 PM
 AVERAGE    62

..........................................................


THE WATERLOO IA CLIMATE NORMALS FOR TOMORROW
                         NORMAL    RECORD    YEAR
 MAXIMUM TEMPERATURE (F)   62        86      1938
                                             1910
 MINIMUM TEMPERATURE (F)   39        22      1952


SUNRISE AND SUNSET
OCTOBER 15 2019.......SUNRISE   722 AM CDT   SUNSET   628 PM CDT
OCTOBER 16 2019.......SUNRISE   724 AM CDT   SUNSET   626 PM CDT


-  INDICATES NEGATIVE NUMBERS.
R  INDICATES RECORD WAS SET OR TIED.
MM INDICATES DATA IS MISSING.
T  INDICATES TRACE AMOUNT.




$$
