000
CDUS43 KDMX 172227
CLIALO

CLIMATE REPORT
NATIONAL WEATHER SERVICE DES MOINES IA
526 PM CDT TUE JUL 17 2018


...................................

...THE WATERLOO IA CLIMATE SUMMARY FOR JULY 17 2018...
VALID TODAY AS OF 0500 PM LOCAL TIME.

CLIMATE NORMAL PERIOD 1981 TO 2010
CLIMATE RECORD PERIOD 1895 TO 2018


WEATHER ITEM   OBSERVED TIME   RECORD YEAR NORMAL DEPARTURE LAST
                VALUE   (LST)  VALUE       VALUE  FROM      YEAR
                                                  NORMAL
..................................................................
TEMPERATURE (F)
 TODAY
  MAXIMUM         85    243 PM 105    1936  85      0       84
  MINIMUM         58    413 AM  48    1976  63     -5       63
                                      1911
  AVERAGE         72                        74     -2       74

PRECIPITATION (IN)
  TODAY            0.00          4.06 1968   0.17  -0.17     0.00
  MONTH TO DATE    2.01                      2.85  -0.84     0.80
  SINCE JUN 1     11.54                      7.83   3.71     6.55
  SINCE JAN 1     22.44                     19.95   2.49    19.57

SNOWFALL (IN)
  TODAY            0.0          MM      MM   0.0    0.0      0.0
  MONTH TO DATE    0.0                       0.0    0.0      0.0
  SINCE JUN 1      0.0                       0.0    0.0      0.0
  SINCE JUL 1      0.0                       0.0    0.0      0.0
  SNOW DEPTH       0

DEGREE DAYS
 HEATING
  TODAY            0                         0      0        0
  MONTH TO DATE    0                         0      0        0
  SINCE JUN 1      3                        26    -23       17
  SINCE JUL 1      0                         0      0        0

 COOLING
  TODAY            7                         9     -2        9
  MONTH TO DATE  165                       153     12      142
  SINCE JUN 1    397                       330     67      345
  SINCE JAN 1    522                       386    136      381
..................................................................


WIND (MPH)
  HIGHEST WIND SPEED    10   HIGHEST WIND DIRECTION     N (350)
  HIGHEST GUST SPEED    13   HIGHEST GUST DIRECTION     N (10)
  AVERAGE WIND SPEED     2.4


SKY COVER
  POSSIBLE SUNSHINE  MM
  AVERAGE SKY COVER 0.1


WEATHER CONDITIONS
 THE FOLLOWING WEATHER WAS RECORDED TODAY.
  NO SIGNIFICANT WEATHER WAS OBSERVED.


RELATIVE HUMIDITY (PERCENT)
 HIGHEST   100          1200 AM
 LOWEST     51           200 PM
 AVERAGE    76

..........................................................


THE WATERLOO IA CLIMATE NORMALS FOR TOMORROW
                         NORMAL    RECORD    YEAR
 MAXIMUM TEMPERATURE (F)   85       102      1940
 MINIMUM TEMPERATURE (F)   63        49      1914


SUNRISE AND SUNSET
JULY 17 2018..........SUNRISE   547 AM CDT   SUNSET   844 PM CDT
JULY 18 2018..........SUNRISE   548 AM CDT   SUNSET   843 PM CDT


-  INDICATES NEGATIVE NUMBERS.
R  INDICATES RECORD WAS SET OR TIED.
MM INDICATES DATA IS MISSING.
T  INDICATES TRACE AMOUNT.




$$
