000
CDUS45 KPUB 150020
CLIALS


CLIMATE REPORT
NATIONAL WEATHER SERVICE PUEBLO
620 PM MDT TUE AUG 14 2018


...................................

...THE ALAMOSA CO CLIMATE SUMMARY FOR AUGUST 14 2018...
VALID TODAY AS OF 0500 PM LOCAL TIME.

CLIMATE NORMAL PERIOD 1981 TO 2010
CLIMATE RECORD PERIOD 1932 TO 2018


WEATHER ITEM   OBSERVED TIME   RECORD YEAR NORMAL DEPARTURE LAST
                VALUE   (LST)  VALUE       VALUE  FROM      YEAR
                                                  NORMAL
..................................................................
TEMPERATURE (F)
 TODAY
  MAXIMUM         84    155 PM  88    2015  80      4       81
                                      1958
                                      1951
  MINIMUM         42    419 AM  36    2002  47     -5       46
                                      1974
  AVERAGE         63                        63      0       64

PRECIPITATION (IN)
  TODAY            0.00          0.65 2009   0.05  -0.05     0.00
  MONTH TO DATE    0.46                      0.57  -0.11     0.54
  SINCE JUN 1      2.13                      2.03   0.10     4.25
  SINCE JAN 1      2.93                      4.25  -1.32     8.50

SNOWFALL (IN)
  TODAY            0.0           0.0  2002   0.0    0.0      0.0
  MONTH TO DATE    0.0                       0.0    0.0      0.0
  SINCE JUN 1      0.0                       0.0    0.0       T
  SINCE JUL 1      0.0                       0.0    0.0       T
  SNOW DEPTH       0

DEGREE DAYS
 HEATING
  TODAY            2                         2      0        1
  MONTH TO DATE   14                        25    -11       43
  SINCE JUN 1    101                       238   -137      143
  SINCE JUL 1     24                        70    -46       52

 COOLING
  TODAY            0                         0      0        0
  MONTH TO DATE    9                        12     -3        0
  SINCE JUN 1    104                        50     54       76
  SINCE JAN 1    104                        50     54       76
..................................................................


WIND (MPH)
  HIGHEST WIND SPEED    31   HIGHEST WIND DIRECTION    SW (240)
  HIGHEST GUST SPEED    42   HIGHEST GUST DIRECTION    SW (230)
  AVERAGE WIND SPEED     5.6


SKY COVER
  POSSIBLE SUNSHINE  MM
  AVERAGE SKY COVER 0.0


WEATHER CONDITIONS
 THE FOLLOWING WEATHER WAS RECORDED TODAY.
  NO SIGNIFICANT WEATHER WAS OBSERVED.


RELATIVE HUMIDITY (PERCENT)
 HIGHEST    76           400 AM
 LOWEST     18           200 PM
 AVERAGE    47

..........................................................


THE ALAMOSA CO CLIMATE NORMALS FOR TOMORROW
                         NORMAL    RECORD    YEAR
 MAXIMUM TEMPERATURE (F)   80        89      1944
 MINIMUM TEMPERATURE (F)   46        35      1978


SUNRISE AND SUNSET
AUGUST 14 2018........SUNRISE   619 AM MDT   SUNSET   757 PM MDT
AUGUST 15 2018........SUNRISE   620 AM MDT   SUNSET   756 PM MDT


-  INDICATES NEGATIVE NUMBERS.
R  INDICATES RECORD WAS SET OR TIED.
MM INDICATES DATA IS MISSING.
T  INDICATES TRACE AMOUNT.




$$
