000
CDUS45 KPUB 261049
CLIALS


CLIMATE REPORT
NATIONAL WEATHER SERVICE PUEBLO
448 AM MDT SAT MAY 26 2018


...................................

...THE ALAMOSA CO CLIMATE SUMMARY FOR MAY 25 2018...

CLIMATE NORMAL PERIOD 1981 TO 2010
CLIMATE RECORD PERIOD 1932 TO 2018


WEATHER ITEM   OBSERVED TIME   RECORD YEAR NORMAL DEPARTURE LAST
                VALUE   (LST)  VALUE       VALUE  FROM      YEAR
                                                  NORMAL
..................................................................
TEMPERATURE (F)
 YESTERDAY
  MAXIMUM         83    348 PM  84    2006  72     11       75
  MINIMUM         32    513 AM  21    2010  36     -4       42
  AVERAGE         58                        54      4       59

PRECIPITATION (IN)
  YESTERDAY        0.00          0.61 1961   0.01  -0.01     0.00
  MONTH TO DATE    0.14                      0.47  -0.33     1.24
  SINCE MAR 1      0.49                      1.59  -1.10     2.60
  SINCE JAN 1      0.80                      2.11  -1.31     4.25

SNOWFALL (IN)
  YESTERDAY        0.0           T    1965   0.0    0.0      0.0
  MONTH TO DATE    T                         0.9   -0.9      1.1
  SINCE MAR 1      2.1                       9.5   -7.4      6.7
  SINCE JUL 1      9.1                      27.6  -18.5     42.2
  SNOW DEPTH       0

DEGREE DAYS
 HEATING
  YESTERDAY        7                        11     -4        6
  MONTH TO DATE  286                       365    -79      380
  SINCE MAR 1   1821                      2036   -215     1755
  SINCE JUL 1   7096                      8365  -1269     7544

 COOLING
  YESTERDAY        0                         0      0        0
  MONTH TO DATE    0                         0      0        0
  SINCE MAR 1      0                         0      0        0
  SINCE JAN 1      0                         0      0        0
..................................................................


WIND (MPH)
  HIGHEST WIND SPEED    18   HIGHEST WIND DIRECTION     S (200)
  HIGHEST GUST SPEED    29   HIGHEST GUST DIRECTION    SW (210)
  AVERAGE WIND SPEED     6.8


SKY COVER
  POSSIBLE SUNSHINE  MM
  AVERAGE SKY COVER 0.0


WEATHER CONDITIONS
 THE FOLLOWING WEATHER WAS RECORDED YESTERDAY.
  NO SIGNIFICANT WEATHER WAS OBSERVED.


RELATIVE HUMIDITY (PERCENT)
 HIGHEST    70           500 AM
 LOWEST      7           200 PM
 AVERAGE    39

..........................................................


THE ALAMOSA CO CLIMATE NORMALS FOR TODAY
                         NORMAL    RECORD    YEAR
 MAXIMUM TEMPERATURE (F)   72        84      1969
                                             1953
 MINIMUM TEMPERATURE (F)   36        24      1907


SUNRISE AND SUNSET
MAY 26 2018...........SUNRISE   547 AM MDT   SUNSET   815 PM MDT
MAY 27 2018...........SUNRISE   546 AM MDT   SUNSET   815 PM MDT


-  INDICATES NEGATIVE NUMBERS.
R  INDICATES RECORD WAS SET OR TIED.
MM INDICATES DATA IS MISSING.
T  INDICATES TRACE AMOUNT.




$$
