481
CDUS45 KPUB 170011
CLIALS


CLIMATE REPORT
NATIONAL WEATHER SERVICE PUEBLO
610 PM MDT WED OCT 16 2019


...................................

...THE ALAMOSA CO CLIMATE SUMMARY FOR OCTOBER 16 2019...
VALID TODAY AS OF 0500 PM LOCAL TIME.

CLIMATE NORMAL PERIOD 1981 TO 2010
CLIMATE RECORD PERIOD 1932 TO 2019


WEATHER ITEM   OBSERVED TIME   RECORD YEAR NORMAL DEPARTURE LAST
                VALUE   (LST)  VALUE       VALUE  FROM      YEAR
                                                  NORMAL
..................................................................
TEMPERATURE (F)
 TODAY
  MAXIMUM         69    408 PM  77    1991  62      7       57
  MINIMUM         17    616 AM   9    1967  24     -7       11
  AVERAGE         43                        43      0       34

PRECIPITATION (IN)
  TODAY            0.00          0.64 1960   0.02  -0.02     0.00
  MONTH TO DATE    T                         0.35  -0.35     0.16
  SINCE SEP 1      0.73                      1.26  -0.53     1.18
  SINCE JAN 1      6.78                      6.21   0.57     4.29

SNOWFALL (IN)
  TODAY            0.0           3.2  1960   0.1   -0.1      0.0
  MONTH TO DATE    0.0                       0.6   -0.6      0.0
  SINCE SEP 1      0.0                       0.6   -0.6      0.0
  SINCE JUL 1      0.0                       0.6   -0.6      0.0
  SNOW DEPTH       0

DEGREE DAYS
 HEATING
  TODAY           22                        22      0       31
  MONTH TO DATE  327                       303     24      304
  SINCE SEP 1    520                       605    -85      517
  SINCE JUL 1    583                       734   -151      591

 COOLING
  TODAY            0                         0      0        0
  MONTH TO DATE    0                         0      0        0
  SINCE SEP 1      6                         0      6        0
  SINCE JAN 1     72                        51     21      104
..................................................................


WIND (MPH)
  HIGHEST WIND SPEED     8   HIGHEST WIND DIRECTION    SE (130)
  HIGHEST GUST SPEED    17   HIGHEST GUST DIRECTION     E (70)
  AVERAGE WIND SPEED     3.2


SKY COVER
  POSSIBLE SUNSHINE  MM
  AVERAGE SKY COVER 0.0


WEATHER CONDITIONS
 THE FOLLOWING WEATHER WAS RECORDED TODAY.
  NO SIGNIFICANT WEATHER WAS OBSERVED.


RELATIVE HUMIDITY (PERCENT)
 HIGHEST    67           600 AM
 LOWEST      8           200 PM
 AVERAGE    38

..........................................................


THE ALAMOSA CO CLIMATE NORMALS FOR TOMORROW
                         NORMAL    RECORD    YEAR
 MAXIMUM TEMPERATURE (F)   62        76      2016
 MINIMUM TEMPERATURE (F)   24         8      1999


SUNRISE AND SUNSET
OCTOBER 16 2019.......SUNRISE   712 AM MDT   SUNSET   625 PM MDT
OCTOBER 17 2019.......SUNRISE   713 AM MDT   SUNSET   624 PM MDT


-  INDICATES NEGATIVE NUMBERS.
R  INDICATES RECORD WAS SET OR TIED.
MM INDICATES DATA IS MISSING.
T  INDICATES TRACE AMOUNT.




$$
