000
CDUS45 KPUB 191152
CLIALS


CLIMATE REPORT
NATIONAL WEATHER SERVICE PUEBLO
452 AM MST SAT JAN 19 2019


...................................

...THE ALAMOSA CO CLIMATE SUMMARY FOR JANUARY 18 2019...

CLIMATE NORMAL PERIOD 1981 TO 2010
CLIMATE RECORD PERIOD 1932 TO 2019


WEATHER ITEM   OBSERVED TIME   RECORD YEAR NORMAL DEPARTURE LAST
                VALUE   (LST)  VALUE       VALUE  FROM      YEAR
                                                  NORMAL
..................................................................
TEMPERATURE (F)
 YESTERDAY
  MAXIMUM         34    333 PM  58    1971  34      0       45
  MINIMUM         12   1059 PM -30    1984  -2     14       -3
  AVERAGE         23                        16      7       21

PRECIPITATION (IN)
  YESTERDAY        0.06          0.33 1952   0.01   0.05     0.00
  MONTH TO DATE    1.01                      0.14   0.87      T
  SINCE DEC 1      1.33                      0.49   0.84     0.14
  SINCE JAN 1      1.01                      0.14   0.87      T

SNOWFALL (IN)
  YESTERDAY        1.0           4.8  1990   0.1    0.9      0.0
  MONTH TO DATE   14.7                       2.1   12.6      0.0
  SINCE DEC 1     20.4                       6.6   13.8      1.3
  SINCE JUL 1     28.6                      12.4   16.2      1.7
  SNOW DEPTH       6

DEGREE DAYS
 HEATING
  YESTERDAY       42                        49     -7       44
  MONTH TO DATE  952                       882     70      726
  SINCE DEC 1   2334                      2344    -10     1945
  SINCE JUL 1   4367                      4519   -152     3711

 COOLING
  YESTERDAY        0                         0      0        0
  MONTH TO DATE    0                         0      0        0
  SINCE DEC 1      0                         0      0        0
  SINCE JAN 1      0                         0      0        0
..................................................................


WIND (MPH)
  HIGHEST WIND SPEED    25   HIGHEST WIND DIRECTION    NW (330)
  HIGHEST GUST SPEED    34   HIGHEST GUST DIRECTION    NW (330)
  AVERAGE WIND SPEED    12.3


SKY COVER
  POSSIBLE SUNSHINE  MM
  AVERAGE SKY COVER 0.5


WEATHER CONDITIONS
 THE FOLLOWING WEATHER WAS RECORDED YESTERDAY.
  LIGHT SNOW
  FOG


RELATIVE HUMIDITY (PERCENT)
 HIGHEST   100           800 AM
 LOWEST     47           200 PM
 AVERAGE    74

..........................................................


THE ALAMOSA CO CLIMATE NORMALS FOR TODAY
                         NORMAL    RECORD    YEAR
 MAXIMUM TEMPERATURE (F)   34        56      2000
 MINIMUM TEMPERATURE (F)   -2       -40      1984


SUNRISE AND SUNSET
JANUARY 19 2019.......SUNRISE   715 AM MST   SUNSET   513 PM MST
JANUARY 20 2019.......SUNRISE   715 AM MST   SUNSET   514 PM MST


-  INDICATES NEGATIVE NUMBERS.
R  INDICATES RECORD WAS SET OR TIED.
MM INDICATES DATA IS MISSING.
T  INDICATES TRACE AMOUNT.




$$
