000
CDUS45 KPUB 111507 CCB
CLIALS

CLIMATE REPORT
NATIONAL WEATHER SERVICE
906 AM MDT TUE AUG 11 2020

...................................

...THE ALAMOSA CO CLIMATE SUMMARY FOR AUGUST 10 2020...
(CORRECTED SNOW DEPTH)

CLIMATE NORMAL PERIOD: 1981 TO 2010
CLIMATE RECORD PERIOD: 1932 TO 2020


WEATHER ITEM   OBSERVED TIME   RECORD YEAR NORMAL DEPARTURE LAST
                VALUE   (LST)  VALUE       VALUE  FROM      YEAR
                                                  NORMAL
...................................................................
TEMPERATURE (F)
 YESTERDAY
  MAXIMUM         87   3:27 PM  89    1937  80      7       80
                                      2003
                                      2011
  MINIMUM         41   4:51 AM  32    2009  47     -6       52
  AVERAGE         64                        64      0       66

PRECIPITATION (IN)
  YESTERDAY        0.00          0.91 1979   0.04  -0.04     0.08
  MONTH TO DATE    0.02                      0.40  -0.38     0.23
  SINCE JAN 1      2.57                      4.08  -1.51     5.43

SNOWFALL (IN)
  YESTERDAY        0.0           0.0  2002   0.0    0.0      0.0
  MONTH TO DATE    0.0                       0.0    0.0      0.0
  SINCE JUL 1      0.0                       0.0    0.0      0.0
  SNOW DEPTH       0

DEGREE DAYS
 HEATING
  YESTERDAY        1                         2     -1        0
  MONTH TO DATE    3                        17    -14        0
  SINCE JUL 1     22                        62    -40       27

 COOLING
  YESTERDAY        0                         1     -1        1
  MONTH TO DATE    8                        10     -2       13
  SINCE JAN 1     60                        48     12       63
...................................................................


WIND (MPH)
  HIGHEST WIND SPEED    17   HIGHEST WIND DIRECTION     W (260)
  HIGHEST GUST SPEED    22   HIGHEST GUST DIRECTION     N (340)
  AVERAGE WIND SPEED     5.1


SKY COVER
  POSSIBLE SUNSHINE  MM
  AVERAGE SKY COVER 0.0


WEATHER CONDITIONS
THE FOLLOWING WEATHER WAS RECORDED YESTERDAY.
  NO SIGNIFICANT WEATHER WAS OBSERVED.


RELATIVE HUMIDITY (PERCENT)
 HIGHEST    70           4:00 AM
 LOWEST      8           1:00 PM
 AVERAGE    39

..........................................................


THE ALAMOSA CO CLIMATE NORMALS FOR TODAY
                         NORMAL    RECORD    YEAR
 MAXIMUM TEMPERATURE (F)   80        88      1937
                                             1995
 MINIMUM TEMPERATURE (F)   47        36      1951
                                             1974
                                             1996


SUNRISE AND SUNSET
AUGUST 11 2020........SUNRISE   6:17 AM MDT   SUNSET   8:00 PM MDT
AUGUST 12 2020........SUNRISE   6:18 AM MDT   SUNSET   7:59 PM MDT


-  INDICATES NEGATIVE NUMBERS.
R  INDICATES RECORD WAS SET OR TIED.
MM INDICATES DATA IS MISSING.
T  INDICATES TRACE AMOUNT.




$$
