450
CDUS45 KPUB 150017
CLIALS

CLIMATE REPORT
NATIONAL WEATHER SERVICE
617 PM MDT MON JUN 14 2021

...................................

...THE ALAMOSA CO CLIMATE SUMMARY FOR JUNE 14 2021...
VALID TODAY AS OF 0500 PM LOCAL TIME.

CLIMATE NORMAL PERIOD 1991 TO 2020
CLIMATE RECORD PERIOD 1932 TO 2021


WEATHER ITEM   OBSERVED TIME   RECORD YEAR NORMAL DEPARTURE LAST
                VALUE   (LST)  VALUE       VALUE  FROM      YEAR
                                                  NORMAL
...................................................................
TEMPERATURE (F)
 TODAY
  MAXIMUM         91R   409 PM  88    1952  80     11       82
                                      2004
  MINIMUM         42    418 AM  24    1944  40      2       46
  AVERAGE         67                        60      7       64

PRECIPITATION (IN)
  TODAY            0.00          0.50 1933   0.01  -0.01      T
  MONTH TO DATE    0.29                      0.17   0.12     0.17
  SINCE JAN 1      3.06                      2.45   0.61     0.97

SNOWFALL (IN)
  TODAY            0.0           0.0  2002  MM     MM        0.0
  MONTH TO DATE    0.0                       0.0    0.0       T
  SINCE JUL 1     48.5                      MM     MM       16.8
  SNOW DEPTH       0

DEGREE DAYS
 HEATING
  TODAY            0                         5     -5        1
  MONTH TO DATE   52                        92    -40       55
  SINCE JUL 1   7929                      8269   -340     7900

 COOLING
  TODAY            2                         0      2        0
  MONTH TO DATE    7                         0      7        2
  SINCE JAN 1      7                         0      7        2
...................................................................


WIND (MPH)
  HIGHEST WIND SPEED    12   HIGHEST WIND DIRECTION    SE (140)
  HIGHEST GUST SPEED    16   HIGHEST GUST DIRECTION    SE (150)
  AVERAGE WIND SPEED     4.7


SKY COVER
  POSSIBLE SUNSHINE  MM
  AVERAGE SKY COVER 0.0


WEATHER CONDITIONS
THE FOLLOWING WEATHER WAS RECORDED TODAY.
  NO SIGNIFICANT WEATHER WAS OBSERVED.


RELATIVE HUMIDITY (PERCENT)
 HIGHEST    80           300 AM
 LOWEST      7           200 PM
 AVERAGE    44

..........................................................


THE ALAMOSA CO CLIMATE NORMALS FOR TOMORROW
                         NORMAL    RECORD    YEAR
 MAXIMUM TEMPERATURE (F)   80        88      1946
                                             2000
 MINIMUM TEMPERATURE (F)   41        26      2001


SUNRISE AND SUNSET
JUNE 14 2021..........SUNRISE   542 AM MDT   SUNSET   826 PM MDT
JUNE 15 2021..........SUNRISE   542 AM MDT   SUNSET   826 PM MDT


-  INDICATES NEGATIVE NUMBERS.
R  INDICATES RECORD WAS SET OR TIED.
MM INDICATES DATA IS MISSING.
T  INDICATES TRACE AMOUNT.




$$
