000
CDUS45 KPUB 051013
CLIALS

CLIMATE REPORT
NATIONAL WEATHER SERVICE
413 AM MDT TUE JUL 05 2022

...................................

...THE ALAMOSA CO CLIMATE SUMMARY FOR JULY 4 2022...

CLIMATE NORMAL PERIOD 1991 TO 2020
CLIMATE RECORD PERIOD 1932 TO 2022


WEATHER ITEM   OBSERVED TIME   RECORD YEAR NORMAL DEPARTURE LAST
                VALUE   (LST)  VALUE       VALUE  FROM      YEAR
                                                  NORMAL
...................................................................
TEMPERATURE (F)
 YESTERDAY
  MAXIMUM         82    320 PM  93    1989  84     -2       91
  MINIMUM         46    431 AM  35    1943  46      0       48
                                      1995
  AVERAGE         64                        65     -1       70

PRECIPITATION (IN)
  YESTERDAY        0.00          0.72 1954   0.03  -0.03     0.21
  MONTH TO DATE    0.00                      0.10  -0.10     0.28
  SINCE JAN 1      3.24                      2.81   0.43     3.94

SNOWFALL (IN)
  YESTERDAY        0.0           0.0  2002  MM     MM        0.0
  MONTH TO DATE    0.0                       0.0    0.0      0.0
  SINCE JUL 1      0.0                       0.0    0.0      0.0
  SNOW DEPTH       0

DEGREE DAYS
 HEATING
  YESTERDAY        1                         2     -1        0
  MONTH TO DATE    7                         8     -1        0
  SINCE JUL 1      7                         8     -1        0

 COOLING
  YESTERDAY        0                         1     -1        5
  MONTH TO DATE    1                         4     -3       11
  SINCE JAN 1     16                        14      2       46
...................................................................


WIND (MPH)
  HIGHEST WIND SPEED    18   HIGHEST WIND DIRECTION    NW (320)
  HIGHEST GUST SPEED    25   HIGHEST GUST DIRECTION    NW (300)
  AVERAGE WIND SPEED     4.6


SKY COVER
  POSSIBLE SUNSHINE  MM
  AVERAGE SKY COVER 0.1


WEATHER CONDITIONS
THE FOLLOWING WEATHER WAS RECORDED YESTERDAY.
  FOG


RELATIVE HUMIDITY (PERCENT)
 HIGHEST   100           200 AM
 LOWEST     27           300 PM
 AVERAGE    64

..........................................................


THE ALAMOSA CO CLIMATE NORMALS FOR TODAY
                         NORMAL    RECORD    YEAR
 MAXIMUM TEMPERATURE (F)   84        96      1989
 MINIMUM TEMPERATURE (F)   46        34      2000


SUNRISE AND SUNSET
JULY  5 2022..........SUNRISE   548 AM MDT   SUNSET   828 PM MDT
JULY  6 2022..........SUNRISE   549 AM MDT   SUNSET   827 PM MDT


-  INDICATES NEGATIVE NUMBERS.
R  INDICATES RECORD WAS SET OR TIED.
MM INDICATES DATA IS MISSING.
T  INDICATES TRACE AMOUNT.




$$
