820
CDUS45 KPUB 201039
CLIALS


CLIMATE REPORT
NATIONAL WEATHER SERVICE PUEBLO
439 AM MDT SAT OCT 20 2018


...................................

...THE ALAMOSA CO CLIMATE SUMMARY FOR OCTOBER 19 2018...

CLIMATE NORMAL PERIOD 1981 TO 2010
CLIMATE RECORD PERIOD 1932 TO 2018


WEATHER ITEM   OBSERVED TIME   RECORD YEAR NORMAL DEPARTURE LAST
                VALUE   (LST)  VALUE       VALUE  FROM      YEAR
                                                  NORMAL
..................................................................
TEMPERATURE (F)
 YESTERDAY
  MAXIMUM         60    410 PM  76    2003  61     -1       68
  MINIMUM         18    618 AM   5    1976  23     -5       22
  AVERAGE         39                        42     -3       45

PRECIPITATION (IN)
  YESTERDAY        0.00          0.42 1990   0.02  -0.02     0.00
  MONTH TO DATE    0.17                      0.42  -0.25     0.05
  SINCE SEP 1      1.19                      1.33  -0.14     1.80
  SINCE JAN 1      4.30                      6.28  -1.98    10.49

SNOWFALL (IN)
  YESTERDAY        0.0           0.2  1962   0.1   -0.1      0.0
  MONTH TO DATE    0.0                       0.8   -0.8       T
  SINCE SEP 1      0.0                       0.8   -0.8       T
  SINCE JUL 1      0.0                       0.8   -0.8       T
  SNOW DEPTH       0

DEGREE DAYS
 HEATING
  YESTERDAY       26                        23      3       20
  MONTH TO DATE  371                       371      0      348
  SINCE SEP 1    584                       673    -89      593
  SINCE JUL 1    658                       802   -144      692

 COOLING
  YESTERDAY        0                         0      0        0
  MONTH TO DATE    0                         0      0        0
  SINCE SEP 1      0                         0      0        0
  SINCE JAN 1    104                        51     53       76
..................................................................


WIND (MPH)
  HIGHEST WIND SPEED    15   HIGHEST WIND DIRECTION     E (100)
  HIGHEST GUST SPEED    22   HIGHEST GUST DIRECTION     E (110)
  AVERAGE WIND SPEED     5.1


SKY COVER
  POSSIBLE SUNSHINE  MM
  AVERAGE SKY COVER 0.2


WEATHER CONDITIONS
 THE FOLLOWING WEATHER WAS RECORDED YESTERDAY.
  FOG
  FOG W/VISIBILITY <= 1/4 MILE


RELATIVE HUMIDITY (PERCENT)
 HIGHEST   100           100 AM
 LOWEST     23           400 PM
 AVERAGE    62

..........................................................


THE ALAMOSA CO CLIMATE NORMALS FOR TODAY
                         NORMAL    RECORD    YEAR
 MAXIMUM TEMPERATURE (F)   60        75      2003
 MINIMUM TEMPERATURE (F)   23         9      1976
                                             1943


SUNRISE AND SUNSET
OCTOBER 20 2018.......SUNRISE   716 AM MDT   SUNSET   620 PM MDT
OCTOBER 21 2018.......SUNRISE   717 AM MDT   SUNSET   618 PM MDT


-  INDICATES NEGATIVE NUMBERS.
R  INDICATES RECORD WAS SET OR TIED.
MM INDICATES DATA IS MISSING.
T  INDICATES TRACE AMOUNT.




$$
