000
CDUS45 KPUB 231052
CLIALS


CLIMATE REPORT
NATIONAL WEATHER SERVICE PUEBLO
451 AM MDT WED MAY 23 2018


...................................

...THE ALAMOSA CO CLIMATE SUMMARY FOR MAY 22 2018...

CLIMATE NORMAL PERIOD 1981 TO 2010
CLIMATE RECORD PERIOD 1932 TO 2018


WEATHER ITEM   OBSERVED TIME   RECORD YEAR NORMAL DEPARTURE LAST
                VALUE   (LST)  VALUE       VALUE  FROM      YEAR
                                                  NORMAL
..................................................................
TEMPERATURE (F)
 YESTERDAY
  MAXIMUM         75    219 PM  87    2005  71      4       66
  MINIMUM         34    145 AM  22    1974  35     -1       36
  AVERAGE         55                        53      2       51

PRECIPITATION (IN)
  YESTERDAY        0.00          0.27 2009   0.01  -0.01      T
  MONTH TO DATE    0.14                      0.42  -0.28     1.23
  SINCE MAR 1      0.49                      1.54  -1.05     2.59
  SINCE JAN 1      0.80                      2.06  -1.26     4.24

SNOWFALL (IN)
  YESTERDAY        0.0           T    1957   0.0    0.0      0.0
  MONTH TO DATE    T                         0.9   -0.9      1.1
  SINCE MAR 1      2.1                       9.5   -7.4      6.7
  SINCE JUL 1      9.1                      27.6  -18.5     42.2
  SNOW DEPTH       0

DEGREE DAYS
 HEATING
  YESTERDAY       10                        12     -2       14
  MONTH TO DATE  263                       331    -68      350
  SINCE MAR 1   1798                      2002   -204     1725
  SINCE JUL 1   7073                      8331  -1258     7514

 COOLING
  YESTERDAY        0                         0      0        0
  MONTH TO DATE    0                         0      0        0
  SINCE MAR 1      0                         0      0        0
  SINCE JAN 1      0                         0      0        0
..................................................................


WIND (MPH)
  HIGHEST WIND SPEED    31   HIGHEST WIND DIRECTION     S (190)
  HIGHEST GUST SPEED    43   HIGHEST GUST DIRECTION     S (190)
  AVERAGE WIND SPEED    10.8


SKY COVER
  POSSIBLE SUNSHINE  MM
  AVERAGE SKY COVER 0.4


WEATHER CONDITIONS
 THE FOLLOWING WEATHER WAS RECORDED YESTERDAY.
  FOG
  FOG W/VISIBILITY <= 1/4 MILE


RELATIVE HUMIDITY (PERCENT)
 HIGHEST   100          1200 AM
 LOWEST     20           200 PM
 AVERAGE    60

..........................................................


THE ALAMOSA CO CLIMATE NORMALS FOR TODAY
                         NORMAL    RECORD    YEAR
 MAXIMUM TEMPERATURE (F)   71        87      2005
 MINIMUM TEMPERATURE (F)   35        23      1975
                                             1972


SUNRISE AND SUNSET
MAY 23 2018...........SUNRISE   549 AM MDT   SUNSET   812 PM MDT
MAY 24 2018...........SUNRISE   548 AM MDT   SUNSET   813 PM MDT


-  INDICATES NEGATIVE NUMBERS.
R  INDICATES RECORD WAS SET OR TIED.
MM INDICATES DATA IS MISSING.
T  INDICATES TRACE AMOUNT.




$$
