000
CDUS46 KPDT 090036
CLIALW

CLIMATE REPORT
NATIONAL WEATHER SERVICE PENDLETON OR
536 PM PDT SAT MAY 08 2021

...................................

...THE WALLA WALLA WA CLIMATE SUMMARY FOR MAY 8 2021...
VALID TODAY AS OF 0400 PM LOCAL TIME.

CLIMATE NORMAL PERIOD 1991 TO 2020
CLIMATE RECORD PERIOD 1949 TO 2021


WEATHER ITEM   OBSERVED TIME   RECORD YEAR NORMAL DEPARTURE LAST
                VALUE   (LST)  VALUE       VALUE  FROM      YEAR
                                                  NORMAL
...................................................................
TEMPERATURE (F)
 TODAY
  MAXIMUM         60    234 PM  93    1987  69     -9       73
  MINIMUM         40    511 AM  37    2002  47     -7       38
  AVERAGE         50                        58     -8       56

PRECIPITATION (IN)
  TODAY            0.00          1.34 1991   0.07  -0.07     0.00
  MONTH TO DATE    0.05                      0.52  -0.47     1.09
  SINCE OCT 1      9.56                     14.44  -4.88    10.23
  SINCE JAN 1      3.74                      8.30  -4.56     7.70

DEGREE DAYS
 HEATING
  TODAY           15                         7      8        9
  MONTH TO DATE   58                        66     -8       74
  SINCE MAR 1   1011                      1006      5     1105
  SINCE JUL 1   4574                      4627    -53     4766

 COOLING
  TODAY            0                         1     -1        0
  MONTH TO DATE    2                         4     -2        0
  SINCE MAR 1      7                         6      1        0
  SINCE JAN 1      7                         6      1        0
...................................................................


WIND (MPH)
  HIGHEST WIND SPEED    20   HIGHEST WIND DIRECTION    SW (230)
  HIGHEST GUST SPEED    28   HIGHEST GUST DIRECTION     W (260)
  AVERAGE WIND SPEED    11.9


SKY COVER
  POSSIBLE SUNSHINE  MM
  AVERAGE SKY COVER 0.3


WEATHER CONDITIONS
THE FOLLOWING WEATHER WAS RECORDED TODAY.
  NO SIGNIFICANT WEATHER WAS OBSERVED.


RELATIVE HUMIDITY (PERCENT)
 HIGHEST    70           200 AM
 LOWEST     29           300 PM
 AVERAGE    50

..........................................................


THE WALLA WALLA WA CLIMATE NORMALS FOR TOMORROW
                         NORMAL    RECORD    YEAR
 MAXIMUM TEMPERATURE (F)   70        90      1994
 MINIMUM TEMPERATURE (F)   48        36      2006


SUNRISE AND SUNSET
MAY  8 2021...........SUNRISE   529 AM PDT   SUNSET   811 PM PDT
MAY  9 2021...........SUNRISE   528 AM PDT   SUNSET   812 PM PDT


-  INDICATES NEGATIVE NUMBERS.
R  INDICATES RECORD WAS SET OR TIED.
MM INDICATES DATA IS MISSING.
T  INDICATES TRACE AMOUNT.




$$
