000
CDUS46 KPDT 200841
CLIALW

CLIMATE REPORT
NATIONAL WEATHER SERVICE PENDLETON OR
127 AM PDT SAT OCT 20 2018


...................................

...THE WALLA WALLA WA CLIMATE SUMMARY FOR OCTOBER 19 2018...

CLIMATE NORMAL PERIOD 1981 TO 2010
CLIMATE RECORD PERIOD 1949 TO 2018


WEATHER ITEM   OBSERVED TIME   RECORD YEAR NORMAL DEPARTURE LAST
                VALUE   (LST)  VALUE       VALUE  FROM      YEAR
                                                  NORMAL
..................................................................
TEMPERATURE (F)
 YESTERDAY
  MAXIMUM         67    315 PM  76    1992  62      5       65
  MINIMUM         42    450 AM  30    1982  42      0       48
  AVERAGE         55                        52      3       57

PRECIPITATION (IN)
  YESTERDAY        0.00          0.53 1979   0.06  -0.06     0.45
  MONTH TO DATE    1.20                      0.80   0.40     1.18
  SINCE OCT 1      1.20                      0.80   0.40     1.18
  SINCE JAN 1     10.79                     14.63  -3.84    14.70

SNOWFALL (IN)
  YESTERDAY        0.0           0.0  2002   0.0    0.0      0.0
                                      2001
                                      1994
  MONTH TO DATE    0.0                       0.0    0.0      0.0
  SINCE JAN 1      0.6                       6.0   -5.4     18.0
  SINCE JUL 1      0.0                       0.0    0.0      0.0
  SNOW DEPTH       0

DEGREE DAYS
 HEATING
  YESTERDAY       10                        13     -3        8
  MONTH TO DATE  226                       182     44      199
  SINCE SEP 1    290                       267     23      275
  SINCE JUL 1    293                       280     13      275

 COOLING
  YESTERDAY        0                         0      0        0
  MONTH TO DATE    0                         3     -3        0
  SINCE SEP 1     52                        96    -44      152
  SINCE JAN 1   1033                       848    185     1277
..................................................................


WIND (MPH)
  HIGHEST WIND SPEED    10   HIGHEST WIND DIRECTION     E (90)
  HIGHEST GUST SPEED    12   HIGHEST GUST DIRECTION     E (90)
  AVERAGE WIND SPEED     4.0


SKY COVER
  POSSIBLE SUNSHINE  MM
  AVERAGE SKY COVER 0.0


WEATHER CONDITIONS
 THE FOLLOWING WEATHER WAS RECORDED YESTERDAY.
  NO SIGNIFICANT WEATHER WAS OBSERVED.


RELATIVE HUMIDITY (PERCENT)
 HIGHEST    76           500 AM
 LOWEST     34           300 PM
 AVERAGE    55

..........................................................


THE WALLA WALLA WA CLIMATE NORMALS FOR TODAY
                         NORMAL    RECORD    YEAR
 MAXIMUM TEMPERATURE (F)   61        79      2003
 MINIMUM TEMPERATURE (F)   42        32      1987


SUNRISE AND SUNSET
OCTOBER 20 2018.......SUNRISE   717 AM PDT   SUNSET   558 PM PDT
OCTOBER 21 2018.......SUNRISE   718 AM PDT   SUNSET   556 PM PDT


-  INDICATES NEGATIVE NUMBERS.
R  INDICATES RECORD WAS SET OR TIED.
MM INDICATES DATA IS MISSING.
T  INDICATES TRACE AMOUNT.




$$
