000
CDUS46 KPDT 190844
CLIALW

CLIMATE REPORT
NATIONAL WEATHER SERVICE PENDLETON OR
1244 AM PST MON FEB 19 2018


...................................

...THE WALLA WALLA WA CLIMATE SUMMARY FOR FEBRUARY 18 2018...

CLIMATE NORMAL PERIOD 1981 TO 2010
CLIMATE RECORD PERIOD 1949 TO 2018


WEATHER ITEM   OBSERVED TIME   RECORD YEAR NORMAL DEPARTURE LAST
                VALUE   (LST)  VALUE       VALUE  FROM      YEAR
                                                  NORMAL
..................................................................
TEMPERATURE (F)
 YESTERDAY
  MAXIMUM         43    233 AM  69    1958  47     -4       43
  MINIMUM         25   1159 PM   5    1956  32     -7       35
  AVERAGE         34                        39     -5       39

PRECIPITATION (IN)
  YESTERDAY        T             1.08 1983   0.07  -0.07     0.14
  MONTH TO DATE    1.45                      1.10   0.35     1.66
  SINCE OCT 1     11.02                     10.65   0.37    11.07
  SINCE JAN 1      3.78                      3.63   0.15     3.17

SNOWFALL (IN)
  YESTERDAY        0.0           5.0  1993   0.1   -0.1      0.0
  MONTH TO DATE    T                         2.0   -2.0      3.4
  SINCE JAN 1      T                         3.9   -3.9     16.9
  SINCE JUL 1     10.1                       9.6    0.5     33.8
  SNOW DEPTH       0

DEGREE DAYS
 HEATING
  YESTERDAY       31                        26      5       26
  MONTH TO DATE  369                       482   -113      539
  SINCE DEC 1   2097                      2374   -277     2905
  SINCE JUL 1   3137                      3534   -397     3785

 COOLING
  YESTERDAY        0                         0      0        0
  MONTH TO DATE    0                         0      0        0
  SINCE DEC 1      0                         0      0        0
  SINCE JAN 1      0                         0      0        0
..................................................................


WIND (MPH)
  HIGHEST WIND SPEED    25   HIGHEST WIND DIRECTION    SW (240)
  HIGHEST GUST SPEED    32   HIGHEST GUST DIRECTION    SW (230)
  AVERAGE WIND SPEED    13.5


SKY COVER
  POSSIBLE SUNSHINE  MM
  AVERAGE SKY COVER 0.7


WEATHER CONDITIONS
 THE FOLLOWING WEATHER WAS RECORDED YESTERDAY.
  LIGHT RAIN


RELATIVE HUMIDITY (PERCENT)
 HIGHEST    85           700 PM
 LOWEST     51           100 PM
 AVERAGE    68

..........................................................


THE WALLA WALLA WA CLIMATE NORMALS FOR TODAY
                         NORMAL    RECORD    YEAR
 MAXIMUM TEMPERATURE (F)   47        66      1981
 MINIMUM TEMPERATURE (F)   32        14      2006


SUNRISE AND SUNSET
FEBRUARY 19 2018......SUNRISE   649 AM PST   SUNSET   525 PM PST
FEBRUARY 20 2018......SUNRISE   648 AM PST   SUNSET   527 PM PST


-  INDICATES NEGATIVE NUMBERS.
R  INDICATES RECORD WAS SET OR TIED.
MM INDICATES DATA IS MISSING.
T  INDICATES TRACE AMOUNT.


$$
