000
CDUS46 KPDT 180030 RRC
CLIALW

CLIMATE REPORT
NATIONAL WEATHER SERVICE PENDLETON OR
527 PM PDT FRI AUG 17 2018


...................................

...THE WALLA WALLA WA CLIMATE SUMMARY FOR AUGUST 17 2018...
VALID TODAY AS OF 0500 PM LOCAL TIME.

CLIMATE NORMAL PERIOD 1981 TO 2010
CLIMATE RECORD PERIOD 1949 TO 2018


WEATHER ITEM   OBSERVED TIME   RECORD YEAR NORMAL DEPARTURE LAST
                VALUE   (LST)  VALUE       VALUE  FROM      YEAR
                                                  NORMAL
..................................................................
TEMPERATURE (F)
 TODAY
  MAXIMUM         90    359 PM 110    1977  88      2       89
  MINIMUM         69    701 AM  51    1969  61      8       67
  AVERAGE         80                        74      6       78

PRECIPITATION (IN)
  TODAY            0.02          0.30 1980   0.02   0.00     0.00
  MONTH TO DATE    0.02                      0.30  -0.28     0.01
  SINCE OCT 1     16.76                     19.83  -3.07    20.50
  SINCE JAN 1      9.52                     12.81  -3.29    12.60

SNOWFALL (IN)
  TODAY            0.0           0.0  2002   0.0    0.0      0.0
                                      2001
                                      1994
  MONTH TO DATE    0.0                       0.0    0.0      0.0
  SINCE JAN 1      0.6                       6.0   -5.4     18.0
  SINCE JUL 1      0.0                       0.0    0.0      0.0
  SNOW DEPTH       0

DEGREE DAYS
 HEATING
  TODAY            0                         0      0        0
  MONTH TO DATE    0                         0      0        0
  SINCE JUN 1     29                        68    -39       23
  SINCE JUL 1      0                         6     -6        0

 COOLING
  TODAY           15                         9      6       13
  MONTH TO DATE  254                       187     67      272
  SINCE JUN 1    812                       611    201      898
  SINCE JAN 1    894                       646    248      970
..................................................................


WIND (MPH)
  HIGHEST WIND SPEED    17   HIGHEST WIND DIRECTION     S (200)
  HIGHEST GUST SPEED    22   HIGHEST GUST DIRECTION    SW (210)
  AVERAGE WIND SPEED     8.5


SKY COVER
  POSSIBLE SUNSHINE  MM
  AVERAGE SKY COVER 0.1


WEATHER CONDITIONS
 THE FOLLOWING WEATHER WAS RECORDED TODAY.
  THUNDERSTORM
  LIGHT RAIN
  HAZE


RELATIVE HUMIDITY (PERCENT)
 HIGHEST    38           500 AM
 LOWEST     22          1200 PM
 AVERAGE    30

..........................................................


THE WALLA WALLA WA CLIMATE NORMALS FOR TOMORROW
                         NORMAL    RECORD    YEAR
 MAXIMUM TEMPERATURE (F)   88       107      1981
 MINIMUM TEMPERATURE (F)   60        50      1973


SUNRISE AND SUNSET
AUGUST 17 2018........SUNRISE   555 AM PDT   SUNSET   758 PM PDT
AUGUST 18 2018........SUNRISE   556 AM PDT   SUNSET   757 PM PDT


-  INDICATES NEGATIVE NUMBERS.
R  INDICATES RECORD WAS SET OR TIED.
MM INDICATES DATA IS MISSING.
T  INDICATES TRACE AMOUNT.




$$
