000
CDUS46 KPDT 221325
CLIALW

CLIMATE REPORT
NATIONAL WEATHER SERVICE PENDLETON OR
145 AM PDT TUE MAY 22 2018


...................................

...THE WALLA WALLA WA CLIMATE SUMMARY FOR MAY 21 2018...

CLIMATE NORMAL PERIOD 1981 TO 2010
CLIMATE RECORD PERIOD 1949 TO 2018


WEATHER ITEM   OBSERVED TIME   RECORD YEAR NORMAL DEPARTURE LAST
                VALUE   (LST)  VALUE       VALUE  FROM      YEAR
                                                  NORMAL
..................................................................
TEMPERATURE (F)
 YESTERDAY
  MAXIMUM         MM        MM  90    1988  72     MM       82
  MINIMUM         MM        MM  36    1971  50     MM       52
  AVERAGE         MM                        61     MM       67

PRECIPITATION (IN)
  YESTERDAY        0.00          1.21 1986   0.07  -0.07     0.00
  MONTH TO DATE    0.77                      1.42  -0.65     1.18
  SINCE OCT 1     16.54                     16.95  -0.41    19.11
  SINCE JAN 1      9.30                      9.93  -0.63    11.21

SNOWFALL (IN)
  YESTERDAY        0.0           0.0  2002   0.0    0.0      0.0
                                      2001
                                      1994
  MONTH TO DATE    0.0                       0.0    0.0      0.0
  SINCE JAN 1      0.6                       6.0   -5.4     18.0
  SINCE JUL 1     10.7                      11.7   -1.0     34.9
  SNOW DEPTH       0

DEGREE DAYS
 HEATING
  YESTERDAY        M                         5      M        0
  MONTH TO DATE   39                       163   -124      157
  SINCE MAR 1    963                      1127   -164     1026
  SINCE JUL 1   4420                      4904   -484     5066

 COOLING
  YESTERDAY        M                         1      M        2
  MONTH TO DATE   35                        18     17       15
  SINCE MAR 1     36                        20     16       15
  SINCE JAN 1     36                        20     16       15
..................................................................


WIND (MPH)
  HIGHEST WIND SPEED    MM   HIGHEST WIND DIRECTION    MM
  HIGHEST GUST SPEED    MM   HIGHEST GUST DIRECTION    MM
  AVERAGE WIND SPEED    MM


SKY COVER
  POSSIBLE SUNSHINE  MM
  AVERAGE SKY COVER  MM


WEATHER CONDITIONS
 THE FOLLOWING WEATHER WAS RECORDED YESTERDAY.
  NO SIGNIFICANT WEATHER WAS OBSERVED.


RELATIVE HUMIDITY (PERCENT)
 HIGHEST    MM          MMMM MM
 LOWEST     MM          MMMM MM
 AVERAGE    MM

..........................................................


THE WALLA WALLA WA CLIMATE NORMALS FOR TODAY
                         NORMAL    RECORD    YEAR
 MAXIMUM TEMPERATURE (F)   72        95      1979
 MINIMUM TEMPERATURE (F)   50        35      1960


SUNRISE AND SUNSET
MAY 22 2018...........SUNRISE   513 AM PDT   SUNSET   827 PM PDT
MAY 23 2018...........SUNRISE   512 AM PDT   SUNSET   828 PM PDT


-  INDICATES NEGATIVE NUMBERS.
R  INDICATES RECORD WAS SET OR TIED.
MM INDICATES DATA IS MISSING.
T  INDICATES TRACE AMOUNT.


$$
