000
CDUS46 KPDT 230833
CLIALW

CLIMATE REPORT
NATIONAL WEATHER SERVICE PENDLETON OR
1229 AM PST WED JAN 23 2019


...................................

...THE WALLA WALLA WA CLIMATE SUMMARY FOR JANUARY 22 2019...

CLIMATE NORMAL PERIOD 1981 TO 2010
CLIMATE RECORD PERIOD 1949 TO 2019


WEATHER ITEM   OBSERVED TIME   RECORD YEAR NORMAL DEPARTURE LAST
                VALUE   (LST)  VALUE       VALUE  FROM      YEAR
                                                  NORMAL
..................................................................
TEMPERATURE (F)
 YESTERDAY
  MAXIMUM         49   1155 PM  60    2016  42      7       50
  MINIMUM         35    122 AM   2    1962  31      4       34
  AVERAGE         42                        36      6       42

PRECIPITATION (IN)
  YESTERDAY        0.46          0.59 1993   0.08   0.38      T
  MONTH TO DATE    2.04                      1.88   0.16     1.85
  SINCE OCT 1      7.40                      8.90  -1.50     9.09
  SINCE JAN 1      2.04                      1.88   0.16     1.85

SNOWFALL (IN)
  YESTERDAY       MM             3.2  1993   0.0   MM        0.0
  MONTH TO DATE    1.5                       1.4    0.1       T
  SINCE JAN 1      1.5                       1.4    0.1       T
  SINCE JUL 1      1.5                       7.1   -5.6     10.1
  SNOW DEPTH       0

DEGREE DAYS
 HEATING
  YESTERDAY       23                        29     -6       23
  MONTH TO DATE  575                       662    -87      555
  SINCE DEC 1   1351                      1640   -289     1559
  SINCE JUL 1   2448                      2800   -352     2599

 COOLING
  YESTERDAY        0                         0      0        0
  MONTH TO DATE    0                         0      0        0
  SINCE DEC 1      0                         0      0        0
  SINCE JAN 1      0                         0      0        0
..................................................................


WIND (MPH)
  HIGHEST WIND SPEED    25   HIGHEST WIND DIRECTION     S (180)
  HIGHEST GUST SPEED    30   HIGHEST GUST DIRECTION     S (180)
  AVERAGE WIND SPEED    13.4


SKY COVER
  POSSIBLE SUNSHINE  MM
  AVERAGE SKY COVER 0.7


WEATHER CONDITIONS
 THE FOLLOWING WEATHER WAS RECORDED YESTERDAY.
  RAIN
  LIGHT RAIN


RELATIVE HUMIDITY (PERCENT)
 HIGHEST    85           600 PM
 LOWEST     37           300 PM
 AVERAGE    61

..........................................................


THE WALLA WALLA WA CLIMATE NORMALS FOR TODAY
                         NORMAL    RECORD    YEAR
 MAXIMUM TEMPERATURE (F)   42        62      1953
 MINIMUM TEMPERATURE (F)   31        -5      1969


SUNRISE AND SUNSET
JANUARY 23 2019.......SUNRISE   725 AM PST   SUNSET   445 PM PST
JANUARY 24 2019.......SUNRISE   724 AM PST   SUNSET   446 PM PST


-  INDICATES NEGATIVE NUMBERS.
R  INDICATES RECORD WAS SET OR TIED.
MM INDICATES DATA IS MISSING.
T  INDICATES TRACE AMOUNT.




$$
