000
CDUS46 KPDT 180832 RRA
CLIALW

CLIMATE REPORT
NATIONAL WEATHER SERVICE PENDLETON OR
129 AM PDT FRI OCT 18 2019


...................................

...THE WALLA WALLA WA CLIMATE SUMMARY FOR OCTOBER 17 2019...

CLIMATE NORMAL PERIOD 1981 TO 2010
CLIMATE RECORD PERIOD 1949 TO 2019


WEATHER ITEM   OBSERVED TIME   RECORD YEAR NORMAL DEPARTURE LAST
                VALUE   (LST)  VALUE       VALUE  FROM      YEAR
                                                  NORMAL
..................................................................
TEMPERATURE (F)
 YESTERDAY
  MAXIMUM         61    312 PM  81    1975  63     -2       62
  MINIMUM         51    926 PM  29    1971  43      8       39
  AVERAGE         56                        53      3       51

PRECIPITATION (IN)
  YESTERDAY        0.17          0.51 2004   0.06   0.11     0.00
  MONTH TO DATE    0.31                      0.69  -0.38     1.20
  SINCE OCT 1      0.31                      0.69  -0.38     1.20
  SINCE JAN 1     13.07                     14.52  -1.45    10.79

DEGREE DAYS
 HEATING
  YESTERDAY        9                        12     -3       14
  MONTH TO DATE  224                       156     68      205
  SINCE SEP 1    315                       241     74      269
  SINCE JUL 1    315                       254     61      272

 COOLING
  YESTERDAY        0                         0      0        0
  MONTH TO DATE    0                         3     -3        0
  SINCE SEP 1    112                        96     16       52
  SINCE JAN 1    956                       848    108     1033
..................................................................


WIND (MPH)
  HIGHEST WIND SPEED    24   HIGHEST WIND DIRECTION     S (180)
  HIGHEST GUST SPEED    32   HIGHEST GUST DIRECTION     S (180)
  AVERAGE WIND SPEED    12.5


SKY COVER
  POSSIBLE SUNSHINE  MM
  AVERAGE SKY COVER 0.8


WEATHER CONDITIONS
 THE FOLLOWING WEATHER WAS RECORDED YESTERDAY.
  RAIN
  LIGHT RAIN


RELATIVE HUMIDITY (PERCENT)
 HIGHEST    83           300 AM
 LOWEST     42           300 PM
 AVERAGE    63

..........................................................


THE WALLA WALLA WA CLIMATE NORMALS FOR TODAY
                         NORMAL    RECORD    YEAR
 MAXIMUM TEMPERATURE (F)   62        78      1973
 MINIMUM TEMPERATURE (F)   42        32      1976


SUNRISE AND SUNSET
OCTOBER 18 2019.......SUNRISE   714 AM PDT   SUNSET   602 PM PDT
OCTOBER 19 2019.......SUNRISE   715 AM PDT   SUNSET   600 PM PDT


-  INDICATES NEGATIVE NUMBERS.
R  INDICATES RECORD WAS SET OR TIED.
MM INDICATES DATA IS MISSING.
T  INDICATES TRACE AMOUNT.




$$
