000
CDUS46 KPDT 100047 RRC
CLIALW

CLIMATE REPORT
NATIONAL WEATHER SERVICE PENDLETON OR
546 PM PDT SUN AUG 9 2020


...................................

...THE WALLA WALLA WA CLIMATE SUMMARY FOR AUGUST 9 2020...
VALID TODAY AS OF 0500 PM LOCAL TIME.

CLIMATE NORMAL PERIOD 1981 TO 2010
CLIMATE RECORD PERIOD 1949 TO 2020


WEATHER ITEM   OBSERVED TIME   RECORD YEAR NORMAL DEPARTURE LAST
                VALUE   (LST)  VALUE       VALUE  FROM      YEAR
                                                  NORMAL
..................................................................
TEMPERATURE (F)
 TODAY
  MAXIMUM         83    359 PM 105    1986  90     -7       88
  MINIMUM         58    533 AM  54    1975  62     -4       66
  AVERAGE         71                        76     -5       77

PRECIPITATION (IN)
  TODAY            0.00          0.35 1989   0.02  -0.02     0.04
  MONTH TO DATE    0.04                      0.15  -0.11     0.04
  SINCE OCT 1     13.71                     19.68  -5.97    16.35
  SINCE JAN 1     11.04                     12.66  -1.62    10.99

DEGREE DAYS
 HEATING
  TODAY            0                         0      0        0
  MONTH TO DATE    0                         0      0        0
  SINCE JUN 1     77                        68      9       33
  SINCE JUL 1      2                         6     -4        0

 COOLING
  TODAY            6                        11     -5       12
  MONTH TO DATE   88                       105    -17      151
  SINCE JUN 1    501                       529    -28      580
  SINCE JAN 1    524                       564    -40      625
..................................................................


WIND (MPH)
  HIGHEST WIND SPEED    13   HIGHEST WIND DIRECTION    SW (210)
  HIGHEST GUST SPEED    17   HIGHEST GUST DIRECTION     S (200)
  AVERAGE WIND SPEED     7.9


SKY COVER
  POSSIBLE SUNSHINE  MM
  AVERAGE SKY COVER 0.0


WEATHER CONDITIONS
 THE FOLLOWING WEATHER WAS RECORDED TODAY.
  NO SIGNIFICANT WEATHER WAS OBSERVED.


RELATIVE HUMIDITY (PERCENT)
 HIGHEST    62           500 AM
 LOWEST     24           400 PM
 AVERAGE    43

..........................................................


THE WALLA WALLA WA CLIMATE NORMALS FOR TOMORROW
                         NORMAL    RECORD    YEAR
 MAXIMUM TEMPERATURE (F)   90       104      1981
 MINIMUM TEMPERATURE (F)   62        54      1964


SUNRISE AND SUNSET
AUGUST  9 2020........SUNRISE   546 AM PDT   SUNSET   810 PM PDT
AUGUST 10 2020........SUNRISE   547 AM PDT   SUNSET   809 PM PDT


-  INDICATES NEGATIVE NUMBERS.
R  INDICATES RECORD WAS SET OR TIED.
MM INDICATES DATA IS MISSING.
T  INDICATES TRACE AMOUNT.




$$
