000
CDUS44 KAMA 210629
CLIAMA


CLIMATE REPORT
NATIONAL WEATHER SERVICE AMARILLO
129 AM CDT MON OCT 21 2019

...................................

...THE AMARILLO CLIMATE SUMMARY FOR OCTOBER 20 2019...

CLIMATE NORMAL PERIOD: 1981 TO 2010
CLIMATE RECORD PERIOD: 1892 TO 2019


WEATHER ITEM   OBSERVED TIME   RECORD YEAR NORMAL DEPARTURE LAST
                VALUE   (LST)  VALUE       VALUE  FROM      YEAR
                                                  NORMAL
...................................................................
TEMPERATURE (F)
 YESTERDAY
  MAXIMUM         80   3:48 PM  90    2003  71      9       69
  MINIMUM         43  10:36 PM  26    1976  43      0       43
                                      1982
  AVERAGE         62                        57      5       56

PRECIPITATION (IN)
  YESTERDAY        0.00          1.27 1953   0.05  -0.05     0.00
  MONTH TO DATE    5.38                      1.17   4.21     3.35
  SINCE SEP 1      6.48                      3.09   3.39     4.11
  SINCE JAN 1     23.47                     18.36   5.11    12.07

SNOWFALL (IN)
  YESTERDAY        0.0           1.6  1910   0.0    0.0      0.0
  MONTH TO DATE    0.0                       0.0    0.0       T
  SINCE SEP 1      0.0                       T      0.0       T
  SINCE JUL 1      0.0                       T      0.0       T
  SNOW DEPTH      MM

DEGREE DAYS
 HEATING
  YESTERDAY        3                         8     -5        9
  MONTH TO DATE  115                       120     -5      189
  SINCE SEP 1    115                       163    -48      205
  SINCE JUL 1    115                       164    -49      205

 COOLING
  YESTERDAY        0                         0      0        0
  MONTH TO DATE   26                        25      1       41
  SINCE SEP 1    379                       203    176      251
  SINCE JAN 1   1700                      1395    305     1929
...................................................................


WIND (MPH)
  RESULTANT WIND SPEED  10   RESULTANT WIND DIRECTION  SW (230)
  HIGHEST WIND SPEED    38   HIGHEST WIND DIRECTION     W (270)
  HIGHEST GUST SPEED    46   HIGHEST GUST DIRECTION     W (270)
  AVERAGE WIND SPEED    15.3


SKY COVER
  AVERAGE SKY COVER 0.0


WEATHER CONDITIONS
THE FOLLOWING WEATHER WAS RECORDED YESTERDAY.
  NO SIGNIFICANT WEATHER WAS OBSERVED.


RELATIVE HUMIDITY (PERCENT)
 HIGHEST    66           4:00 AM
 LOWEST      9           5:00 PM
 AVERAGE    38

..........................................................


THE AMARILLO CLIMATE NORMALS FOR TODAY
                         NORMAL    RECORD    YEAR
 MAXIMUM TEMPERATURE (F)   70        90      1921
                                             1961
 MINIMUM TEMPERATURE (F)   43        26      1898


SUNRISE AND SUNSET
OCTOBER 21 2019.......SUNRISE   7:58 AM CDT   SUNSET   7:04 PM CDT
OCTOBER 22 2019.......SUNRISE   7:59 AM CDT   SUNSET   7:03 PM CDT


-  INDICATES NEGATIVE NUMBERS.
R  INDICATES RECORD WAS SET OR TIED.
MM INDICATES DATA IS MISSING.
T  INDICATES TRACE AMOUNT.




$$
