000
CDUS44 KAMA 282234
CLIAMA

CLIMATE REPORT
NATIONAL WEATHER SERVICE AMARILLO
434 PM CST FRI FEB 28 2020

...................................

...THE AMARILLO CLIMATE SUMMARY FOR FEBRUARY 28 2020...
VALID TODAY AS OF 0400 PM LOCAL TIME.

CLIMATE NORMAL PERIOD: 1981 TO 2010
CLIMATE RECORD PERIOD: 1892 TO 2020


WEATHER ITEM   OBSERVED TIME   RECORD YEAR NORMAL DEPARTURE LAST
                VALUE   (LST)  VALUE       VALUE  FROM      YEAR
                                                  NORMAL
...................................................................
TEMPERATURE (F)
 TODAY
  MAXIMUM         65   4:23 PM  83    2006  58      7       55
  MINIMUM         25   5:18 AM   3    1922  29     -4       10
                                      1962
  AVERAGE         45                        44      1       33

PRECIPITATION (IN)
  TODAY            0.00          1.02 1931   0.02  -0.02     0.00
  MONTH TO DATE    0.39                      0.56  -0.17     0.28
  SINCE DEC 1      1.64                      1.99  -0.35     0.92
  SINCE JAN 1      0.64                      1.28  -0.64     0.34

SNOWFALL (IN)
  TODAY            0.0           4.6  1922   0.1   -0.1      0.0
  MONTH TO DATE    4.7                       2.9    1.8       T
  SINCE DEC 1      4.7                      11.3   -6.6      2.7
  SINCE JUL 1     10.2                      14.0   -3.8      7.1
  SNOW DEPTH       0

DEGREE DAYS
 HEATING
  TODAY           20                        22     -2       32
  MONTH TO DATE  747                       692     55      672
  SINCE DEC 1   2190                      2433   -243     2259
  SINCE JUL 1   3193                      3277    -84     3183

 COOLING
  TODAY            0                         0      0        0
  MONTH TO DATE    0                         0      0        0
  SINCE DEC 1      0                         0      0        0
  SINCE JAN 1      0                         0      0        0
...................................................................


WIND (MPH)
  RESULTANT WIND SPEED   5   RESULTANT WIND DIRECTION  SW (240)
  HIGHEST WIND SPEED    20   HIGHEST WIND DIRECTION    SW (240)
  HIGHEST GUST SPEED    26   HIGHEST GUST DIRECTION    SW (240)
  AVERAGE WIND SPEED     7.9


SKY COVER
  AVERAGE SKY COVER 0.0


WEATHER CONDITIONS
THE FOLLOWING WEATHER WAS RECORDED TODAY.
  NO SIGNIFICANT WEATHER WAS OBSERVED.


RELATIVE HUMIDITY (PERCENT)
 HIGHEST    74           5:00 AM
 LOWEST     15           4:00 PM
 AVERAGE    45

..........................................................


THE AMARILLO CLIMATE NORMALS FOR TOMORROW
                         NORMAL    RECORD    YEAR
 MAXIMUM TEMPERATURE (F)   58        83      1940
 MINIMUM TEMPERATURE (F)   30        10      1960


SUNRISE AND SUNSET
FEBRUARY 28 2020......SUNRISE   7:18 AM CST   SUNSET   6:41 PM CST
FEBRUARY 29 2020......SUNRISE   7:17 AM CST   SUNSET   6:42 PM CST


-  INDICATES NEGATIVE NUMBERS.
R  INDICATES RECORD WAS SET OR TIED.
MM INDICATES DATA IS MISSING.
T  INDICATES TRACE AMOUNT.




$$
