000
CDUS44 KAMA 280701
CLIAMA


CLIMATE REPORT
NATIONAL WEATHER SERVICE AMARILLO TX
200 AM CDT MON MAY 28 2018


...................................

...THE AMARILLO CLIMATE SUMMARY FOR MAY 27 2018...

CLIMATE NORMAL PERIOD 1981 TO 2010
CLIMATE RECORD PERIOD 1892 TO 2018


WEATHER ITEM   OBSERVED TIME   RECORD YEAR NORMAL DEPARTURE LAST
                VALUE   (LST)  VALUE       VALUE  FROM      YEAR
                                                  NORMAL
..................................................................
TEMPERATURE (F)
 YESTERDAY
  MAXIMUM         96    209 PM  99    1945  82     14       85
  MINIMUM         66    626 AM  38    1907  55     11       53
  AVERAGE         81                        69     12       69

PRECIPITATION (IN)
  YESTERDAY        0.01          3.52 1902   0.10  -0.09     0.00
  MONTH TO DATE    0.18                      1.87  -1.69     1.14
  SINCE MAR 1      1.02                      4.66  -3.64     4.46
  SINCE JAN 1      1.03                      5.94  -4.91     8.14

SNOWFALL (IN)
  YESTERDAY        0.0           T    2002   0.0    0.0      0.0
  MONTH TO DATE    0.0                       0.2   -0.2      0.0
  SINCE MAR 1      0.0                       3.8   -3.8      2.0
  SINCE JUL 1      T                        17.8  -17.8     10.0
  SNOW DEPTH       0

DEGREE DAYS
 HEATING
  YESTERDAY        0                         1     -1        0
  MONTH TO DATE   10                        79    -69       93
  SINCE MAR 1    715                       890   -175      678
  SINCE JUL 1   3621                      4167   -546     3236

 COOLING
  YESTERDAY       16                         5     11        4
  MONTH TO DATE  233                        81    152       66
  SINCE MAR 1    268                       102    166      115
  SINCE JAN 1    268                       102    166      120
..................................................................


WIND (MPH)
  RESULTANT WIND SPEED  20   RESULTANT WIND DIRECTION  SE (130)
  HIGHEST WIND SPEED    32   HIGHEST WIND DIRECTION    SE (120)
  HIGHEST GUST SPEED    44   HIGHEST GUST DIRECTION    SE (140)
  AVERAGE WIND SPEED    19.9


SKY COVER
  AVERAGE SKY COVER 0.0


WEATHER CONDITIONS
 THE FOLLOWING WEATHER WAS RECORDED YESTERDAY.
  THUNDERSTORM
  LIGHT RAIN


RELATIVE HUMIDITY (PERCENT)
 HIGHEST    87           600 AM
 LOWEST     26          1200 PM
 AVERAGE    57

..........................................................


THE AMARILLO CLIMATE NORMALS FOR TODAY
                         NORMAL    RECORD    YEAR
 MAXIMUM TEMPERATURE (F)   83       100      2011
 MINIMUM TEMPERATURE (F)   56        39      1992


SUNRISE AND SUNSET
MAY 28 2018...........SUNRISE   635 AM CDT   SUNSET   854 PM CDT
MAY 29 2018...........SUNRISE   635 AM CDT   SUNSET   854 PM CDT


-  INDICATES NEGATIVE NUMBERS.
R  INDICATES RECORD WAS SET OR TIED.
MM INDICATES DATA IS MISSING.
T  INDICATES TRACE AMOUNT.




$$
