000
CDUS44 KAMA 252128
CLIAMA


CLIMATE REPORT
NATIONAL WEATHER SERVICE AMARILLO TX
428 PM CDT FRI MAY 25 2018


...................................

...THE AMARILLO CLIMATE SUMMARY FOR MAY 25 2018...
VALID TODAY AS OF 0400 PM LOCAL TIME.

CLIMATE NORMAL PERIOD 1981 TO 2010
CLIMATE RECORD PERIOD 1892 TO 2018


WEATHER ITEM   OBSERVED TIME   RECORD YEAR NORMAL DEPARTURE LAST
                VALUE   (LST)  VALUE       VALUE  FROM      YEAR
                                                  NORMAL
..................................................................
TEMPERATURE (F)
 TODAY
  MAXIMUM         98    245 PM 102    1953  82     16       95
  MINIMUM         67    404 AM  42    1950  55     12       52
  AVERAGE         83                        68     15       74

PRECIPITATION (IN)
  TODAY            0.00          2.08 1999   0.09  -0.09     0.00
  MONTH TO DATE    0.17                      1.67  -1.50     1.14
  SINCE MAR 1      1.01                      4.46  -3.45     4.46
  SINCE JAN 1      1.02                      5.74  -4.72     8.14

SNOWFALL (IN)
  TODAY            0.0           T    2000   0.0    0.0      0.0
  MONTH TO DATE    0.0                       0.2   -0.2      0.0
  SINCE MAR 1      0.0                       3.8   -3.8      2.0
  SINCE JUL 1      T                        17.8  -17.8     10.0
  SNOW DEPTH       0

DEGREE DAYS
 HEATING
  TODAY            0                         1     -1        0
  MONTH TO DATE   10                        77    -67       93
  SINCE MAR 1    715                       888   -173      678
  SINCE JUL 1   3621                      4165   -544     3236

 COOLING
  TODAY           18                         5     13        9
  MONTH TO DATE  203                        71    132       56
  SINCE MAR 1    238                        92    146      105
  SINCE JAN 1    238                        92    146      110
..................................................................


WIND (MPH)
  RESULTANT WIND SPEED  10   RESULTANT WIND DIRECTION  SW (220)
  HIGHEST WIND SPEED    23   HIGHEST WIND DIRECTION    SW (210)
  HIGHEST GUST SPEED    28   HIGHEST GUST DIRECTION    SW (220)
  AVERAGE WIND SPEED    13.9


SKY COVER
  AVERAGE SKY COVER 0.0


WEATHER CONDITIONS
 THE FOLLOWING WEATHER WAS RECORDED TODAY.
  NO SIGNIFICANT WEATHER WAS OBSERVED.


RELATIVE HUMIDITY (PERCENT)
 HIGHEST    70           600 AM
 LOWEST     12           300 PM
 AVERAGE    41

..........................................................


THE AMARILLO CLIMATE NORMALS FOR TOMORROW
                         NORMAL    RECORD    YEAR
 MAXIMUM TEMPERATURE (F)   82       100      1953
 MINIMUM TEMPERATURE (F)   55        39      1950


SUNRISE AND SUNSET
MAY 25 2018...........SUNRISE   636 AM CDT   SUNSET   852 PM CDT
MAY 26 2018...........SUNRISE   636 AM CDT   SUNSET   852 PM CDT


-  INDICATES NEGATIVE NUMBERS.
R  INDICATES RECORD WAS SET OR TIED.
MM INDICATES DATA IS MISSING.
T  INDICATES TRACE AMOUNT.




$$
