000
CDUS44 KAMA 181513
CLIAMA


CLIMATE REPORT
NATIONAL WEATHER SERVICE AMARILLO TX
913 AM CST MON FEB 18 2019


...................................

...THE AMARILLO CLIMATE SUMMARY FOR FEBRUARY 18 2019...
VALID AS OF 0900 AM LOCAL TIME.

CLIMATE NORMAL PERIOD 1981 TO 2010
CLIMATE RECORD PERIOD 1892 TO 2019


WEATHER ITEM   OBSERVED TIME   RECORD YEAR NORMAL DEPARTURE LAST
                VALUE   (LST)  VALUE       VALUE  FROM      YEAR
                                                  NORMAL
..................................................................
TEMPERATURE (F)
 TODAY
  MINIMUM         13    755 AM   0    1942  27    -14       32

PRECIPITATION (IN)
  TODAY            0.00          0.68 1957   0.02  -0.02     0.00
  MONTH TO DATE    0.09                      0.37  -0.28     0.01
  SINCE DEC 1      0.73                      1.80  -1.07     0.01
  SINCE JAN 1      0.15                      1.09  -0.94     0.01

SNOWFALL (IN)
  TODAY            0.0           7.0  1938   0.1   -0.1      0.0
  MONTH TO DATE    T                         2.3   -2.3       T
  SINCE DEC 1      2.7                      10.7   -8.0       T
  SINCE JUL 1      7.1                      13.4   -6.3       T
  SNOW DEPTH       0

..................................................................


WIND (MPH)
  RESULTANT WIND SPEED  15   RESULTANT WIND DIRECTION   E (70)
  HIGHEST WIND SPEED    24   HIGHEST WIND DIRECTION     E (100)
  HIGHEST GUST SPEED    27   HIGHEST GUST DIRECTION     E (90)
  AVERAGE WIND SPEED    16.5


SKY COVER
  AVERAGE SKY COVER 0.7


WEATHER CONDITIONS
 THE FOLLOWING WEATHER WAS RECORDED TODAY.
  NO SIGNIFICANT WEATHER WAS OBSERVED.


RELATIVE HUMIDITY (PERCENT)
 HIGHEST    84           800 AM
 LOWEST     51          1200 AM
 AVERAGE    68

..........................................................


THE AMARILLO CLIMATE NORMALS FOR TOMORROW
                         NORMAL    RECORD    YEAR
 MAXIMUM TEMPERATURE (F)   55        78      2011
                                             2001
 MINIMUM TEMPERATURE (F)   27         3      1905


SUNRISE AND SUNSET
FEBRUARY 18 2019......SUNRISE   730 AM CST   SUNSET   632 PM CST
FEBRUARY 19 2019......SUNRISE   729 AM CST   SUNSET   633 PM CST


-  INDICATES NEGATIVE NUMBERS.
R  INDICATES RECORD WAS SET OR TIED.
MM INDICATES DATA IS MISSING.
T  INDICATES TRACE AMOUNT.




$$
