000
CDUS44 KAMA 232131
CLIAMA


CLIMATE REPORT
NATIONAL WEATHER SERVICE AMARILLO TX
429 PM CDT TUE OCT 23 2018


...................................

...THE AMARILLO CLIMATE SUMMARY FOR OCTOBER 23 2018...
VALID TODAY AS OF 0400 PM LOCAL TIME.

CLIMATE NORMAL PERIOD 1981 TO 2010
CLIMATE RECORD PERIOD 1892 TO 2018


WEATHER ITEM   OBSERVED TIME   RECORD YEAR NORMAL DEPARTURE LAST
                VALUE   (LST)  VALUE       VALUE  FROM      YEAR
                                                  NORMAL
..................................................................
TEMPERATURE (F)
 TODAY
  MAXIMUM         70    239 PM  90    2012  70      0       69
                                      2003
  MINIMUM         48    724 AM  23    1906  42      6       43
  AVERAGE         59                        56      3       56

PRECIPITATION (IN)
  TODAY            0.00          1.34 1941   0.04  -0.04     0.00
  MONTH TO DATE    3.35                      1.32   2.03     2.20
  SINCE SEP 1      4.11                      3.24   0.87     5.60
  SINCE JAN 1     12.07                     18.51  -6.44    26.48

SNOWFALL (IN)
  TODAY            0.0           0.3  1908   0.0    0.0      0.0
                                      1936
  MONTH TO DATE    T                         0.1   -0.1      0.0
  SINCE SEP 1      T                         0.1   -0.1      0.0
  SINCE JUL 1      T                         0.1   -0.1       T
  SNOW DEPTH       0

DEGREE DAYS
 HEATING
  TODAY            6                         9     -3        9
  MONTH TO DATE  212                       147     65      105
  SINCE SEP 1    228                       190     38      149
  SINCE JUL 1    228                       191     37      149

 COOLING
  TODAY            0                         0      0        0
  MONTH TO DATE   41                        25     16       41
  SINCE SEP 1    251                       203     48      232
  SINCE JAN 1   1929                      1395    534     1479
..................................................................


WIND (MPH)
  RESULTANT WIND SPEED   5   RESULTANT WIND DIRECTION  SE (150)
  HIGHEST WIND SPEED    16   HIGHEST WIND DIRECTION    SE (150)
  HIGHEST GUST SPEED    22   HIGHEST GUST DIRECTION     E (110)
  AVERAGE WIND SPEED     6.7


SKY COVER
  AVERAGE SKY COVER 0.4


WEATHER CONDITIONS
 THE FOLLOWING WEATHER WAS RECORDED TODAY.
  FOG


RELATIVE HUMIDITY (PERCENT)
 HIGHEST   100           300 AM
 LOWEST     53           100 PM
 AVERAGE    77

..........................................................


THE AMARILLO CLIMATE NORMALS FOR TOMORROW
                         NORMAL    RECORD    YEAR
 MAXIMUM TEMPERATURE (F)   69        88      2012
                                             1927
 MINIMUM TEMPERATURE (F)   42        26      2005
                                             1980


SUNRISE AND SUNSET
OCTOBER 23 2018.......SUNRISE   800 AM CDT   SUNSET   702 PM CDT
OCTOBER 24 2018.......SUNRISE   801 AM CDT   SUNSET   701 PM CDT


-  INDICATES NEGATIVE NUMBERS.
R  INDICATES RECORD WAS SET OR TIED.
MM INDICATES DATA IS MISSING.
T  INDICATES TRACE AMOUNT.




$$
