000
CDUS44 KAMA 141419
CLIAMA


CLIMATE REPORT
NATIONAL WEATHER SERVICE AMARILLO TX
918 AM CDT TUE AUG 14 2018


...................................

...THE AMARILLO CLIMATE SUMMARY FOR AUGUST 14 2018...
VALID AS OF 0900 AM LOCAL TIME.

CLIMATE NORMAL PERIOD 1981 TO 2010
CLIMATE RECORD PERIOD 1892 TO 2018


WEATHER ITEM   OBSERVED TIME   RECORD YEAR NORMAL DEPARTURE LAST
                VALUE   (LST)  VALUE       VALUE  FROM      YEAR
                                                  NORMAL
..................................................................
TEMPERATURE (F)
 TODAY
  MINIMUM         68    653 AM  55    2002  65      3       60

PRECIPITATION (IN)
  TODAY            0.15          2.89 1915   0.09   0.06     1.12
  MONTH TO DATE    0.52                      1.46  -0.94     6.64
  SINCE JUN 1      4.67                      7.46  -2.79    11.97
  SINCE JAN 1      5.70                     13.82  -8.12    20.12

SNOWFALL (IN)
  TODAY            0.0           0.0    MM   0.0    0.0      0.0
  MONTH TO DATE    0.0                       0.0    0.0      0.0
  SINCE JUN 1      0.0                       0.0    0.0       T
  SINCE JUL 1      0.0                       0.0    0.0       T
  SNOW DEPTH       0

..................................................................


WIND (MPH)
  RESULTANT WIND SPEED  12   RESULTANT WIND DIRECTION   S (180)
  HIGHEST WIND SPEED    18   HIGHEST WIND DIRECTION     S (170)
  HIGHEST GUST SPEED    22   HIGHEST GUST DIRECTION     S (170)
  AVERAGE WIND SPEED    12.9


SKY COVER
  AVERAGE SKY COVER 0.1


WEATHER CONDITIONS
 THE FOLLOWING WEATHER WAS RECORDED TODAY.
  THUNDERSTORM
  HEAVY RAIN
  LIGHT RAIN
  FOG


RELATIVE HUMIDITY (PERCENT)
 HIGHEST    93           600 AM
 LOWEST     79          1200 AM
 AVERAGE    86

..........................................................


THE AMARILLO CLIMATE NORMALS FOR TOMORROW
                         NORMAL    RECORD    YEAR
 MAXIMUM TEMPERATURE (F)   90       102      1982
 MINIMUM TEMPERATURE (F)   65        55      1994


SUNRISE AND SUNSET
AUGUST 14 2018........SUNRISE   706 AM CDT   SUNSET   837 PM CDT
AUGUST 15 2018........SUNRISE   707 AM CDT   SUNSET   835 PM CDT


-  INDICATES NEGATIVE NUMBERS.
R  INDICATES RECORD WAS SET OR TIED.
MM INDICATES DATA IS MISSING.
T  INDICATES TRACE AMOUNT.




$$
