000
CDUS44 KAMA 230732
CLIAMA


CLIMATE REPORT
NATIONAL WEATHER SERVICE AMARILLO TX
132 AM CST FRI FEB 23 2018


...................................

...THE AMARILLO CLIMATE SUMMARY FOR FEBRUARY 22 2018...

CLIMATE NORMAL PERIOD 1981 TO 2010
CLIMATE RECORD PERIOD 1892 TO 2018


WEATHER ITEM   OBSERVED TIME   RECORD YEAR NORMAL DEPARTURE LAST
                VALUE   (LST)  VALUE       VALUE  FROM      YEAR
                                                  NORMAL
..................................................................
TEMPERATURE (F)
 YESTERDAY
  MAXIMUM         50    435 PM  84    1996  56     -6       82
  MINIMUM         18    221 AM   5    1914  28    -10       41
  AVERAGE         34                        42     -8       62

PRECIPITATION (IN)
  YESTERDAY        0.00          0.64 1922   0.02  -0.02     0.00
  MONTH TO DATE    0.01                      0.44  -0.43     0.51
  SINCE DEC 1      0.01                      1.87  -1.86     3.95
  SINCE JAN 1      0.01                      1.16  -1.15     3.68

SNOWFALL (IN)
  YESTERDAY        0.0           5.2  1975   0.1   -0.1      0.0
  MONTH TO DATE    T                         2.6   -2.6      1.1
  SINCE DEC 1      T                        11.0  -11.0      8.0
  SINCE JUL 1      T                        13.7  -13.7      8.0
  SNOW DEPTH       0

DEGREE DAYS
 HEATING
  YESTERDAY       31                        23      8        3
  MONTH TO DATE  547                       558    -11      371
  SINCE DEC 1   2167                      2299   -132     1984
  SINCE JUL 1   2799                      3143   -344     2449

 COOLING
  YESTERDAY        0                         0      0        0
  MONTH TO DATE    0                         0      0        5
  SINCE DEC 1      0                         0      0        5
  SINCE JAN 1      0                         0      0        5
..................................................................


WIND (MPH)
  RESULTANT WIND SPEED   6   RESULTANT WIND DIRECTION   S (170)
  HIGHEST WIND SPEED    20   HIGHEST WIND DIRECTION     S (190)
  HIGHEST GUST SPEED    26   HIGHEST GUST DIRECTION     S (180)
  AVERAGE WIND SPEED     8.7


SKY COVER
  AVERAGE SKY COVER 0.6


WEATHER CONDITIONS
 THE FOLLOWING WEATHER WAS RECORDED YESTERDAY.
  NO SIGNIFICANT WEATHER WAS OBSERVED.


RELATIVE HUMIDITY (PERCENT)
 HIGHEST    85          1000 PM
 LOWEST     42           400 PM
 AVERAGE    64

..........................................................


THE AMARILLO CLIMATE NORMALS FOR TODAY
                         NORMAL    RECORD    YEAR
 MAXIMUM TEMPERATURE (F)   56        82      1918
 MINIMUM TEMPERATURE (F)   28         4      1914


SUNRISE AND SUNSET
FEBRUARY 23 2018......SUNRISE   724 AM CST   SUNSET   637 PM CST
FEBRUARY 24 2018......SUNRISE   723 AM CST   SUNSET   638 PM CST


-  INDICATES NEGATIVE NUMBERS.
R  INDICATES RECORD WAS SET OR TIED.
MM INDICATES DATA IS MISSING.
T  INDICATES TRACE AMOUNT.




$$
