000
CDUS44 KAMA 211414
CLIAMA

CLIMATE REPORT
NATIONAL WEATHER SERVICE AMARILLO
914 AM CDT WED OCT 21 2020

...................................

...THE AMARILLO CLIMATE SUMMARY FOR OCTOBER 21 2020...
VALID AS OF 0900 AM LOCAL TIME.

CLIMATE NORMAL PERIOD: 1981 TO 2010
CLIMATE RECORD PERIOD: 1892 TO 2020


WEATHER ITEM   OBSERVED TIME   RECORD YEAR NORMAL DEPARTURE LAST
                VALUE   (LST)  VALUE       VALUE  FROM      YEAR
                                                  NORMAL
...................................................................
TEMPERATURE (F)
 TODAY
  MINIMUM         53   6:54 AM  26    1898  43     10       34

PRECIPITATION (IN)
  TODAY            0.00          1.43 1918   0.06  -0.06     0.00
  MONTH TO DATE    T                         1.23  -1.23     5.38
  SINCE SEP 1      0.45                      3.15  -2.70     6.48
  SINCE JAN 1     10.42                     18.42  -8.00    23.47

SNOWFALL (IN)
  TODAY            0.0           4.0  1906   0.0    0.0      0.0
  MONTH TO DATE    0.0                       0.0    0.0      0.0
  SINCE SEP 1      0.0                       T      0.0      0.0
  SINCE JUL 1      T                         T      0.0      0.0
  SNOW DEPTH       0

...................................................................


WIND (MPH)
  RESULTANT WIND SPEED  11   RESULTANT WIND DIRECTION  SE (130)
  HIGHEST WIND SPEED    16   HIGHEST WIND DIRECTION    SE (140)
  HIGHEST GUST SPEED    19   HIGHEST GUST DIRECTION    SE (140)
  AVERAGE WIND SPEED    11.3


SKY COVER
  AVERAGE SKY COVER 0.4


WEATHER CONDITIONS
THE FOLLOWING WEATHER WAS RECORDED TODAY.
  FOG
  FOG W/VISIBILITY <= 1/4 MILE


RELATIVE HUMIDITY (PERCENT)
 HIGHEST   100           4:00 AM
 LOWEST     93           1:00 AM
 AVERAGE    97

..........................................................


THE AMARILLO CLIMATE NORMALS FOR TOMORROW
                         NORMAL    RECORD    YEAR
 MAXIMUM TEMPERATURE (F)   70        89      1961
 MINIMUM TEMPERATURE (F)   43        26      1906


SUNRISE AND SUNSET
OCTOBER 21 2020.......SUNRISE   7:59 AM CDT   SUNSET   7:04 PM CDT
OCTOBER 22 2020.......SUNRISE   7:59 AM CDT   SUNSET   7:02 PM CDT


-  INDICATES NEGATIVE NUMBERS.
R  INDICATES RECORD WAS SET OR TIED.
MM INDICATES DATA IS MISSING.
T  INDICATES TRACE AMOUNT.




$$
