000
CDUS42 KJAX 280532
CLIAMG

CLIMATE REPORT
NATIONAL WEATHER SERVICE JACKSONVILLE FL
132 AM EDT THU MAY 28 2020

...................................

...THE ALMA CLIMATE SUMMARY FOR MAY 27 2020...

CLIMATE NORMAL PERIOD: 1981 TO 2010
CLIMATE RECORD PERIOD: 1938 TO 2020


WEATHER ITEM   OBSERVED TIME   RECORD YEAR NORMAL DEPARTURE LAST
                VALUE   (LST)  VALUE       VALUE  FROM      YEAR
                                                  NORMAL
...................................................................
TEMPERATURE (F)
 YESTERDAY
  MAXIMUM         85   5:22 PM 100    2019  88     -3      100
  MINIMUM         71   7:28 AM  49    1979  65      6       72
  AVERAGE         78                        76      2       86

PRECIPITATION (IN)
  YESTERDAY        T             1.65 1973   0.10  -0.10     0.00
  MONTH TO DATE    2.53                      2.04   0.49     1.18
  SINCE MAR 1     11.15                      9.60   1.55     5.13
  SINCE JAN 1     17.15                     17.66  -0.51     9.90

SNOWFALL (IN)
  YESTERDAY        0.0

DEGREE DAYS
 HEATING
  YESTERDAY        0                         0      0        0
  MONTH TO DATE   11                         3      8        0
  SINCE MAR 1    138                       255   -117      226
  SINCE JUL 1   1383                      1656   -273     1359

 COOLING
  YESTERDAY       13                        12      1       21
  MONTH TO DATE  185                       227    -42      349
  SINCE MAR 1    395                       365     30      535
  SINCE JAN 1    455                       381     74      585
...................................................................


WIND (MPH)
  HIGHEST WIND SPEED     8   HIGHEST WIND DIRECTION     E (100)
  HIGHEST GUST SPEED    12   HIGHEST GUST DIRECTION    NE (30)
  AVERAGE WIND SPEED     3.0


SKY COVER
  AVERAGE SKY COVER 0.9


WEATHER CONDITIONS
THE FOLLOWING WEATHER WAS RECORDED YESTERDAY.
  LIGHT RAIN
  FOG
  HAZE


RELATIVE HUMIDITY (PERCENT)
 HIGHEST    93           2:00 AM
 LOWEST     65           3:00 PM
 AVERAGE    79

..........................................................


THE ALMA CLIMATE NORMALS FOR TODAY
                         NORMAL    RECORD    YEAR
 MAXIMUM TEMPERATURE (F)   88       100      2019
 MINIMUM TEMPERATURE (F)   65        46      1961


SUNRISE AND SUNSET
MAY 28 2020...........SUNRISE   6:27 AM EDT   SUNSET   8:28 PM EDT
MAY 29 2020...........SUNRISE   6:27 AM EDT   SUNSET   8:29 PM EDT


-  INDICATES NEGATIVE NUMBERS.
R  INDICATES RECORD WAS SET OR TIED.
MM INDICATES DATA IS MISSING.
T  INDICATES TRACE AMOUNT.




$$
