000
CDUS42 KJAX 222131
CLIAMG

CLIMATE REPORT
NATIONAL WEATHER SERVICE JACKSONVILLE FL
531 PM EDT THU OCT 22 2020

...................................

...THE ALMA CLIMATE SUMMARY FOR OCTOBER 22 2020...
VALID TODAY AS OF 0500 PM LOCAL TIME.

CLIMATE NORMAL PERIOD: 1981 TO 2010
CLIMATE RECORD PERIOD: 1938 TO 2020


WEATHER ITEM   OBSERVED TIME   RECORD YEAR NORMAL DEPARTURE LAST
                VALUE   (LST)  VALUE       VALUE  FROM      YEAR
                                                  NORMAL
...................................................................
TEMPERATURE (F)
 TODAY
  MAXIMUM         84  12:52 PM  88    1984  78      6       82
  MINIMUM         69   7:18 AM  35    1954  55     14       54
  AVERAGE         77                        67     10       68

PRECIPITATION (IN)
  TODAY            0.03          0.34 1951   0.10  -0.07     0.00
  MONTH TO DATE    0.19                      2.26  -2.07     1.92
  SINCE SEP 1      2.45                      5.90  -3.45     2.12
  SINCE JAN 1     35.43                     40.15  -4.72    27.52

SNOWFALL (IN)
  TODAY            0.0

DEGREE DAYS
 HEATING
  TODAY            0                         2     -2        0
  MONTH TO DATE    2                        22    -20        4
  SINCE SEP 1      2                        24    -22        4
  SINCE JUL 1      2                        24    -22        4

 COOLING
  TODAY           12                         4      8        3
  MONTH TO DATE  187                       129     58      182
  SINCE SEP 1    567                       492     75      631
  SINCE JAN 1   2604                      2399    205     2900
...................................................................


WIND (MPH)
  HIGHEST WIND SPEED    17   HIGHEST WIND DIRECTION     E (110)
  HIGHEST GUST SPEED    25   HIGHEST GUST DIRECTION     E (100)
  AVERAGE WIND SPEED     4.5


SKY COVER
  AVERAGE SKY COVER 0.5


WEATHER CONDITIONS
THE FOLLOWING WEATHER WAS RECORDED TODAY.
  HEAVY RAIN
  LIGHT RAIN
  FOG


RELATIVE HUMIDITY (PERCENT)
 HIGHEST    93           6:00 AM
 LOWEST     60          12:00 PM
 AVERAGE    77

..........................................................


THE ALMA CLIMATE NORMALS FOR TOMORROW
                         NORMAL    RECORD    YEAR
 MAXIMUM TEMPERATURE (F)   78        89      2007
 MINIMUM TEMPERATURE (F)   55        38      1987


SUNRISE AND SUNSET
OCTOBER 22 2020.......SUNRISE   7:39 AM EDT   SUNSET   6:50 PM EDT
OCTOBER 23 2020.......SUNRISE   7:39 AM EDT   SUNSET   6:49 PM EDT


-  INDICATES NEGATIVE NUMBERS.
R  INDICATES RECORD WAS SET OR TIED.
MM INDICATES DATA IS MISSING.
T  INDICATES TRACE AMOUNT.




$$
