000
CDUS42 KJAX 140527
CLIAMG


CLIMATE REPORT
NATIONAL WEATHER SERVICE JACKSONVILLE FL
127 AM EDT TUE AUG 14 2018


...................................

...THE ALMA CLIMATE SUMMARY FOR AUGUST 13 2018...

CLIMATE NORMAL PERIOD 1981 TO 2010
CLIMATE RECORD PERIOD 1948 TO 2018


WEATHER ITEM   OBSERVED TIME   RECORD YEAR NORMAL DEPARTURE LAST
                VALUE   (LST)  VALUE       VALUE  FROM      YEAR
                                                  NORMAL
..................................................................
TEMPERATURE (F)
 YESTERDAY
  MAXIMUM         97    343 PM 100    1995  91      6       95
  MINIMUM         73   1143 PM  60    1962  72      1       76
  AVERAGE         85                        82      3       86

PRECIPITATION (IN)
  YESTERDAY        0.00          1.90 1969   0.19  -0.19     0.00
  MONTH TO DATE    0.99                      2.49  -1.50     2.23
  SINCE JUN 1     11.59                     13.20  -1.61    10.97
  SINCE JAN 1     24.05                     31.29  -7.24    25.62

SNOWFALL (IN)
  YESTERDAY        0.0           0.0    MM   0.0    0.0      0.0
  MONTH TO DATE    0.0                       0.0    0.0      0.0
  SINCE JUN 1      0.0                       0.0    0.0      0.0
  SINCE JUL 1      0.0                       0.0    0.0      0.0
  SNOW DEPTH       0

DEGREE DAYS
 HEATING
  YESTERDAY        0                         0      0        0
  MONTH TO DATE    0                         0      0        0
  SINCE JUN 1      0                         0      0        0
  SINCE JUL 1      0                         0      0        0

 COOLING
  YESTERDAY       20                        17      3       21
  MONTH TO DATE  238                       221     17      226
  SINCE JUN 1   1320                      1193    127     1238
  SINCE JAN 1   1857                      1623    234     1837
..................................................................


WIND (MPH)
  HIGHEST WIND SPEED    16   HIGHEST WIND DIRECTION    SE (150)
  HIGHEST GUST SPEED    20   HIGHEST GUST DIRECTION    SE (140)
  AVERAGE WIND SPEED     3.5


SKY COVER
  POSSIBLE SUNSHINE  MM
  AVERAGE SKY COVER 0.1


WEATHER CONDITIONS
 THE FOLLOWING WEATHER WAS RECORDED YESTERDAY.
  THUNDERSTORM
  FOG


RELATIVE HUMIDITY (PERCENT)
 HIGHEST    94           400 AM
 LOWEST     43           300 PM
 AVERAGE    69

..........................................................


THE ALMA CLIMATE NORMALS FOR TODAY
                         NORMAL    RECORD    YEAR
 MAXIMUM TEMPERATURE (F)   91        97      2007
                                             1999
 MINIMUM TEMPERATURE (F)   72        58      1964


SUNRISE AND SUNSET
AUGUST 14 2018........SUNRISE   655 AM EDT   SUNSET   814 PM EDT
AUGUST 15 2018........SUNRISE   655 AM EDT   SUNSET   813 PM EDT


-  INDICATES NEGATIVE NUMBERS.
R  INDICATES RECORD WAS SET OR TIED.
MM INDICATES DATA IS MISSING.
T  INDICATES TRACE AMOUNT.




$$
