000
CDUS42 KJAX 180528
CLIAMG


CLIMATE REPORT
NATIONAL WEATHER SERVICE JACKSONVILLE FL
1227 AM EST MON FEB 18 2019


...................................

...THE ALMA CLIMATE SUMMARY FOR FEBRUARY 17 2019...

CLIMATE NORMAL PERIOD 1981 TO 2010
CLIMATE RECORD PERIOD 1948 TO 2019


WEATHER ITEM   OBSERVED TIME   RECORD YEAR NORMAL DEPARTURE LAST
                VALUE   (LST)  VALUE       VALUE  FROM      YEAR
                                                  NORMAL
..................................................................
TEMPERATURE (F)
 YESTERDAY
  MAXIMUM         82R   100 PM  81    2000  66     16       79
  MINIMUM         60    234 AM  15    1958  43     17       61
  AVERAGE         71                        55     16       70

PRECIPITATION (IN)
  YESTERDAY        T             1.72 1998   0.14  -0.14     0.00
  MONTH TO DATE    0.75                      2.26  -1.51     1.73
  SINCE DEC 1      9.78                      9.81  -0.03     5.14
  SINCE JAN 1      3.88                      6.52  -2.64     3.28

SNOWFALL (IN)
  YESTERDAY        0.0           0.0    MM   0.0    0.0      0.0
  MONTH TO DATE    0.0                       0.0    0.0      0.0
  SINCE DEC 1      0.0                       0.1   -0.1      3.0
  SINCE JUL 1      0.0                       0.1   -0.1      3.0
  SNOW DEPTH       0

DEGREE DAYS
 HEATING
  YESTERDAY        0                        11    -11        0
  MONTH TO DATE  100                       205   -105       99
  SINCE DEC 1    832                      1050   -218     1021
  SINCE JUL 1   1098                      1294   -196     1232

 COOLING
  YESTERDAY        6                         0      6        5
  MONTH TO DATE   15                         0     15       26
  SINCE DEC 1     52                        16     36       44
  SINCE JAN 1     27                         5     22       31
..................................................................


WIND (MPH)
  HIGHEST WIND SPEED    15   HIGHEST WIND DIRECTION     S (170)
  HIGHEST GUST SPEED    24   HIGHEST GUST DIRECTION     S (200)
  AVERAGE WIND SPEED     5.1


SKY COVER
  POSSIBLE SUNSHINE  MM
  AVERAGE SKY COVER 0.8


WEATHER CONDITIONS
 THE FOLLOWING WEATHER WAS RECORDED YESTERDAY.
  FOG


RELATIVE HUMIDITY (PERCENT)
 HIGHEST    93           100 AM
 LOWEST     54           100 PM
 AVERAGE    74

..........................................................


THE ALMA CLIMATE NORMALS FOR TODAY
                         NORMAL    RECORD    YEAR
 MAXIMUM TEMPERATURE (F)   66        83      1956
 MINIMUM TEMPERATURE (F)   44        14      1958


SUNRISE AND SUNSET
FEBRUARY 18 2019......SUNRISE   709 AM EST   SUNSET   619 PM EST
FEBRUARY 19 2019......SUNRISE   708 AM EST   SUNSET   620 PM EST


-  INDICATES NEGATIVE NUMBERS.
R  INDICATES RECORD WAS SET OR TIED.
MM INDICATES DATA IS MISSING.
T  INDICATES TRACE AMOUNT.




$$
