000
CDUS42 KJAX 210526
CLIAMG


CLIMATE REPORT
NATIONAL WEATHER SERVICE JACKSONVILLE FL
126 AM EDT MON OCT 21 2019


...................................

...THE ALMA CLIMATE SUMMARY FOR OCTOBER 20 2019...

CLIMATE NORMAL PERIOD 1981 TO 2010
CLIMATE RECORD PERIOD 1948 TO 2019


WEATHER ITEM   OBSERVED TIME   RECORD YEAR NORMAL DEPARTURE LAST
                VALUE   (LST)  VALUE       VALUE  FROM      YEAR
                                                  NORMAL
..................................................................
TEMPERATURE (F)
 YESTERDAY
  MAXIMUM         74    432 PM  90    2018  78     -4       90
  MINIMUM         57   1154 PM  36    1948  56      1       66
  AVERAGE         66                        67     -1       78

PRECIPITATION (IN)
  YESTERDAY        T             0.44 1969   0.09  -0.09     0.30
  MONTH TO DATE    1.92                      2.06  -0.14     1.16
  SINCE SEP 1      2.12                      5.70  -3.58     3.31
  SINCE JAN 1     27.52                     39.91 -12.39    28.92

SNOWFALL (IN)
  YESTERDAY        0.0           0.0    MM   0.0    0.0      0.0
  MONTH TO DATE    0.0                       0.0    0.0      0.0
  SINCE SEP 1      0.0                       0.0    0.0      0.0
  SINCE JUL 1      0.0                       0.0    0.0      0.0
  SNOW DEPTH       0

DEGREE DAYS
 HEATING
  YESTERDAY        0                         2     -2        0
  MONTH TO DATE    4                        18    -14        0
  SINCE SEP 1      4                        20    -16        0
  SINCE JUL 1      4                        20    -16        0

 COOLING
  YESTERDAY        1                         4     -3       13
  MONTH TO DATE  175                       121     54      252
  SINCE SEP 1    624                       484    140      771
  SINCE JAN 1   2893                      2391    502     2949
..................................................................


WIND (MPH)
  HIGHEST WIND SPEED    18   HIGHEST WIND DIRECTION     W (250)
  HIGHEST GUST SPEED    26   HIGHEST GUST DIRECTION     W (260)
  AVERAGE WIND SPEED     5.8


SKY COVER
  POSSIBLE SUNSHINE  MM
  AVERAGE SKY COVER 0.7


WEATHER CONDITIONS
 THE FOLLOWING WEATHER WAS RECORDED YESTERDAY.
  FOG


RELATIVE HUMIDITY (PERCENT)
 HIGHEST   100           600 AM
 LOWEST     64           300 PM
 AVERAGE    82

..........................................................


THE ALMA CLIMATE NORMALS FOR TODAY
                         NORMAL    RECORD    YEAR
 MAXIMUM TEMPERATURE (F)   78        90      1963
 MINIMUM TEMPERATURE (F)   56        30      1954


SUNRISE AND SUNSET
OCTOBER 21 2019.......SUNRISE   737 AM EDT   SUNSET   652 PM EDT
OCTOBER 22 2019.......SUNRISE   738 AM EDT   SUNSET   651 PM EDT


-  INDICATES NEGATIVE NUMBERS.
R  INDICATES RECORD WAS SET OR TIED.
MM INDICATES DATA IS MISSING.
T  INDICATES TRACE AMOUNT.




$$
