000
CDUS44 KBMX 160835
CLIANB


CLIMATE REPORT
NATIONAL WEATHER SERVICE BIRMINGHAM, AL
235 AM CST WED JAN 16 2019


...................................

...THE ANNISTON CLIMATE SUMMARY FOR JANUARY 15 2019...

CLIMATE NORMAL PERIOD 1981 TO 2010
CLIMATE RECORD PERIOD 1903 TO 2019


WEATHER ITEM   OBSERVED TIME   RECORD YEAR NORMAL DEPARTURE LAST
                VALUE   (LST)  VALUE       VALUE  FROM      YEAR
                                                  NORMAL
..................................................................
TEMPERATURE (F)
 YESTERDAY
  MAXIMUM         40    323 PM  74    2017  53    -13       52
  MINIMUM         34   1159 PM  11    1948  33      1       25
  AVERAGE         37                        43     -6       39

PRECIPITATION (IN)
  YESTERDAY        0.00          2.59 1954   0.14  -0.14     0.00
  MONTH TO DATE    2.43                      1.99   0.44     0.79
  SINCE DEC 1     12.44                      6.11   6.33     4.24
  SINCE JAN 1      2.43                      1.99   0.44     0.79

SNOWFALL (IN)
  YESTERDAY        0.0                       0.0             0.0
  MONTH TO DATE    0.0                       0.2             0.0
  SINCE DEC 1      0.0                       0.2             0.0
  SINCE JUL 1      0.0                       0.2             0.0

DEGREE DAYS
 HEATING
  YESTERDAY       28
  MONTH TO DATE  242
  SINCE DEC 1    789
  SINCE JUL 1   1345
..................................................................


WIND (MPH)
  HIGHEST WIND SPEED    12   HIGHEST WIND DIRECTION     N (10)
  HIGHEST GUST SPEED    15   HIGHEST GUST DIRECTION    NW (310)
  AVERAGE WIND SPEED     4.8


SKY COVER
  AVERAGE SKY COVER 1.0


WEATHER CONDITIONS
 THE FOLLOWING WEATHER WAS RECORDED YESTERDAY.
  NO SIGNIFICANT WEATHER WAS OBSERVED.


RELATIVE HUMIDITY (PERCENT)
 HIGHEST    82
 LOWEST     70
 AVERAGE    76

..........................................................


THE ANNISTON CLIMATE NORMALS FOR TODAY
                         NORMAL    RECORD    YEAR
 MAXIMUM TEMPERATURE (F)   53        75      2017
                                             1949
                                             2004
 MINIMUM TEMPERATURE (F)   33         8      1972


SUNRISE AND SUNSET
JANUARY 16 2019.......SUNRISE   647 AM CST   SUNSET   459 PM CST
JANUARY 17 2019.......SUNRISE   647 AM CST   SUNSET   500 PM CST


-  INDICATES NEGATIVE NUMBERS.
R  INDICATES RECORD WAS SET OR TIED.
MM INDICATES DATA IS MISSING.
T  INDICATES TRACE AMOUNT.




$$
