000
CDUS44 KBMX 292127
CLIANB

CLIMATE REPORT
NATIONAL WEATHER SERVICE BIRMINGHAM AL
427 PM CDT WED JUN 29 2022

...................................

...THE ANNISTON CLIMATE SUMMARY FOR JUNE 29 2022...
VALID AS OF 0400 PM LOCAL TIME.

CLIMATE NORMAL PERIOD 1991 TO 2020
CLIMATE RECORD PERIOD 1903 TO 2022


WEATHER ITEM   OBSERVED TIME   RECORD YEAR NORMAL DEPARTURE LAST
                VALUE   (LST)  VALUE       VALUE  FROM      YEAR
                                                  NORMAL
...................................................................
TEMPERATURE (F)
 TODAY
  MAXIMUM         90    240 PM 103    1931  89      1       86
  MINIMUM         72    345 AM  56    1974  70      2       72
  AVERAGE         81

PRECIPITATION (IN)
  TODAY            0.00          2.83 1994   0.15  -0.15     0.68
  MONTH TO DATE    3.22                      4.22  -1.00    10.55
  SINCE JUN 1      3.22                      4.22  -1.00    10.55
  SINCE JAN 1     29.41                     28.29   1.12    28.13

DEGREE DAYS
 COOLING
  TODAY           16                        14      2       14
  MONTH TO DATE  411                       358     53      349
  SINCE JUN 1    411                       358     53      349
  SINCE JAN 1    739                       627    112      583
...................................................................


WIND (MPH)
  HIGHEST WIND SPEED     9   HIGHEST WIND DIRECTION     E (70)
  HIGHEST GUST SPEED    11   HIGHEST GUST DIRECTION    NE (30)
  AVERAGE WIND SPEED     5.4


SKY COVER
  AVERAGE SKY COVER 0.6


WEATHER CONDITIONS
THE FOLLOWING WEATHER WAS RECORDED TODAY.
  THUNDERSTORM


RELATIVE HUMIDITY (PERCENT)
 HIGHEST    97
 LOWEST     55
 AVERAGE    76

..........................................................


THE ANNISTON CLIMATE NORMALS FOR TOMORROW
                         NORMAL    RECORD    YEAR
 MAXIMUM TEMPERATURE (F)   90       104      2012
 MINIMUM TEMPERATURE (F)   70        55      1974


SUNRISE AND SUNSET
JUNE 29 2022..........SUNRISE   536 AM CDT   SUNSET   758 PM CDT
JUNE 30 2022..........SUNRISE   537 AM CDT   SUNSET   758 PM CDT


-  INDICATES NEGATIVE NUMBERS.
R  INDICATES RECORD WAS SET OR TIED.
MM INDICATES DATA IS MISSING.
T  INDICATES TRACE AMOUNT.




$$
