000
CDUS44 KBMX 110754
CLIANB

CLIMATE REPORT
NATIONAL WEATHER SERVICE BIRMINGHAM AL
254 AM CDT TUE MAY 11 2021

...................................

...THE ANNISTON CLIMATE SUMMARY FOR MAY 10 2021...

CLIMATE NORMAL PERIOD 1991 TO 2020
CLIMATE RECORD PERIOD 1903 TO 2021


WEATHER ITEM   OBSERVED TIME   RECORD YEAR NORMAL DEPARTURE LAST
                VALUE   (LST)  VALUE       VALUE  FROM      YEAR
                                                  NORMAL
...................................................................
TEMPERATURE (F)
 YESTERDAY
  MAXIMUM         77    422 PM  93    1955  80     -3       73
  MINIMUM         63    603 AM  39    2020  58      5       39
  AVERAGE         70                        69      1       56

PRECIPITATION (IN)
  YESTERDAY        0.21          1.96 1957   0.15   0.06     0.00
  MONTH TO DATE    5.12                      1.44   3.68     0.10
  SINCE MAR 1     12.01                     11.24   0.77    15.31
  SINCE JAN 1     16.54                     21.16  -4.62    36.21

DEGREE DAYS
 COOLING
  YESTERDAY        5                         5      0        0
  MONTH TO DATE   34                        41     -7       18
  SINCE MAR 1     99                       112    -13       90
  SINCE JAN 1    106                       115     -9       92
...................................................................


WIND (MPH)
  HIGHEST WIND SPEED     9   HIGHEST WIND DIRECTION     N (20)
  HIGHEST GUST SPEED    13   HIGHEST GUST DIRECTION    NW (310)
  AVERAGE WIND SPEED     4.9


SKY COVER
  AVERAGE SKY COVER 1.0


WEATHER CONDITIONS
THE FOLLOWING WEATHER WAS RECORDED YESTERDAY.
  RAIN
  LIGHT RAIN
  FOG


RELATIVE HUMIDITY (PERCENT)
 HIGHEST    97           600 AM
 LOWEST     69           500 PM
 AVERAGE    83

..........................................................


THE ANNISTON CLIMATE NORMALS FOR TODAY
                         NORMAL    RECORD    YEAR
 MAXIMUM TEMPERATURE (F)   80        93      1955
 MINIMUM TEMPERATURE (F)   58        43      1997


SUNRISE AND SUNSET
MAY 11 2021...........SUNRISE   546 AM CDT   SUNSET   734 PM CDT
MAY 12 2021...........SUNRISE   545 AM CDT   SUNSET   735 PM CDT


-  INDICATES NEGATIVE NUMBERS.
R  INDICATES RECORD WAS SET OR TIED.
MM INDICATES DATA IS MISSING.
T  INDICATES TRACE AMOUNT.




$$
