000
CDUS44 KBMX 170736
CLIANB


CLIMATE REPORT
NATIONAL WEATHER SERVICE BIRMINGHAM, AL
236 AM CDT WED OCT 17 2018


...................................

...THE ANNISTON CLIMATE SUMMARY FOR OCTOBER 16 2018...

CLIMATE NORMAL PERIOD 1981 TO 2010
CLIMATE RECORD PERIOD 1903 TO 2018


WEATHER ITEM   OBSERVED TIME   RECORD YEAR NORMAL DEPARTURE LAST
                VALUE   (LST)  VALUE       VALUE  FROM      YEAR
                                                  NORMAL
..................................................................
TEMPERATURE (F)
 YESTERDAY
  MAXIMUM         74    254 PM  87    1965  75     -1       69
  MINIMUM         64    642 AM  34    1955  51     13       52
  AVERAGE         69                        63      6       61

PRECIPITATION (IN)
  YESTERDAY        0.12          0.64 1975   0.10   0.02     0.52
  MONTH TO DATE    0.91                      1.55  -0.64     5.04
  SINCE SEP 1      3.95                      4.48  -0.53     9.02
  SINCE JAN 1     37.60                     39.40  -1.80    53.32

SNOWFALL (IN)
  YESTERDAY        0.0                       0.0             0.0
  MONTH TO DATE    0.0                       0.0             0.0
  SINCE SEP 1      0.0                       0.0             0.0
  SINCE JUL 1      0.0                       0.0             0.0

DEGREE DAYS
 HEATING
  YESTERDAY        0
  MONTH TO DATE    3
  SINCE SEP 1      3
  SINCE JUL 1      3
..................................................................


WIND (MPH)
  HIGHEST WIND SPEED    15   HIGHEST WIND DIRECTION     N (360)
  HIGHEST GUST SPEED    18   HIGHEST GUST DIRECTION     N (360)
  AVERAGE WIND SPEED     5.8


SKY COVER
  AVERAGE SKY COVER 0.8


WEATHER CONDITIONS
 THE FOLLOWING WEATHER WAS RECORDED YESTERDAY.
  RAIN
  LIGHT RAIN
  FOG


RELATIVE HUMIDITY (PERCENT)
 HIGHEST    93
 LOWEST     73
 AVERAGE    83

..........................................................


THE ANNISTON CLIMATE NORMALS FOR TODAY
                         NORMAL    RECORD    YEAR
 MAXIMUM TEMPERATURE (F)   75        88      1965
 MINIMUM TEMPERATURE (F)   51        31      1954


SUNRISE AND SUNSET
OCTOBER 17 2018.......SUNRISE   650 AM CDT   SUNSET   607 PM CDT
OCTOBER 18 2018.......SUNRISE   650 AM CDT   SUNSET   606 PM CDT


-  INDICATES NEGATIVE NUMBERS.
R  INDICATES RECORD WAS SET OR TIED.
MM INDICATES DATA IS MISSING.
T  INDICATES TRACE AMOUNT.




$$
