000
CDUS44 KBMX 160746
CLIANB


CLIMATE REPORT
NATIONAL WEATHER SERVICE BIRMINGHAM, AL
246 AM CDT MON JUL 16 2018


...................................

...THE ANNISTON CLIMATE SUMMARY FOR JULY 15 2018...

CLIMATE NORMAL PERIOD 1981 TO 2010
CLIMATE RECORD PERIOD 1903 TO 2018


WEATHER ITEM   OBSERVED TIME   RECORD YEAR NORMAL DEPARTURE LAST
                VALUE   (LST)  VALUE       VALUE  FROM      YEAR
                                                  NORMAL
..................................................................
TEMPERATURE (F)
 YESTERDAY
  MAXIMUM         91    257 PM 102    1966  90      1       88
  MINIMUM         73    326 AM  50    1967  70      3       71
  AVERAGE         82                        80      2       80

PRECIPITATION (IN)
  YESTERDAY        0.00          1.52 1978   0.15  -0.15      T
  MONTH TO DATE    1.96                      2.25  -0.29     2.35
  SINCE JUN 1      6.40                      6.33   0.07    10.08
  SINCE JAN 1     28.53                     29.26  -0.73    36.00

..................................................................


WIND (MPH)
  HIGHEST WIND SPEED    12   HIGHEST WIND DIRECTION    SW (230)
  HIGHEST GUST SPEED    17   HIGHEST GUST DIRECTION    SW (230)
  AVERAGE WIND SPEED     3.4


SKY COVER
  AVERAGE SKY COVER 0.3


WEATHER CONDITIONS
 THE FOLLOWING WEATHER WAS RECORDED YESTERDAY.
  THUNDERSTORM


RELATIVE HUMIDITY (PERCENT)
 HIGHEST    94
 LOWEST     56
 AVERAGE    75

..........................................................


THE ANNISTON CLIMATE NORMALS FOR TODAY
                         NORMAL    RECORD    YEAR
 MAXIMUM TEMPERATURE (F)   90       100      1980
 MINIMUM TEMPERATURE (F)   70        54      1967


SUNRISE AND SUNSET
JULY 16 2018..........SUNRISE   545 AM CDT   SUNSET   754 PM CDT
JULY 17 2018..........SUNRISE   546 AM CDT   SUNSET   753 PM CDT


-  INDICATES NEGATIVE NUMBERS.
R  INDICATES RECORD WAS SET OR TIED.
MM INDICATES DATA IS MISSING.
T  INDICATES TRACE AMOUNT.




$$
