003
CDUS44 KBMX 160741
CLIANB


CLIMATE REPORT
NATIONAL WEATHER SERVICE BIRMINGHAM, AL
241 AM CDT WED OCT 16 2019


...................................

...THE ANNISTON CLIMATE SUMMARY FOR OCTOBER 15 2019...

CLIMATE NORMAL PERIOD 1981 TO 2010
CLIMATE RECORD PERIOD 1903 TO 2019


WEATHER ITEM   OBSERVED TIME   RECORD YEAR NORMAL DEPARTURE LAST
                VALUE   (LST)  VALUE       VALUE  FROM      YEAR
                                                  NORMAL
..................................................................
TEMPERATURE (F)
 YESTERDAY
  MAXIMUM         72   1248 PM  87    1975  75     -3       83
                                      1962
  MINIMUM         63    748 AM  32    1978  52     11       64
  AVERAGE         68                        63      5       74

PRECIPITATION (IN)
  YESTERDAY        0.18          2.33 2017   0.10   0.08     0.00
  MONTH TO DATE    0.58                      1.45  -0.87     0.79
  SINCE SEP 1      1.14                      4.38  -3.24     3.83
  SINCE JAN 1     40.31                     39.30   1.01    37.48

SNOWFALL (IN)
  YESTERDAY        0.0                       0.0             0.0
  MONTH TO DATE    0.0                       0.0             0.0
  SINCE SEP 1      0.0                       0.0             0.0
  SINCE JUL 1      0.0                       0.0             0.0

DEGREE DAYS
 HEATING
  YESTERDAY        0
  MONTH TO DATE    6
  SINCE SEP 1      6
  SINCE JUL 1      6
..................................................................


WIND (MPH)
  HIGHEST WIND SPEED     9   HIGHEST WIND DIRECTION    NE (50)
  HIGHEST GUST SPEED    12   HIGHEST GUST DIRECTION    NE (50)
  AVERAGE WIND SPEED     4.1


SKY COVER
  AVERAGE SKY COVER 0.9


WEATHER CONDITIONS
 THE FOLLOWING WEATHER WAS RECORDED YESTERDAY.
  LIGHT RAIN
  FOG


RELATIVE HUMIDITY (PERCENT)
 HIGHEST    93
 LOWEST     79
 AVERAGE    86

..........................................................


THE ANNISTON CLIMATE NORMALS FOR TODAY
                         NORMAL    RECORD    YEAR
 MAXIMUM TEMPERATURE (F)   75        87      1965
 MINIMUM TEMPERATURE (F)   51        34      1955


SUNRISE AND SUNSET
OCTOBER 16 2019.......SUNRISE   649 AM CDT   SUNSET   609 PM CDT
OCTOBER 17 2019.......SUNRISE   650 AM CDT   SUNSET   608 PM CDT


-  INDICATES NEGATIVE NUMBERS.
R  INDICATES RECORD WAS SET OR TIED.
MM INDICATES DATA IS MISSING.
T  INDICATES TRACE AMOUNT.




$$
