000
CDUS44 KBMX 042221
CLIANB

CLIMATE REPORT
NATIONAL WEATHER SERVICE BIRMINGHAM AL
421 PM CST THU MAR 04 2021

...................................

...THE ANNISTON CLIMATE SUMMARY FOR MARCH 4 2021...
VALID AS OF 0400 PM LOCAL TIME.

CLIMATE NORMAL PERIOD 1981 TO 2010
CLIMATE RECORD PERIOD 1903 TO 2021


WEATHER ITEM   OBSERVED TIME   RECORD YEAR NORMAL DEPARTURE LAST
                VALUE   (LST)  VALUE       VALUE  FROM      YEAR
                                                  NORMAL
...................................................................
TEMPERATURE (F)
 TODAY
  MAXIMUM         72    257 PM  85    1976  63      9       60
  MINIMUM         32    624 AM  19    2002  40     -8       51
  AVERAGE         52

PRECIPITATION (IN)
  TODAY            0.00          1.80 1989   0.17  -0.17     1.52
  MONTH TO DATE    0.71                      0.70   0.01     3.32
  SINCE MAR 1      0.71                      0.70   0.01     3.32
  SINCE JAN 1      5.24                     10.30  -5.06    24.22

SNOWFALL (IN)
  TODAY            0.0                       0.0    0.0      0.0
  MONTH TO DATE    0.0                       0.1   -0.1      0.0
  SINCE MAR 1      0.0                       0.1   -0.1      0.0
  SINCE JUL 1      T                         1.2   -1.2       T
  SNOW DEPTH       0

DEGREE DAYS
 HEATING
  TODAY           13                        14     -1        9
  MONTH TO DATE   50                        56     -6       35
  SINCE MAR 1     50                        56     -6       35
  SINCE JUL 1   2019                      2328   -309     1935

 COOLING
  TODAY            0                         0      0        0
  MONTH TO DATE    0                         0      0        0
  SINCE MAR 1      0                         0      0        0
  SINCE JAN 1      7                         1      6        2
...................................................................


WIND (MPH)
  HIGHEST WIND SPEED    15   HIGHEST WIND DIRECTION     N (360)
  HIGHEST GUST SPEED    19   HIGHEST GUST DIRECTION     N (360)
  AVERAGE WIND SPEED     3.6


SKY COVER
  AVERAGE SKY COVER 0.0


WEATHER CONDITIONS
THE FOLLOWING WEATHER WAS RECORDED TODAY.
  NO SIGNIFICANT WEATHER WAS OBSERVED.


RELATIVE HUMIDITY (PERCENT)
 HIGHEST    92
 LOWEST     24
 AVERAGE    58

..........................................................


THE ANNISTON CLIMATE NORMALS FOR TOMORROW
                         NORMAL    RECORD    YEAR
 MAXIMUM TEMPERATURE (F)   63        84      1974
 MINIMUM TEMPERATURE (F)   41        14      1960


SUNRISE AND SUNSET
MARCH  4 2021.........SUNRISE   608 AM CST   SUNSET   543 PM CST
MARCH  5 2021.........SUNRISE   606 AM CST   SUNSET   544 PM CST


-  INDICATES NEGATIVE NUMBERS.
R  INDICATES RECORD WAS SET OR TIED.
MM INDICATES DATA IS MISSING.
T  INDICATES TRACE AMOUNT.




$$
