885
CDUS43 KAPX 182139
CLIANJ


CLIMATE REPORT
NATIONAL WEATHER SERVICE GAYLORD MI
539 PM EDT THU OCT 18 2018


...................................

...THE SAULT STE MARIE MI CLIMATE SUMMARY FOR OCTOBER 18 2018...
VALID TODAY AS OF 0500 PM LOCAL TIME.

CLIMATE NORMAL PERIOD 1981 TO 2010
CLIMATE RECORD PERIOD 1888 TO 2018


WEATHER ITEM   OBSERVED TIME   RECORD YEAR NORMAL DEPARTURE LAST
                VALUE   (LST)  VALUE       VALUE  FROM      YEAR
                                                  NORMAL
..................................................................
TEMPERATURE (F)
 TODAY
  MAXIMUM         51    359 PM  77    1910  52     -1       69
  MINIMUM         29    633 AM  17    1974  37     -8       44
  AVERAGE         40                        45     -5       57

PRECIPITATION (IN)
  TODAY            T             2.24 1923   0.12  -0.12     0.00
  MONTH TO DATE    6.86                      2.27   4.59     2.46
  SINCE SEP 1      9.11                      6.09   3.02     3.51
  SINCE JAN 1     24.19                     25.26  -1.07    31.27

SNOWFALL (IN)
  TODAY            T             6.8  1972   0.1             0.0
  MONTH TO DATE    2.5                       0.4             0.0
  SINCE OCT 1      2.5                       0.4             0.0
  SINCE JUL 1      2.5                       0.4             0.0

DEGREE DAYS
 HEATING
  TODAY           25                        20      5        8
  MONTH TO DATE  340                       308     32      176
  SINCE SEP 1    535                       562    -27      313
  SINCE JUL 1    565                       709   -144      396

 COOLING
  TODAY            0                         0      0        0
  MONTH TO DATE    0                         0      0        4
  SINCE SEP 1     67                        17     50       86
  SINCE JAN 1    463                       195    268      214
..................................................................


WIND (MPH)
  RESULTANT WIND SPEED   8   RESULTANT WIND DIRECTION  SW (240)
  HIGHEST WIND SPEED    23   HIGHEST WIND DIRECTION    SW (210)
  HIGHEST GUST SPEED    33   HIGHEST GUST DIRECTION    SW (210)
  AVERAGE WIND SPEED    10.7


SKY COVER
  POSSIBLE SUNSHINE  MM
  AVERAGE SKY COVER 0.3


WEATHER CONDITIONS
 THE FOLLOWING WEATHER WAS RECORDED TODAY.
  NO SIGNIFICANT WEATHER WAS OBSERVED.


RELATIVE HUMIDITY (PERCENT)
 HIGHEST    78           600 AM
 LOWEST     42           300 PM
 AVERAGE    60

..........................................................


THE SAULT STE MARIE MI CLIMATE NORMALS FOR TOMORROW
                         NORMAL    RECORD    YEAR
 MAXIMUM TEMPERATURE (F)   52        78      1910
 MINIMUM TEMPERATURE (F)   37        21      1992


SUNRISE AND SUNSET
OCTOBER 18 2018.......SUNRISE   759 AM EDT   SUNSET   645 PM EDT
OCTOBER 19 2018.......SUNRISE   800 AM EDT   SUNSET   644 PM EDT


-  INDICATES NEGATIVE NUMBERS.
R  INDICATES RECORD WAS SET OR TIED.
MM INDICATES DATA IS MISSING.
T  INDICATES TRACE AMOUNT.




$$
