000
CDUS43 KAPX 190529
CLIANJ


CLIMATE REPORT
NATIONAL WEATHER SERVICE GAYLORD MI
128 AM EDT THU JUL 19 2018


...................................

...THE SAULT STE MARIE MI CLIMATE SUMMARY FOR JULY 18 2018...

CLIMATE NORMAL PERIOD 1981 TO 2010
CLIMATE RECORD PERIOD 1888 TO 2018


WEATHER ITEM   OBSERVED TIME   RECORD YEAR NORMAL DEPARTURE LAST
                VALUE   (LST)  VALUE       VALUE  FROM      YEAR
                                                  NORMAL
..................................................................
TEMPERATURE (F)
 YESTERDAY
  MAXIMUM         75    352 PM  93    1991  77     -2       82
  MINIMUM         48    530 AM  42    1895  55     -7       56
  AVERAGE         62                        66     -4       69

PRECIPITATION (IN)
  YESTERDAY        0.00          1.40 1996   0.10  -0.10     0.19
  MONTH TO DATE    0.36                      1.56  -1.20     2.20
  SINCE JUN 1      1.79                      4.26  -2.47     5.92
  SINCE JAN 1     11.98                     14.70  -2.72    19.36

DEGREE DAYS
 HEATING
  YESTERDAY        3                         2      1        0
  MONTH TO DATE    7                        46    -39       26
  SINCE JUN 1    112                       226   -114      138
  SINCE JUL 1      7                        46    -39       26

 COOLING
  YESTERDAY        0                         3     -3        4
  MONTH TO DATE  120                        45     75       24
  SINCE JUN 1    167                        75     92       42
  SINCE JAN 1    188                        80    108       43
..................................................................


WIND (MPH)
  HIGHEST WIND SPEED    12   HIGHEST WIND DIRECTION    NW (300)
  HIGHEST GUST SPEED    20   HIGHEST GUST DIRECTION    NW (310)
  AVERAGE WIND SPEED     4.7




RELATIVE HUMIDITY (PERCENT)
 HIGHEST    96
 LOWEST     38
 AVERAGE    67

..........................................................


THE SAULT STE MARIE MI CLIMATE NORMALS FOR TODAY
                         NORMAL    RECORD    YEAR
 MAXIMUM TEMPERATURE (F)   77        94      1916
                                             1894
 MINIMUM TEMPERATURE (F)   55        40      1891


SUNRISE AND SUNSET
JULY 19 2018..........SUNRISE   604 AM EDT   SUNSET   923 PM EDT
JULY 20 2018..........SUNRISE   605 AM EDT   SUNSET   922 PM EDT


-  INDICATES NEGATIVE NUMBERS.
R  INDICATES RECORD WAS SET OR TIED.
MM INDICATES DATA IS MISSING.
T  INDICATES TRACE AMOUNT.




$$
