000
CDUS43 KAPX 110538
CLIANJ


CLIMATE REPORT
NATIONAL WEATHER SERVICE GAYLORD MI
138 AM EDT TUE AUG 11 2020


...................................

...THE SAULT STE MARIE MI CLIMATE SUMMARY FOR AUGUST 10 2020...

CLIMATE NORMAL PERIOD 1981 TO 2010
CLIMATE RECORD PERIOD 1888 TO 2020


WEATHER ITEM   OBSERVED TIME   RECORD YEAR NORMAL DEPARTURE LAST
                VALUE   (LST)  VALUE       VALUE  FROM      YEAR
                                                  NORMAL
..................................................................
TEMPERATURE (F)
 YESTERDAY
  MAXIMUM         81    157 PM  90    1944  76      5       78
                                      1893
  MINIMUM         65   1159 PM  38    1994  55     10       56
  AVERAGE         73                        66      7       67

PRECIPITATION (IN)
  YESTERDAY        0.19          1.68 1912   0.10   0.09     0.00
  MONTH TO DATE    1.25                      1.02   0.23     0.61
  SINCE JUN 1     10.64                      6.58   4.06     7.24
  SINCE JAN 1     24.21                     17.02   7.19    25.56

DEGREE DAYS
 HEATING
  YESTERDAY        0                         2     -2        0
  MONTH TO DATE    8                        20    -12        3
  SINCE JUN 1    140                       269   -129      190
  SINCE JUL 1     16                        89    -73       22

 COOLING
  YESTERDAY        8                         3      5        2
  MONTH TO DATE   37                        30      7       30
  SINCE JUN 1    273                       138    135      166
  SINCE JAN 1    304                       143    161      166
..................................................................


WIND (MPH)
  HIGHEST WIND SPEED    15   HIGHEST WIND DIRECTION     S (200)
  HIGHEST GUST SPEED    19   HIGHEST GUST DIRECTION    SE (130)
  AVERAGE WIND SPEED     7.0




RELATIVE HUMIDITY (PERCENT)
 HIGHEST    93
 LOWEST     69
 AVERAGE    81

..........................................................


THE SAULT STE MARIE MI CLIMATE NORMALS FOR TODAY
                         NORMAL    RECORD    YEAR
 MAXIMUM TEMPERATURE (F)   76        91      1947
 MINIMUM TEMPERATURE (F)   55        40      1967


SUNRISE AND SUNSET
AUGUST 11 2020........SUNRISE   631 AM EDT   SUNSET   853 PM EDT
AUGUST 12 2020........SUNRISE   633 AM EDT   SUNSET   851 PM EDT


-  INDICATES NEGATIVE NUMBERS.
R  INDICATES RECORD WAS SET OR TIED.
MM INDICATES DATA IS MISSING.
T  INDICATES TRACE AMOUNT.




$$
