000
CDUS43 KAPX 220534
CLIANJ


CLIMATE REPORT
NATIONAL WEATHER SERVICE GAYLORD MI
130 AM EDT TUE OCT 22 2019


...................................

...THE SAULT STE MARIE MI CLIMATE SUMMARY FOR OCTOBER 21 2019...

CLIMATE NORMAL PERIOD 1981 TO 2010
CLIMATE RECORD PERIOD 1888 TO 2019


WEATHER ITEM   OBSERVED TIME   RECORD YEAR NORMAL DEPARTURE LAST
                VALUE   (LST)  VALUE       VALUE  FROM      YEAR
                                                  NORMAL
..................................................................
TEMPERATURE (F)
 YESTERDAY
  MAXIMUM         56    304 PM  70    1978  51      5       40
                                      1920
  MINIMUM         41    159 AM  18    1895  36      5       33
  AVERAGE         49                        44      5       37

PRECIPITATION (IN)
  YESTERDAY        0.73          0.97 1993   0.12   0.61     0.00
  MONTH TO DATE    4.54                      2.63   1.91     7.16
  SINCE SEP 1     11.60                      6.45   5.15     9.41
  SINCE JAN 1     38.70                     25.62  13.08    24.49

SNOWFALL (IN)
  YESTERDAY        0.0           3.0  1895   0.0    0.0      0.0
  MONTH TO DATE    T                         0.5   -0.5      2.5
  SINCE OCT 1      T                         0.5   -0.5      2.5
  SINCE JUL 1      T                         0.5   -0.5      2.5
  SNOW DEPTH       0

DEGREE DAYS
 HEATING
  YESTERDAY       16                        21     -5       28
  MONTH TO DATE  352                       371    -19      405
  SINCE SEP 1    528                       625    -97      600
  SINCE JUL 1    581                       772   -191      630

 COOLING
  YESTERDAY        0                         0      0        0
  MONTH TO DATE    0                         0      0        0
  SINCE SEP 1     16                        17     -1       67
  SINCE JAN 1    222                       195     27      463
..................................................................


WIND (MPH)
  HIGHEST WIND SPEED    22   HIGHEST WIND DIRECTION    SE (120)
  HIGHEST GUST SPEED    40   HIGHEST GUST DIRECTION     E (110)
  AVERAGE WIND SPEED    11.0




RELATIVE HUMIDITY (PERCENT)
 HIGHEST   100
 LOWEST     72
 AVERAGE    86

..........................................................


THE SAULT STE MARIE MI CLIMATE NORMALS FOR TODAY
                         NORMAL    RECORD    YEAR
 MAXIMUM TEMPERATURE (F)   51        76      1947
 MINIMUM TEMPERATURE (F)   36        20      1969


SUNRISE AND SUNSET
OCTOBER 22 2019.......SUNRISE   804 AM EDT   SUNSET   639 PM EDT
OCTOBER 23 2019.......SUNRISE   806 AM EDT   SUNSET   637 PM EDT


-  INDICATES NEGATIVE NUMBERS.
R  INDICATES RECORD WAS SET OR TIED.
MM INDICATES DATA IS MISSING.
T  INDICATES TRACE AMOUNT.




$$
