474
CDUS43 KAPX 152132
CLIANJ

CLIMATE REPORT
NATIONAL WEATHER SERVICE
532 PM EDT SAT MAY 15 2021

...................................

...THE SAULT STE MARIE MI CLIMATE SUMMARY FOR MAY 15 2021...
VALID TODAY AS OF 0500 PM LOCAL TIME.

CLIMATE NORMAL PERIOD: 1991 TO 2020
CLIMATE RECORD PERIOD: 1888 TO 2021


WEATHER ITEM   OBSERVED TIME   RECORD YEAR NORMAL DEPARTURE LAST
                VALUE   (LST)  VALUE       VALUE  FROM      YEAR
                                                  NORMAL
...................................................................
TEMPERATURE (F)
 TODAY
  MAXIMUM         74   3:15 PM  89    1991  63     11       57
  MINIMUM         44   5:33 AM  28    1921  41      3       42
                                      1973
                                      1983
  AVERAGE         59                        52      7       50

PRECIPITATION (IN)
  TODAY            0.00          1.10 1957   0.08  -0.08     0.56
  MONTH TO DATE    0.60                      1.22  -0.62     0.95
  SINCE MAR 1      4.80                      5.66  -0.86     8.00
  SINCE JAN 1      7.82                      9.38  -1.56    12.03

SNOWFALL (IN)
  TODAY            0.0           0.3  1921   0.0    0.0
  MONTH TO DATE    0.0                       0.3   -0.3
  SINCE MAR 1     10.2                      20.9  -10.7
  SINCE JUL 1     91.4                     120.0  -28.6

DEGREE DAYS
 HEATING
  TODAY            6                        13     -7       15
  MONTH TO DATE  262                       237     25      353
  SINCE MAR 1   1905                      2194   -289     2215
  SINCE JUL 1   7370                      8138   -768     7837

 COOLING
  TODAY            0                         0      0        0
  MONTH TO DATE    0                         0      0        0
  SINCE MAR 1      0                         0      0        0
  SINCE JAN 1      0                         0      0        0
...................................................................


WIND (MPH)
  RESULTANT WIND SPEED   3   RESULTANT WIND DIRECTION   S (200)
  HIGHEST WIND SPEED    16   HIGHEST WIND DIRECTION     S (190)
  HIGHEST GUST SPEED    24   HIGHEST GUST DIRECTION    SW (220)
  AVERAGE WIND SPEED     4.8


SKY COVER
  POSSIBLE SUNSHINE  MM
  AVERAGE SKY COVER 0.3


WEATHER CONDITIONS
THE FOLLOWING WEATHER WAS RECORDED TODAY.
  NO SIGNIFICANT WEATHER WAS OBSERVED.


RELATIVE HUMIDITY (PERCENT)
 HIGHEST    68           5:00 AM
 LOWEST     18           4:00 PM
 AVERAGE    43

..........................................................



SUNRISE AND SUNSET
MAY 15 2021...........SUNRISE   6:03 AM EDT   SUNSET   9:05 PM EDT
MAY 16 2021...........SUNRISE   6:02 AM EDT   SUNSET   9:06 PM EDT


-  INDICATES NEGATIVE NUMBERS.
R  INDICATES RECORD WAS SET OR TIED.
MM INDICATES DATA IS MISSING.
T  INDICATES TRACE AMOUNT.




$$
