769
CDUS43 KAPX 190529
CLIANJ


CLIMATE REPORT
NATIONAL WEATHER SERVICE GAYLORD MI
1229 AM EST SAT JAN 19 2019


...................................

...THE SAULT STE MARIE MI CLIMATE SUMMARY FOR JANUARY 18 2019...

CLIMATE NORMAL PERIOD 1981 TO 2010
CLIMATE RECORD PERIOD 1888 TO 2019


WEATHER ITEM   OBSERVED TIME   RECORD YEAR NORMAL DEPARTURE LAST
                VALUE   (LST)  VALUE       VALUE  FROM      YEAR
                                                  NORMAL
..................................................................
TEMPERATURE (F)
 YESTERDAY
  MAXIMUM         23    534 AM  45    1973  23      0       36
  MINIMUM         -3   1159 PM -26    1997   7    -10       19
  AVERAGE         10                        15     -5       28

PRECIPITATION (IN)
  YESTERDAY        0.07          0.68 1996   0.08  -0.01      T
  MONTH TO DATE    2.10                      1.36   0.74     1.07
  SINCE DEC 1      4.19                      4.15   0.04     4.79
  SINCE JAN 1      2.10                      1.36   0.74     1.07

SNOWFALL (IN)
  YESTERDAY        2.0           7.7  1992   1.1    0.9       T
  MONTH TO DATE   24.4                      18.9    5.5     11.8
  SINCE OCT 1     67.7                      69.1   -1.4     67.5
  SINCE JUL 1     67.7                      69.1   -1.4     67.5
  SNOW DEPTH      19

DEGREE DAYS
 HEATING
  YESTERDAY       55                        50      5       37
  MONTH TO DATE  812                       888    -76      939
  SINCE DEC 1   2011                      2215   -204     2424
  SINCE JUL 1   3938                      4147   -209     4009
..................................................................


WIND (MPH)
  HIGHEST WIND SPEED    23   HIGHEST WIND DIRECTION    NW (310)
  HIGHEST GUST SPEED    35   HIGHEST GUST DIRECTION     W (290)
  AVERAGE WIND SPEED    10.1




RELATIVE HUMIDITY (PERCENT)
 HIGHEST    91
 LOWEST     57
 AVERAGE    74

..........................................................


THE SAULT STE MARIE MI CLIMATE NORMALS FOR TODAY
                         NORMAL    RECORD    YEAR
 MAXIMUM TEMPERATURE (F)   23        42      1996
 MINIMUM TEMPERATURE (F)    7       -27      1984


SUNRISE AND SUNSET
JANUARY 19 2019.......SUNRISE   814 AM EST   SUNSET   522 PM EST
JANUARY 20 2019.......SUNRISE   814 AM EST   SUNSET   524 PM EST


-  INDICATES NEGATIVE NUMBERS.
R  INDICATES RECORD WAS SET OR TIED.
MM INDICATES DATA IS MISSING.
T  INDICATES TRACE AMOUNT.




$$
