000
CDUS41 KCTP 040631
CLIAOO

CLIMATE REPORT
NATIONAL WEATHER SERVICE STATE COLLEGE PA
231 AM EDT THU JUN 04 2020

...................................

...THE ALTOONA CLIMATE SUMMARY FOR JUNE 3 2020...

CLIMATE NORMAL PERIOD 1981 TO 2010
CLIMATE RECORD PERIOD 1948 TO 2020


WEATHER ITEM   OBSERVED TIME   RECORD YEAR NORMAL DEPARTURE LAST
                VALUE   (LST)  VALUE       VALUE  FROM      YEAR
                                                  NORMAL
...................................................................
TEMPERATURE (F)
 YESTERDAY
  MAXIMUM         85    434 PM  91    1951  74     11       64
  MINIMUM         69   1139 PM  36    1986  53     16       48
  AVERAGE         77                        63     14       56

PRECIPITATION (IN)
  YESTERDAY        0.00          1.36 2018   0.12  -0.12     0.00
  MONTH TO DATE    0.01                      0.36  -0.35     0.24
  SINCE JUN 1      0.01                      0.36  -0.35     0.24
  SINCE JAN 1     15.82                     14.54   1.28    20.33

DEGREE DAYS
 HEATING
  YESTERDAY        0                         4     -4        9
  MONTH TO DATE   11                        12     -1       10
  SINCE JUN 1     11                        12     -1       10
  SINCE JUL 1   5333                      6172   -839     5680

 COOLING
  YESTERDAY       12                         2     10        0
  MONTH TO DATE   12                         6      6        2
  SINCE JUN 1     12                         6      6        2
  SINCE JAN 1     53                        39     14       71
...................................................................


WIND (MPH)
  HIGHEST WIND SPEED    25   HIGHEST WIND DIRECTION     W (280)
  HIGHEST GUST SPEED    31   HIGHEST GUST DIRECTION     W (270)
  AVERAGE WIND SPEED    13.2


SKY COVER
  POSSIBLE SUNSHINE  MM
  AVERAGE SKY COVER 0.3


WEATHER CONDITIONS
THE FOLLOWING WEATHER WAS RECORDED YESTERDAY.
  NO SIGNIFICANT WEATHER WAS OBSERVED.


RELATIVE HUMIDITY (PERCENT)
 HIGHEST    81          1000 PM
 LOWEST     48           400 PM
 AVERAGE    65

..........................................................


THE ALTOONA CLIMATE NORMALS FOR TODAY
                         NORMAL    RECORD    YEAR
 MAXIMUM TEMPERATURE (F)   74        86      1971
 MINIMUM TEMPERATURE (F)   53        38      1965


SUNRISE AND SUNSET
JUNE  4 2020..........SUNRISE   544 AM EDT   SUNSET   839 PM EDT
JUNE  5 2020..........SUNRISE   544 AM EDT   SUNSET   840 PM EDT


-  INDICATES NEGATIVE NUMBERS.
R  INDICATES RECORD WAS SET OR TIED.
MM INDICATES DATA IS MISSING.
T  INDICATES TRACE AMOUNT.




$$
