000
CDUS41 KCTP 190631
CLIAOO


CLIMATE REPORT
NATIONAL WEATHER SERVICE STATE COLLEGE PA
231 AM EDT TUE JUN 19 2018


...................................

...THE ALTOONA CLIMATE SUMMARY FOR JUNE 18 2018...

CLIMATE NORMAL PERIOD 1981 TO 2010
CLIMATE RECORD PERIOD 1948 TO 2018


WEATHER ITEM   OBSERVED TIME   RECORD YEAR NORMAL DEPARTURE LAST
                VALUE   (LST)  VALUE       VALUE  FROM      YEAR
                                                  NORMAL
..................................................................
TEMPERATURE (F)
 YESTERDAY
  MAXIMUM         91    236 PM  92    1994  78     13       88
  MINIMUM         69    505 AM  42    1950  57     12       68
  AVERAGE         80                        68     12       78

PRECIPITATION (IN)
  YESTERDAY        0.03          1.00 1970   0.12  -0.09     0.09
  MONTH TO DATE    3.05                      2.12   0.93     1.24
  SINCE JUN 1      3.05                      2.12   0.93     1.24
  SINCE JAN 1     20.07                     16.30   3.77    18.53

DEGREE DAYS
 HEATING
  YESTERDAY        0                         1     -1        0
  MONTH TO DATE   24                        47    -23       22
  SINCE JUN 1     24                        47    -23       22
  SINCE JUL 1   5732                      6207   -475     4991

 COOLING
  YESTERDAY       15                         4     11       13
  MONTH TO DATE   79                        52     27      104
  SINCE JUN 1     79                        52     27      104
  SINCE JAN 1    243                        85    158      177
..................................................................


WIND (MPH)
  HIGHEST WIND SPEED    22   HIGHEST WIND DIRECTION     N (360)
  HIGHEST GUST SPEED    38   HIGHEST GUST DIRECTION     N (10)
  AVERAGE WIND SPEED     9.2


SKY COVER
  POSSIBLE SUNSHINE  MM
  AVERAGE SKY COVER 0.1


WEATHER CONDITIONS
 THE FOLLOWING WEATHER WAS RECORDED YESTERDAY.
  THUNDERSTORM
  RAIN
  LIGHT RAIN
  FOG
  HAZE


RELATIVE HUMIDITY (PERCENT)
 HIGHEST    90           200 AM
 LOWEST     47           400 PM
 AVERAGE    69

..........................................................


THE ALTOONA CLIMATE NORMALS FOR TODAY
                         NORMAL    RECORD    YEAR
 MAXIMUM TEMPERATURE (F)   78        94      1994
 MINIMUM TEMPERATURE (F)   57        43      2008


SUNRISE AND SUNSET
JUNE 19 2018..........SUNRISE   543 AM EDT   SUNSET   846 PM EDT
JUNE 20 2018..........SUNRISE   543 AM EDT   SUNSET   846 PM EDT


-  INDICATES NEGATIVE NUMBERS.
R  INDICATES RECORD WAS SET OR TIED.
MM INDICATES DATA IS MISSING.
T  INDICATES TRACE AMOUNT.




$$
