000
CDUS41 KCTP 310622
CLIAOO

CLIMATE REPORT
NATIONAL WEATHER SERVICE STATE COLLEGE PA
222 AM EDT SAT OCT 31 2020

...................................

...THE ALTOONA CLIMATE SUMMARY FOR OCTOBER 30 2020...

CLIMATE NORMAL PERIOD 1981 TO 2010
CLIMATE RECORD PERIOD 1948 TO 2020


WEATHER ITEM   OBSERVED TIME   RECORD YEAR NORMAL DEPARTURE LAST
                VALUE   (LST)  VALUE       VALUE  FROM      YEAR
                                                  NORMAL
...................................................................
TEMPERATURE (F)
 YESTERDAY
  MAXIMUM         46    402 PM  78    1971  57    -11       62
  MINIMUM         36   1113 PM  22    1983  38     -2       54
  AVERAGE         41                        47     -6       58

PRECIPITATION (IN)
  YESTERDAY        0.24          1.00 2012   0.09   0.15     0.28
  MONTH TO DATE    3.96                      2.51   1.45     3.98
  SINCE SEP 1      6.94                      5.97   0.97     5.19
  SINCE JAN 1     30.19                     29.90   0.29    34.88

DEGREE DAYS
 HEATING
  YESTERDAY       24                        18      6        7
  MONTH TO DATE  335                       418    -83      318
  SINCE SEP 1    453                       566   -113      351
  SINCE JUL 1    455                       598   -143      360

 COOLING
  YESTERDAY        0                         0      0        0
  MONTH TO DATE    4                         0      4       30
  SINCE SEP 1     61                        47     14      118
  SINCE JAN 1    847                       526    321      763
...................................................................


WIND (MPH)
  HIGHEST WIND SPEED    20   HIGHEST WIND DIRECTION    NW (330)
  HIGHEST GUST SPEED    24   HIGHEST GUST DIRECTION     N (350)
  AVERAGE WIND SPEED     8.4


SKY COVER
  POSSIBLE SUNSHINE  MM
  AVERAGE SKY COVER 1.0


WEATHER CONDITIONS
THE FOLLOWING WEATHER WAS RECORDED YESTERDAY.
  RAIN
  LIGHT RAIN
  FOG


RELATIVE HUMIDITY (PERCENT)
 HIGHEST    93           100 AM
 LOWEST     70           800 PM
 AVERAGE    82

..........................................................


THE ALTOONA CLIMATE NORMALS FOR TODAY
                         NORMAL    RECORD    YEAR
 MAXIMUM TEMPERATURE (F)   56        78      1950
 MINIMUM TEMPERATURE (F)   38        21      1988


SUNRISE AND SUNSET
OCTOBER 31 2020.......SUNRISE   742 AM EDT   SUNSET   611 PM EDT
NOVEMBER  1 2020......SUNRISE   643 AM EST   SUNSET   510 PM EST


-  INDICATES NEGATIVE NUMBERS.
R  INDICATES RECORD WAS SET OR TIED.
MM INDICATES DATA IS MISSING.
T  INDICATES TRACE AMOUNT.




$$
