000
CDUS41 KCTP 220640
CLIAOO


CLIMATE REPORT
NATIONAL WEATHER SERVICE STATE COLLEGE PA
239 AM EDT SAT SEP 22 2018


...................................

...THE ALTOONA CLIMATE SUMMARY FOR SEPTEMBER 21 2018...

CLIMATE NORMAL PERIOD 1981 TO 2010
CLIMATE RECORD PERIOD 1948 TO 2018


WEATHER ITEM   OBSERVED TIME   RECORD YEAR NORMAL DEPARTURE LAST
                VALUE   (LST)  VALUE       VALUE  FROM      YEAR
                                                  NORMAL
..................................................................
TEMPERATURE (F)
 YESTERDAY
  MAXIMUM         83    215 PM  87    1965  70     13       82
  MINIMUM         69   1154 PM  30    1956  49     20       55
  AVERAGE         76                        60     16       69

PRECIPITATION (IN)
  YESTERDAY        0.38          1.25 1979   0.11   0.27     0.00
  MONTH TO DATE    7.35                      2.47   4.88     1.47
  SINCE SEP 1      7.35                      2.47   4.88     1.47
  SINCE JAN 1     40.76                     26.40  14.36    31.89

DEGREE DAYS
 HEATING
  YESTERDAY        0                         6     -6        0
  MONTH TO DATE   19                        75    -56       87
  SINCE SEP 1     19                        75    -56       87
  SINCE JUL 1     19                       107    -88      121

 COOLING
  YESTERDAY       11                         1     10        4
  MONTH TO DATE  167                        40    127       24
  SINCE SEP 1    167                        40    127       24
  SINCE JAN 1   1029                       519    510      566
..................................................................


WIND (MPH)
  HIGHEST WIND SPEED    26   HIGHEST WIND DIRECTION     W (290)
  HIGHEST GUST SPEED    37   HIGHEST GUST DIRECTION     W (290)
  AVERAGE WIND SPEED     8.6


SKY COVER
  POSSIBLE SUNSHINE  MM
  AVERAGE SKY COVER 0.6


WEATHER CONDITIONS
 THE FOLLOWING WEATHER WAS RECORDED YESTERDAY.
  HEAVY RAIN
  RAIN
  LIGHT RAIN
  FOG
  HAZE


RELATIVE HUMIDITY (PERCENT)
 HIGHEST    87           900 PM
 LOWEST     65           400 PM
 AVERAGE    76

..........................................................


THE ALTOONA CLIMATE NORMALS FOR TODAY
                         NORMAL    RECORD    YEAR
 MAXIMUM TEMPERATURE (F)   70        90      2005
 MINIMUM TEMPERATURE (F)   49        36      1991


SUNRISE AND SUNSET
SEPTEMBER 22 2018.....SUNRISE   701 AM EDT   SUNSET   710 PM EDT
SEPTEMBER 23 2018.....SUNRISE   702 AM EDT   SUNSET   709 PM EDT


-  INDICATES NEGATIVE NUMBERS.
R  INDICATES RECORD WAS SET OR TIED.
MM INDICATES DATA IS MISSING.
T  INDICATES TRACE AMOUNT.




$$
