000
CDUS41 KCTP 210712
CLIAOO


CLIMATE REPORT
NATIONAL WEATHER SERVICE STATE COLLEGE PA
312 AM EDT MON OCT 21 2019

...................................

...THE ALTOONA CLIMATE SUMMARY FOR OCTOBER 20 2019...

CLIMATE NORMAL PERIOD 1981 TO 2010
CLIMATE RECORD PERIOD 1948 TO 2019


WEATHER ITEM   OBSERVED TIME   RECORD YEAR NORMAL DEPARTURE LAST
                VALUE   (LST)  VALUE       VALUE  FROM      YEAR
                                                  NORMAL
...................................................................
TEMPERATURE (F)
 YESTERDAY
  MAXIMUM         55    342 PM  80    1963  60     -5       59
  MINIMUM         48    709 AM  21    1972  40      8       43
  AVERAGE         52                        50      2       51

PRECIPITATION (IN)
  YESTERDAY        0.03          2.03 1995   0.08  -0.05     0.10
  MONTH TO DATE    1.47                      1.64  -0.17     1.83
  SINCE SEP 1      2.68                      5.10  -2.42    11.69
  SINCE JAN 1     32.37                     29.03   3.34    45.10

DEGREE DAYS
 HEATING
  YESTERDAY       13                        15     -2       14
  MONTH TO DATE  216                       251    -35      145
  SINCE SEP 1    249                       399   -150      194
  SINCE JUL 1    258                       431   -173      194

 COOLING
  YESTERDAY        0                         0      0        0
  MONTH TO DATE   30                         0     30       65
  SINCE SEP 1    118                        47     71      243
  SINCE JAN 1    763                       526    237     1105
...................................................................


WIND (MPH)
  HIGHEST WIND SPEED     8   HIGHEST WIND DIRECTION     E (100)
  HIGHEST GUST SPEED    10   HIGHEST GUST DIRECTION     E (110)
  AVERAGE WIND SPEED     3.1


SKY COVER
  POSSIBLE SUNSHINE  MM
  AVERAGE SKY COVER 0.8


WEATHER CONDITIONS
THE FOLLOWING WEATHER WAS RECORDED YESTERDAY.
  LIGHT RAIN


RELATIVE HUMIDITY (PERCENT)
 HIGHEST    86          1200 PM
 LOWEST     65          1200 AM
 AVERAGE    76

..........................................................


THE ALTOONA CLIMATE NORMALS FOR TODAY
                         NORMAL    RECORD    YEAR
 MAXIMUM TEMPERATURE (F)   60        79      1984
 MINIMUM TEMPERATURE (F)   40        22      1952


SUNRISE AND SUNSET
OCTOBER 21 2019.......SUNRISE   730 AM EDT   SUNSET   625 PM EDT
OCTOBER 22 2019.......SUNRISE   731 AM EDT   SUNSET   624 PM EDT


-  INDICATES NEGATIVE NUMBERS.
R  INDICATES RECORD WAS SET OR TIED.
MM INDICATES DATA IS MISSING.
T  INDICATES TRACE AMOUNT.




$$
