000
CDUS45 KBOU 140734
CLIAPA


CLIMATE REPORT
NATIONAL WEATHER SERVICE DENVER/BOULDER CO
133 AM MDT MON OCT 14 2019


...................................

...THE CENTENNIAL CO CLIMATE SUMMARY FOR OCTOBER 13 2019...

CLIMATE NORMAL PERIOD 1981 TO 2010
CLIMATE RECORD PERIOD 9999 TO 9999


WEATHER ITEM   OBSERVED RECORD YEAR NORMAL DEPARTURE LAST
                VALUE   VALUE       VALUE  FROM      YEAR
                                           NORMAL
...........................................................
TEMPERATURE (F)
 YESTERDAY
  MAXIMUM         73     MM      MM  65      8       63
  MINIMUM         28     MM      MM  37     -9       26
  AVERAGE         51                 51      0       45

PRECIPITATION (IN)
  YESTERDAY        0.00  MM      MM   0.05  -0.05     0.01
  MONTH TO DATE    0.13               0.56  -0.43     0.69
  SINCE SEP 1      0.67               1.75  -1.08     1.21
  SINCE JAN 1     11.00              15.08  -4.08     9.33

SNOWFALL (IN)
  YESTERDAY        0.0
  SNOW DEPTH       0

DEGREE DAYS
 HEATING
  YESTERDAY       14
  MONTH TO DATE  189

 COOLING
  YESTERDAY        0
  MONTH TO DATE    0
...........................................................


WIND (MPH)
  RESULTANT WIND SPEED   3   RESULTANT WIND DIRECTION  SE (140)
  HIGHEST WIND SPEED    15   HIGHEST WIND DIRECTION     S (160)
  HIGHEST GUST SPEED    21   HIGHEST GUST DIRECTION     S (160)


SKY COVER
  POSSIBLE SUNSHINE  MM
  AVERAGE SKY COVER 0.1


WEATHER CONDITIONS
 THE FOLLOWING WEATHER WAS RECORDED YESTERDAY.
  NO SIGNIFICANT WEATHER WAS OBSERVED.


RELATIVE HUMIDITY (PERCENT)
 HIGHEST    49
 LOWEST      7
 AVERAGE    28

..........................................................


THE CENTENNIAL CO CLIMATE NORMALS FOR TODAY
                         NORMAL    RECORD    YEAR
 MAXIMUM TEMPERATURE (F)   64        MM        MM
 MINIMUM TEMPERATURE (F)   37        MM        MM


SUNRISE AND SUNSET
OCTOBER 14 2019.......SUNRISE   708 AM MDT   SUNSET   622 PM MDT
OCTOBER 15 2019.......SUNRISE   709 AM MDT   SUNSET   621 PM MDT


-  INDICATES NEGATIVE NUMBERS.
R  INDICATES RECORD WAS SET OR TIED.
MM INDICATES DATA IS MISSING.
T  INDICATES TRACE AMOUNT.




$$
