259
CDUS45 KBOU 250734
CLIAPA

CLIMATE REPORT
NATIONAL WEATHER SERVICE
1234 AM MST WED NOV 25 2020

...................................

...THE CENTENNIAL CO CLIMATE SUMMARY FOR NOVEMBER 24 2020...

CLIMATE NORMAL PERIOD 1981 TO 2010
CLIMATE RECORD PERIOD 9999 TO 9999


WEATHER ITEM   OBSERVED RECORD YEAR NORMAL DEPARTURE LAST
                VALUE   VALUE       VALUE  FROM      YEAR
                                           NORMAL
............................................................
TEMPERATURE (F)
 YESTERDAY
  MAXIMUM         43     MM      MM  48     -5       64
  MINIMUM         20     MM      MM  21     -1       28
  AVERAGE         32                 34     -2       46

PRECIPITATION (IN)
  YESTERDAY        0.31  MM      MM   0.03   0.28     0.00
  MONTH TO DATE    0.42               0.84  -0.42     0.25
  SINCE OCT 1      0.57               2.08  -1.51     0.89
  SINCE JAN 1      6.81              16.60  -9.79    11.76

SNOWFALL (IN)
  YESTERDAY       MM
  SNOW DEPTH      MM

DEGREE DAYS
 HEATING
  YESTERDAY       33
  MONTH TO DATE  426

 COOLING
  YESTERDAY        0
  MONTH TO DATE    0
............................................................


WIND (MPH)
  RESULTANT WIND SPEED   5   RESULTANT WIND DIRECTION  NW (330)
  HIGHEST WIND SPEED    21   HIGHEST WIND DIRECTION     N (350)
  HIGHEST GUST SPEED    28   HIGHEST GUST DIRECTION     N (360)


SKY COVER
  POSSIBLE SUNSHINE  MM
  AVERAGE SKY COVER 0.6


WEATHER CONDITIONS
THE FOLLOWING WEATHER WAS RECORDED YESTERDAY.
  LIGHT RAIN
  HEAVY SNOW
  SNOW
  LIGHT SNOW
  FOG
  FOG W/VISIBILITY <= 1/4 MILE


RELATIVE HUMIDITY (PERCENT)
 HIGHEST    96
 LOWEST     53
 AVERAGE    75

..........................................................


THE CENTENNIAL CO CLIMATE NORMALS FOR TODAY
                         NORMAL    RECORD    YEAR
 MAXIMUM TEMPERATURE (F)   47        MM        MM
 MINIMUM TEMPERATURE (F)   21        MM        MM


SUNRISE AND SUNSET
NOVEMBER 25 2020......SUNRISE   655 AM MST   SUNSET   438 PM MST
NOVEMBER 26 2020......SUNRISE   656 AM MST   SUNSET   437 PM MST


-  INDICATES NEGATIVE NUMBERS.
R  INDICATES RECORD WAS SET OR TIED.
MM INDICATES DATA IS MISSING.
T  INDICATES TRACE AMOUNT.




$$
