626
CDUS45 KBOU 231212
CLIAPA


CLIMATE REPORT
NATIONAL WEATHER SERVICE DENVER/BOULDER CO
509 AM MST WED JAN 23 2019


...................................

...THE CENTENNIAL CO CLIMATE SUMMARY FOR JANUARY 22 2019...

CLIMATE NORMAL PERIOD 1981 TO 2010
CLIMATE RECORD PERIOD 9999 TO 9999


WEATHER ITEM   OBSERVED RECORD YEAR NORMAL DEPARTURE LAST
                VALUE   VALUE       VALUE  FROM      YEAR
                                           NORMAL
...........................................................
TEMPERATURE (F)
 YESTERDAY
  MAXIMUM         27     MM      MM  44    -17       40
  MINIMUM         11     MM      MM  19     -8       18
  AVERAGE         19                 32    -13       29

PRECIPITATION (IN)
  YESTERDAY        T     MM      MM   0.02  -0.02     0.00
  MONTH TO DATE    0.44               0.28   0.16     0.23
  SINCE DEC 1      0.44               0.89  -0.45     0.28
  SINCE JAN 1      0.44               0.28   0.16     0.23

SNOWFALL (IN)
  YESTERDAY       MM
  SNOW DEPTH       0

DEGREE DAYS
 HEATING
  YESTERDAY       46
  MONTH TO DATE  712

 COOLING
  YESTERDAY        0
  MONTH TO DATE    0
...........................................................


WIND (MPH)
  RESULTANT WIND SPEED  11   RESULTANT WIND DIRECTION   N (360)
  HIGHEST WIND SPEED    36   HIGHEST WIND DIRECTION     N (360)
  HIGHEST GUST SPEED    46   HIGHEST GUST DIRECTION     N (10)


SKY COVER
  POSSIBLE SUNSHINE  MM
  AVERAGE SKY COVER 0.7


WEATHER CONDITIONS
 THE FOLLOWING WEATHER WAS RECORDED YESTERDAY.
  SNOW
  LIGHT SNOW
  FOG
  HAZE
  BLOWING SNOW


RELATIVE HUMIDITY (PERCENT)
 HIGHEST   100
 LOWEST     50
 AVERAGE    75

..........................................................


THE CENTENNIAL CO CLIMATE NORMALS FOR TODAY
                         NORMAL    RECORD    YEAR
 MAXIMUM TEMPERATURE (F)   44        MM        MM
 MINIMUM TEMPERATURE (F)   19        MM        MM


SUNRISE AND SUNSET
JANUARY 23 2019.......SUNRISE   714 AM MST   SUNSET   509 PM MST
JANUARY 24 2019.......SUNRISE   713 AM MST   SUNSET   510 PM MST


-  INDICATES NEGATIVE NUMBERS.
R  INDICATES RECORD WAS SET OR TIED.
MM INDICATES DATA IS MISSING.
T  INDICATES TRACE AMOUNT.




$$
