000
CDUS42 KMFL 190823
CLIAPF


CLIMATE REPORT
NATIONAL WEATHER SERVICE MIAMI, FL
422 AM EDT TUE JUN 19 2018


...................................

...THE NAPLES CLIMATE SUMMARY FOR JUNE 18 2018...

CLIMATE NORMAL PERIOD 1981 TO 2010
CLIMATE RECORD PERIOD 1942 TO 2018


WEATHER ITEM   OBSERVED TIME   RECORD YEAR NORMAL DEPARTURE LAST
                VALUE   (LST)  VALUE       VALUE  FROM      YEAR
                                                  NORMAL
..................................................................
TEMPERATURE (F)
 YESTERDAY
  MAXIMUM         96R   240 PM  96    1998  90      6       92
  MINIMUM         77    607 PM  68    1983  74      3       76
                                      1966
  AVERAGE         87                        82      5       84

PRECIPITATION (IN)
  YESTERDAY        0.26          3.67 1972   0.34  -0.08     0.55
  MONTH TO DATE    1.81                      4.65  -2.84    11.95
  SINCE JUN 1      1.81                      4.65  -2.84    11.95
  SINCE JAN 1     10.41                     16.50  -6.09    17.58

SNOWFALL (IN)
  YESTERDAY        0.0
  MONTH TO DATE    0.0
  SINCE JUN 1      0.0
  SINCE JUL 1      0.0
  SNOW DEPTH       0

DEGREE DAYS
 HEATING
  YESTERDAY        0                         0      0        0
  MONTH TO DATE    0                         0      0        0
  SINCE JUN 1      0                         0      0        0
  SINCE JUL 1    200                       260    -60       67

 COOLING
  YESTERDAY       22                        17      5       19
  MONTH TO DATE  338                       296     42      307
  SINCE JUN 1    338                       296     42      307
  SINCE JAN 1   1627                      1324    303     1651
..................................................................


WIND (MPH)
  HIGHEST WIND SPEED    17   HIGHEST WIND DIRECTION    SE (120)
  HIGHEST GUST SPEED    21   HIGHEST GUST DIRECTION    SE (120)
  AVERAGE WIND SPEED     5.5


SKY COVER
  AVERAGE SKY COVER 0.1


WEATHER CONDITIONS
 THE FOLLOWING WEATHER WAS RECORDED YESTERDAY.
  THUNDERSTORM
  HEAVY RAIN
  RAIN
  LIGHT RAIN
  FOG


RELATIVE HUMIDITY (PERCENT)
 HIGHEST   100
 LOWEST     49
 AVERAGE    75

..........................................................


THE NAPLES CLIMATE NORMALS FOR TODAY
                         NORMAL    RECORD    YEAR
 MAXIMUM TEMPERATURE (F)   90        94      1998
                                             1987
                                             1979
 MINIMUM TEMPERATURE (F)   75        67      1961


SUNRISE AND SUNSET
JUNE 19 2018..........SUNRISE   635 AM EDT   SUNSET   822 PM EDT
JUNE 20 2018..........SUNRISE   635 AM EDT   SUNSET   822 PM EDT


-  INDICATES NEGATIVE NUMBERS.
R  INDICATES RECORD WAS SET OR TIED.
MM INDICATES DATA IS MISSING.
T  INDICATES TRACE AMOUNT.




$$
