000
CDUS42 KMFL 200823
CLIAPF


CLIMATE REPORT
NATIONAL WEATHER SERVICE MIAMI, FL
422 AM EDT SUN OCT 20 2019


...................................

...THE NAPLES CLIMATE SUMMARY FOR OCTOBER 19 2019...

CLIMATE NORMAL PERIOD 1981 TO 2010
CLIMATE RECORD PERIOD 1942 TO 2019


WEATHER ITEM   OBSERVED TIME   RECORD YEAR NORMAL DEPARTURE LAST
                VALUE   (LST)  VALUE       VALUE  FROM      YEAR
                                                  NORMAL
..................................................................
TEMPERATURE (F)
 YESTERDAY
  MAXIMUM         86   1208 PM  92    1985  87     -1       91
  MINIMUM         80    529 AM  52    1977  69     11       74
  AVERAGE         83                        78      5       83

PRECIPITATION (IN)
  YESTERDAY        0.48          2.46 1944   0.10   0.38     0.00
  MONTH TO DATE    0.63                      3.11  -2.48     3.46
  SINCE JUN 1     27.28                     35.47  -8.19    38.70
  SINCE JAN 1     38.45                     47.32  -8.87    47.30

SNOWFALL (IN)
  YESTERDAY        0.0
  MONTH TO DATE    0.0
  SINCE SEP 1      0.0
  SINCE JUL 1      0.0
  SNOW DEPTH       0

DEGREE DAYS
 HEATING
  YESTERDAY        0                         0      0        0
  MONTH TO DATE    0                         0      0        0
  SINCE SEP 1      0                         0      0        0
  SINCE JUL 1      0                         0      0        0

 COOLING
  YESTERDAY       18                        13      5       18
  MONTH TO DATE  351                       277     74      336
  SINCE SEP 1    963                       797    166      887
  SINCE JAN 1   4086                      3454    632     3943
..................................................................


WIND (MPH)
  HIGHEST WIND SPEED    24   HIGHEST WIND DIRECTION     S (200)
  HIGHEST GUST SPEED    30   HIGHEST GUST DIRECTION     S (200)
  AVERAGE WIND SPEED    11.9


SKY COVER
  AVERAGE SKY COVER 0.7


WEATHER CONDITIONS
 THE FOLLOWING WEATHER WAS RECORDED YESTERDAY.
  THUNDERSTORM
  HEAVY RAIN
  LIGHT RAIN
  FOG


RELATIVE HUMIDITY (PERCENT)
 HIGHEST   100
 LOWEST     74
 AVERAGE    87

..........................................................


THE NAPLES CLIMATE NORMALS FOR TODAY
                         NORMAL    RECORD    YEAR
 MAXIMUM TEMPERATURE (F)   86        92      1969
 MINIMUM TEMPERATURE (F)   69        54      1955


SUNRISE AND SUNSET
OCTOBER 20 2019.......SUNRISE   729 AM EDT   SUNSET   655 PM EDT
OCTOBER 21 2019.......SUNRISE   729 AM EDT   SUNSET   654 PM EDT


-  INDICATES NEGATIVE NUMBERS.
R  INDICATES RECORD WAS SET OR TIED.
MM INDICATES DATA IS MISSING.
T  INDICATES TRACE AMOUNT.




$$
