000
CDUS42 KMFL 040824
CLIAPF


CLIMATE REPORT
NATIONAL WEATHER SERVICE MIAMI, FL
424 AM EDT THU JUN 4 2020


...................................

...THE NAPLES CLIMATE SUMMARY FOR JUNE 3 2020...

CLIMATE NORMAL PERIOD 1981 TO 2010
CLIMATE RECORD PERIOD 1942 TO 2020


WEATHER ITEM   OBSERVED TIME   RECORD YEAR NORMAL DEPARTURE LAST
                VALUE   (LST)  VALUE       VALUE  FROM      YEAR
                                                  NORMAL
..................................................................
TEMPERATURE (F)
 YESTERDAY
  MAXIMUM         89   1109 AM  95    2011  89      0       89
  MINIMUM         75    349 AM  64    1984  72      3       75
                                      1965
                                      1951
  AVERAGE         82                        81      1       82

PRECIPITATION (IN)
  YESTERDAY        0.16          6.49 1977   0.19  -0.03     0.00
  MONTH TO DATE    2.57                      0.56   2.01     0.35
  SINCE NOV 1     19.30                     15.90   3.40    14.24
  SINCE JAN 1     13.63                     12.41   1.22    11.52

SNOWFALL (IN)
  YESTERDAY        0.0
  MONTH TO DATE    0.0
  SINCE JUN 1      0.0
  SINCE JUL 1      0.0
  SNOW DEPTH       0

DEGREE DAYS
 HEATING
  YESTERDAY        0                         0      0        0
  MONTH TO DATE    0                         0      0        0
  SINCE JUN 1      0                         0      0        0
  SINCE JUL 1     67                       260   -193      142

 COOLING
  YESTERDAY       17                        16      1       17
  MONTH TO DATE   56                        47      9       49
  SINCE JUN 1     56                        47      9       49
  SINCE JAN 1   1670                      1075    595     1440
..................................................................


WIND (MPH)
  HIGHEST WIND SPEED    16   HIGHEST WIND DIRECTION    SE (140)
  HIGHEST GUST SPEED    20   HIGHEST GUST DIRECTION    SE (140)
  AVERAGE WIND SPEED     7.4


SKY COVER
  AVERAGE SKY COVER 0.3


WEATHER CONDITIONS
 THE FOLLOWING WEATHER WAS RECORDED YESTERDAY.
  THUNDERSTORM
  HEAVY RAIN
  LIGHT RAIN
  FOG


RELATIVE HUMIDITY (PERCENT)
 HIGHEST   100
 LOWEST     63
 AVERAGE    82

..........................................................


THE NAPLES CLIMATE NORMALS FOR TODAY
                         NORMAL    RECORD    YEAR
 MAXIMUM TEMPERATURE (F)   89        97      2011
 MINIMUM TEMPERATURE (F)   72        61      1955


SUNRISE AND SUNSET
JUNE  4 2020..........SUNRISE   634 AM EDT   SUNSET   817 PM EDT
JUNE  5 2020..........SUNRISE   634 AM EDT   SUNSET   817 PM EDT


-  INDICATES NEGATIVE NUMBERS.
R  INDICATES RECORD WAS SET OR TIED.
MM INDICATES DATA IS MISSING.
T  INDICATES TRACE AMOUNT.




$$
