000
CDUS42 KMFL 210841
CLIAPF


CLIMATE REPORT
NATIONAL WEATHER SERVICE MIAMI, FL
441 AM EDT FRI SEP 21 2018


...................................

...THE NAPLES CLIMATE SUMMARY FOR SEPTEMBER 20 2018...

CLIMATE NORMAL PERIOD 1981 TO 2010
CLIMATE RECORD PERIOD 1942 TO 2018


WEATHER ITEM   OBSERVED TIME   RECORD YEAR NORMAL DEPARTURE LAST
                VALUE   (LST)  VALUE       VALUE  FROM      YEAR
                                                  NORMAL
..................................................................
TEMPERATURE (F)
 YESTERDAY
  MAXIMUM         91    247 PM  95    1949  90      1       88
  MINIMUM         78   1159 PM  66    1981  75      3       76
  AVERAGE         85                        82      3       82

PRECIPITATION (IN)
  YESTERDAY        T             5.20 1962   0.27  -0.27     0.00
  MONTH TO DATE    4.45                      5.19  -0.74    14.55
  SINCE JUN 1     29.06                     29.86  -0.80    55.97
  SINCE JAN 1     37.66                     41.71  -4.05    61.60

SNOWFALL (IN)
  YESTERDAY        0.0
  MONTH TO DATE    0.0
  SINCE SEP 1      0.0
  SINCE JUL 1      0.0
  SNOW DEPTH       0

DEGREE DAYS
 HEATING
  YESTERDAY        0                         0      0        0
  MONTH TO DATE    0                         0      0        0
  SINCE SEP 1      0                         0      0        0
  SINCE JUL 1      0                         0      0        0

 COOLING
  YESTERDAY       20                        17      3       17
  MONTH TO DATE  364                       355      9      287
  SINCE SEP 1    364                       355      9      287
  SINCE JAN 1   3420                      3012    408     3327
..................................................................


WIND (MPH)
  HIGHEST WIND SPEED    14   HIGHEST WIND DIRECTION     E (90)
  HIGHEST GUST SPEED    18   HIGHEST GUST DIRECTION     E (90)
  AVERAGE WIND SPEED     4.6


SKY COVER
  AVERAGE SKY COVER 0.2


WEATHER CONDITIONS
 THE FOLLOWING WEATHER WAS RECORDED YESTERDAY.
  THUNDERSTORM
  LIGHT RAIN


RELATIVE HUMIDITY (PERCENT)
 HIGHEST    91
 LOWEST     56
 AVERAGE    74

..........................................................


THE NAPLES CLIMATE NORMALS FOR TODAY
                         NORMAL    RECORD    YEAR
 MAXIMUM TEMPERATURE (F)   90        94      1974
 MINIMUM TEMPERATURE (F)   75        66      2000
                                             1999


SUNRISE AND SUNSET
SEPTEMBER 21 2018.....SUNRISE   715 AM EDT   SUNSET   725 PM EDT
SEPTEMBER 22 2018.....SUNRISE   716 AM EDT   SUNSET   723 PM EDT


-  INDICATES NEGATIVE NUMBERS.
R  INDICATES RECORD WAS SET OR TIED.
MM INDICATES DATA IS MISSING.
T  INDICATES TRACE AMOUNT.




$$
