000
CDUS42 KMFL 160921
CLIAPF


CLIMATE REPORT
NATIONAL WEATHER SERVICE MIAMI, FL
421 AM EST SUN DEC 16 2018


...................................

...THE NAPLES CLIMATE SUMMARY FOR DECEMBER 15 2018...

CLIMATE NORMAL PERIOD 1981 TO 2010
CLIMATE RECORD PERIOD 1942 TO 2018


WEATHER ITEM   OBSERVED TIME   RECORD YEAR NORMAL DEPARTURE LAST
                VALUE   (LST)  VALUE       VALUE  FROM      YEAR
                                                  NORMAL
..................................................................
TEMPERATURE (F)
 YESTERDAY
  MAXIMUM         78   1042 AM  88    2001  77      1       76
  MINIMUM         64   1159 PM  30    1944  57      7       52
  AVERAGE         71                        67      4       64

PRECIPITATION (IN)
  YESTERDAY        0.02          0.33 1983   0.05  -0.03     0.00
  MONTH TO DATE    0.03                      0.71  -0.68     1.06
  SINCE NOV 1      1.79                      2.75  -0.96     1.15
  SINCE JAN 1     49.21                     51.15  -1.94    69.52

SNOWFALL (IN)
  YESTERDAY        0.0
  MONTH TO DATE    0.0
  SINCE DEC 1      0.0
  SINCE JUL 1      0.0
  SNOW DEPTH       0

DEGREE DAYS
 HEATING
  YESTERDAY        0                         2     -2        1
  MONTH TO DATE   17                        25     -8       43
  SINCE DEC 1     17                        25     -8       43
  SINCE JUL 1     32                        39     -7       47

 COOLING
  YESTERDAY        6                         4      2        0
  MONTH TO DATE   98                        70     28       73
  SINCE DEC 1     98                        70     28       73
  SINCE JAN 1   4486                      3889    597     4273
..................................................................


WIND (MPH)
  HIGHEST WIND SPEED    17   HIGHEST WIND DIRECTION     S (160)
  HIGHEST GUST SPEED    22   HIGHEST GUST DIRECTION     S (160)
  AVERAGE WIND SPEED     5.2


SKY COVER
  AVERAGE SKY COVER 0.7


WEATHER CONDITIONS
 THE FOLLOWING WEATHER WAS RECORDED YESTERDAY.
  LIGHT RAIN
  FOG


RELATIVE HUMIDITY (PERCENT)
 HIGHEST   100
 LOWEST     56
 AVERAGE    78

..........................................................


THE NAPLES CLIMATE NORMALS FOR TODAY
                         NORMAL    RECORD    YEAR
 MAXIMUM TEMPERATURE (F)   77        87      2001
 MINIMUM TEMPERATURE (F)   57        30      1968


SUNRISE AND SUNSET
DECEMBER 16 2018......SUNRISE   707 AM EST   SUNSET   538 PM EST
DECEMBER 17 2018......SUNRISE   708 AM EST   SUNSET   538 PM EST


-  INDICATES NEGATIVE NUMBERS.
R  INDICATES RECORD WAS SET OR TIED.
MM INDICATES DATA IS MISSING.
T  INDICATES TRACE AMOUNT.




$$
