000
CDUS42 KMFL 240926
CLIAPF


CLIMATE REPORT
NATIONAL WEATHER SERVICE MIAMI, FL
426 AM EST SAT FEB 24 2018


...................................

...THE NAPLES CLIMATE SUMMARY FOR FEBRUARY 23 2018...

CLIMATE NORMAL PERIOD 1981 TO 2010
CLIMATE RECORD PERIOD 1942 TO 2018


WEATHER ITEM   OBSERVED TIME   RECORD YEAR NORMAL DEPARTURE LAST
                VALUE   (LST)  VALUE       VALUE  FROM      YEAR
                                                  NORMAL
..................................................................
TEMPERATURE (F)
 YESTERDAY
  MAXIMUM         87R   205 PM  87    1962  78      9       74
  MINIMUM         67    647 AM  34    1978  58      9       67
  AVERAGE         77                        68      9       71

PRECIPITATION (IN)
  YESTERDAY        0.01          1.64 1965   0.07  -0.06     0.00
  MONTH TO DATE    0.09                      1.72  -1.63     1.13
  SINCE NOV 1      1.77                      7.06  -5.29     2.27
  SINCE JAN 1      0.62                      3.57  -2.95     1.92

SNOWFALL (IN)
  YESTERDAY        0.0
  MONTH TO DATE    0.0
  SINCE DEC 1      0.0
  SINCE JUL 1      0.0
  SNOW DEPTH       0

DEGREE DAYS
 HEATING
  YESTERDAY        0                         1     -1        0
  MONTH TO DATE    0                        44    -44        3
  SINCE DEC 1    174                       210    -36       52
  SINCE JUL 1    178                       224    -46       56

 COOLING
  YESTERDAY       12                         4      8        6
  MONTH TO DATE  223                        82    141      121
  SINCE DEC 1    462                       288    174      542
  SINCE JAN 1    303                       168    135      275
..................................................................


WIND (MPH)
  HIGHEST WIND SPEED    18   HIGHEST WIND DIRECTION     E (100)
  HIGHEST GUST SPEED    33   HIGHEST GUST DIRECTION     E (100)
  AVERAGE WIND SPEED     8.5


SKY COVER
  AVERAGE SKY COVER 0.4


WEATHER CONDITIONS
 THE FOLLOWING WEATHER WAS RECORDED YESTERDAY.
  FOG


RELATIVE HUMIDITY (PERCENT)
 HIGHEST   100
 LOWEST     51
 AVERAGE    76

..........................................................


THE NAPLES CLIMATE NORMALS FOR TODAY
                         NORMAL    RECORD    YEAR
 MAXIMUM TEMPERATURE (F)   78        87      1997
 MINIMUM TEMPERATURE (F)   58        36      1964


SUNRISE AND SUNSET
FEBRUARY 24 2018......SUNRISE   655 AM EST   SUNSET   626 PM EST
FEBRUARY 25 2018......SUNRISE   654 AM EST   SUNSET   626 PM EST


-  INDICATES NEGATIVE NUMBERS.
R  INDICATES RECORD WAS SET OR TIED.
MM INDICATES DATA IS MISSING.
T  INDICATES TRACE AMOUNT.




$$
