000
CDUS42 KMFL 310824
CLIAPF


CLIMATE REPORT
NATIONAL WEATHER SERVICE MIAMI, FL
423 AM EDT SAT OCT 31 2020


...................................

...THE NAPLES CLIMATE SUMMARY FOR OCTOBER 30 2020...

CLIMATE NORMAL PERIOD 1981 TO 2010
CLIMATE RECORD PERIOD 1942 TO 2020


WEATHER ITEM   OBSERVED TIME   RECORD YEAR NORMAL DEPARTURE LAST
                VALUE   (LST)  VALUE       VALUE  FROM      YEAR
                                                  NORMAL
..................................................................
TEMPERATURE (F)
 YESTERDAY
  MAXIMUM         86    241 PM  92    2009  85      1       90
                                      1959
  MINIMUM         77   1159 PM  51    1973  67     10       76
  AVERAGE         82                        76      6       83

PRECIPITATION (IN)
  YESTERDAY        0.00          1.49 1969   0.08  -0.08     0.87
  MONTH TO DATE    1.34                      4.11  -2.77     2.10
  SINCE JUN 1     27.07                     36.47  -9.40    34.87
  SINCE JAN 1     38.13                     48.32 -10.19    46.04

SNOWFALL (IN)
  YESTERDAY        0.0
  MONTH TO DATE    0.0
  SINCE SEP 1      0.0
  SINCE JUL 1      0.0
  SNOW DEPTH       0

DEGREE DAYS
 HEATING
  YESTERDAY        0                         0      0        0
  MONTH TO DATE    0                         0      0        0
  SINCE SEP 1      0                         0      0        0
  SINCE JUL 1      0                         0      0        0

 COOLING
  YESTERDAY       17                        11      6       18
  MONTH TO DATE  497                       407     90      563
  SINCE SEP 1   1040                       927    113     1175
  SINCE JAN 1   4436                      3584    852     4298
..................................................................


WIND (MPH)
  HIGHEST WIND SPEED    17   HIGHEST WIND DIRECTION    NW (300)
  HIGHEST GUST SPEED    20   HIGHEST GUST DIRECTION    NW (300)
  AVERAGE WIND SPEED     6.7


SKY COVER
  AVERAGE SKY COVER 0.2


WEATHER CONDITIONS
 THE FOLLOWING WEATHER WAS RECORDED YESTERDAY.
  NO SIGNIFICANT WEATHER WAS OBSERVED.


RELATIVE HUMIDITY (PERCENT)
 HIGHEST    91
 LOWEST     61
 AVERAGE    76

..........................................................


THE NAPLES CLIMATE NORMALS FOR TODAY
                         NORMAL    RECORD    YEAR
 MAXIMUM TEMPERATURE (F)   84        90      2019
                                             2015
                                             1974
 MINIMUM TEMPERATURE (F)   67        52      1968
                                             1953


SUNRISE AND SUNSET
OCTOBER 31 2020.......SUNRISE   736 AM EDT   SUNSET   645 PM EDT
NOVEMBER  1 2020......SUNRISE   636 AM EST   SUNSET   545 PM EST


-  INDICATES NEGATIVE NUMBERS.
R  INDICATES RECORD WAS SET OR TIED.
MM INDICATES DATA IS MISSING.
T  INDICATES TRACE AMOUNT.




$$
