000
CDUS43 KAPX 272139
CLIAPN


CLIMATE REPORT
NATIONAL WEATHER SERVICE GAYLORD MI
539 PM EDT WED MAY 27 2020


...................................

...THE ALPENA MI CLIMATE SUMMARY FOR MAY 27 2020...
VALID TODAY AS OF 0500 PM LOCAL TIME.

CLIMATE NORMAL PERIOD 1981 TO 2010
CLIMATE RECORD PERIOD 1916 TO 2020


WEATHER ITEM   OBSERVED TIME   RECORD YEAR NORMAL DEPARTURE LAST
                VALUE   (LST)  VALUE       VALUE  FROM      YEAR
                                                  NORMAL
..................................................................
TEMPERATURE (F)
 TODAY
  MAXIMUM         90    319 PM  93    1978  68     22       58
  MINIMUM         60    540 AM  27    1934  44     16       44
  AVERAGE         75                        56     19       51

PRECIPITATION (IN)
  TODAY            0.00          1.98 1941   0.10  -0.10     0.22
  MONTH TO DATE    1.55                      2.30  -0.75     4.64
  SINCE MAR 1      7.64                      6.55   1.09     9.18
  SINCE JAN 1     10.72                      9.53   1.19    14.31

DEGREE DAYS
 HEATING
  TODAY            0                        10    -10       14
  MONTH TO DATE  417                       363     54      435
  SINCE MAR 1   2186                      2190     -4     2344
  SINCE JUL 1   7469                      7922   -453     8074

 COOLING
  TODAY           10                         1      9        0
  MONTH TO DATE   16                         4     12        3
  SINCE MAR 1     16                         6     10        3
  SINCE JAN 1     16                         6     10        3
..................................................................


WIND (MPH)
  RESULTANT WIND SPEED   4   RESULTANT WIND DIRECTION  SE (130)
  HIGHEST WIND SPEED    20   HIGHEST WIND DIRECTION     S (170)
  HIGHEST GUST SPEED    26   HIGHEST GUST DIRECTION     S (170)
  AVERAGE WIND SPEED     5.2


SKY COVER
  POSSIBLE SUNSHINE  MM
  AVERAGE SKY COVER 0.0


WEATHER CONDITIONS
 THE FOLLOWING WEATHER WAS RECORDED TODAY.
  FOG


RELATIVE HUMIDITY (PERCENT)
 HIGHEST   100
 LOWEST     32
 AVERAGE    66

..........................................................


THE ALPENA MI CLIMATE NORMALS FOR TOMORROW
                         NORMAL    RECORD    YEAR
 MAXIMUM TEMPERATURE (F)   69        93      1969
 MINIMUM TEMPERATURE (F)   44        27      1927


SUNRISE AND SUNSET
MAY 27 2020...........SUNRISE   553 AM EDT   SUNSET   910 PM EDT
MAY 28 2020...........SUNRISE   553 AM EDT   SUNSET   911 PM EDT


-  INDICATES NEGATIVE NUMBERS.
R  INDICATES RECORD WAS SET OR TIED.
MM INDICATES DATA IS MISSING.
T  INDICATES TRACE AMOUNT.




$$
