000
CDUS43 KAPX 210528
CLIAPN


CLIMATE REPORT
NATIONAL WEATHER SERVICE GAYLORD MI
127 AM EDT THU JUN 21 2018


...................................

...THE ALPENA MI CLIMATE SUMMARY FOR JUNE 20 2018...

CLIMATE NORMAL PERIOD 1981 TO 2010
CLIMATE RECORD PERIOD 1916 TO 2018


WEATHER ITEM   OBSERVED TIME   RECORD YEAR NORMAL DEPARTURE LAST
                VALUE   (LST)  VALUE       VALUE  FROM      YEAR
                                                  NORMAL
..................................................................
TEMPERATURE (F)
 YESTERDAY
  MAXIMUM         82    258 PM  98    1933  76      6       69
  MINIMUM         46   1254 AM  31    1961  51     -5       54
                                      1926
  AVERAGE         64                        64      0       62

PRECIPITATION (IN)
  YESTERDAY        0.00          1.12 1979   0.09  -0.09     0.12
  MONTH TO DATE    0.74                      1.70  -0.96     3.17
  SINCE JUN 1      0.74                      1.70  -0.96     3.17
  SINCE JAN 1     14.15                     11.60   2.55    18.48

DEGREE DAYS
 HEATING
  YESTERDAY        1                         4     -3        3
  MONTH TO DATE   86                       116    -30       60
  SINCE JUN 1     86                       116    -30       60
  SINCE JUL 1   7878                      8073   -195     6806

 COOLING
  YESTERDAY        0                         2     -2        0
  MONTH TO DATE   29                        30     -1       51
  SINCE JUN 1     29                        30     -1       51
  SINCE JAN 1     75                        43     32       57
..................................................................


WIND (MPH)
  HIGHEST WIND SPEED    12   HIGHEST WIND DIRECTION    NE (30)
  HIGHEST GUST SPEED    15   HIGHEST GUST DIRECTION     N (340)
  AVERAGE WIND SPEED     3.1




RELATIVE HUMIDITY (PERCENT)
 HIGHEST   100
 LOWEST     34
 AVERAGE    67

..........................................................


THE ALPENA MI CLIMATE NORMALS FOR TODAY
                         NORMAL    RECORD    YEAR
 MAXIMUM TEMPERATURE (F)   76        93      1941
 MINIMUM TEMPERATURE (F)   51        32      1969


SUNRISE AND SUNSET
JUNE 21 2018..........SUNRISE   547 AM EDT   SUNSET   925 PM EDT
JUNE 22 2018..........SUNRISE   548 AM EDT   SUNSET   925 PM EDT


-  INDICATES NEGATIVE NUMBERS.
R  INDICATES RECORD WAS SET OR TIED.
MM INDICATES DATA IS MISSING.
T  INDICATES TRACE AMOUNT.




$$
