000
CDUS43 KAPX 200530
CLIAPN


CLIMATE REPORT
NATIONAL WEATHER SERVICE GAYLORD MI
130 AM EDT TUE OCT 20 2020


...................................

...THE ALPENA MI CLIMATE SUMMARY FOR OCTOBER 19 2020...

CLIMATE NORMAL PERIOD 1981 TO 2010
CLIMATE RECORD PERIOD 1916 TO 2020


WEATHER ITEM   OBSERVED TIME   RECORD YEAR NORMAL DEPARTURE LAST
                VALUE   (LST)  VALUE       VALUE  FROM      YEAR
                                                  NORMAL
..................................................................
TEMPERATURE (F)
 YESTERDAY
  MAXIMUM         49    253 PM  78    1953  55     -6       58
  MINIMUM         27    649 AM  20    1934  35     -8       30
  AVERAGE         38                        45     -7       44

PRECIPITATION (IN)
  YESTERDAY        0.00          1.02 1917   0.08  -0.08     0.00
  MONTH TO DATE    1.58                      1.68  -0.10     2.80
  SINCE SEP 1      4.10                      4.60  -0.50     6.29
  SINCE JAN 1     29.60                     23.38   6.22    28.11

SNOWFALL (IN)
  YESTERDAY        0.0           2.9  1930   0.0    0.0      0.0
  MONTH TO DATE    0.0                       0.1   -0.1      0.0
  SINCE OCT 1      0.0                       0.1   -0.1      0.0
  SINCE JUL 1      0.0                       0.1   -0.1      0.0
  SNOW DEPTH       0

DEGREE DAYS
 HEATING
  YESTERDAY       27                        20      7       21
  MONTH TO DATE  343                       320     23      321
  SINCE SEP 1    583                       562     21      482
  SINCE JUL 1    610                       677    -67      542

 COOLING
  YESTERDAY        0                         0      0        0
  MONTH TO DATE    0                         0      0        0
  SINCE SEP 1      8                        23    -15       26
  SINCE JAN 1    469                       289    180      305
..................................................................


WIND (MPH)
  HIGHEST WIND SPEED     8   HIGHEST WIND DIRECTION    SW (230)
  HIGHEST GUST SPEED    12   HIGHEST GUST DIRECTION    SW (230)
  AVERAGE WIND SPEED     1.5




RELATIVE HUMIDITY (PERCENT)
 HIGHEST   100
 LOWEST     45
 AVERAGE    73

..........................................................


THE ALPENA MI CLIMATE NORMALS FOR TODAY
                         NORMAL    RECORD    YEAR
 MAXIMUM TEMPERATURE (F)   54        82      1920
 MINIMUM TEMPERATURE (F)   35        20      1944
                                             1934


SUNRISE AND SUNSET
OCTOBER 20 2020.......SUNRISE   757 AM EDT   SUNSET   640 PM EDT
OCTOBER 21 2020.......SUNRISE   759 AM EDT   SUNSET   638 PM EDT


-  INDICATES NEGATIVE NUMBERS.
R  INDICATES RECORD WAS SET OR TIED.
MM INDICATES DATA IS MISSING.
T  INDICATES TRACE AMOUNT.




$$
