000
CDUS43 KAPX 200535
CLIAPN


CLIMATE REPORT
NATIONAL WEATHER SERVICE GAYLORD MI
1235 AM EST TUE FEB 20 2018


...................................

...THE ALPENA MI CLIMATE SUMMARY FOR FEBRUARY 19 2018...

CLIMATE NORMAL PERIOD 1981 TO 2010
CLIMATE RECORD PERIOD 1916 TO 2018


WEATHER ITEM   OBSERVED TIME   RECORD YEAR NORMAL DEPARTURE LAST
                VALUE   (LST)  VALUE       VALUE  FROM      YEAR
                                                  NORMAL
..................................................................
TEMPERATURE (F)
 YESTERDAY
  MAXIMUM         41    225 PM  58    1930  30     11       51
  MINIMUM         25    319 AM -20    1979  12     13       28
  AVERAGE         33                        21     12       40

PRECIPITATION (IN)
  YESTERDAY        0.16          0.81 1946   0.05   0.11     0.00
  MONTH TO DATE    0.80                      0.84  -0.04     0.86
  SINCE DEC 1      4.19                      4.25  -0.06     5.54
  SINCE JAN 1      2.95                      2.50   0.45     3.50

SNOWFALL (IN)
  YESTERDAY        T             6.5  1946   0.7   -0.7      0.0
  MONTH TO DATE    8.0                      12.1   -4.1      6.1
  SINCE OCT 1     37.1                      60.7  -23.6     49.8
  SINCE JUL 1     37.1                      60.7  -23.6     49.8
  SNOW DEPTH       T

DEGREE DAYS
 HEATING
  YESTERDAY       32                        44    -12       25
  MONTH TO DATE  921                       862     59      764
  SINCE DEC 1   3683                      3521    162     3155
  SINCE JUL 1   5187                      5344   -157     4364
..................................................................


WIND (MPH)
  HIGHEST WIND SPEED    15   HIGHEST WIND DIRECTION    NE (40)
  HIGHEST GUST SPEED    19   HIGHEST GUST DIRECTION     N (20)
  AVERAGE WIND SPEED     6.4




RELATIVE HUMIDITY (PERCENT)
 HIGHEST   100
 LOWEST     70
 AVERAGE    85

..........................................................


THE ALPENA MI CLIMATE NORMALS FOR TODAY
                         NORMAL    RECORD    YEAR
 MAXIMUM TEMPERATURE (F)   30        54      1930
 MINIMUM TEMPERATURE (F)   12       -31      1929


SUNRISE AND SUNSET
FEBRUARY 20 2018......SUNRISE   727 AM EST   SUNSET   609 PM EST
FEBRUARY 21 2018......SUNRISE   726 AM EST   SUNSET   611 PM EST


-  INDICATES NEGATIVE NUMBERS.
R  INDICATES RECORD WAS SET OR TIED.
MM INDICATES DATA IS MISSING.
T  INDICATES TRACE AMOUNT.




$$
