000
CDUS43 KAPX 190529
CLIAPN


CLIMATE REPORT
NATIONAL WEATHER SERVICE GAYLORD MI
128 AM EDT SAT OCT 19 2019


...................................

...THE ALPENA MI CLIMATE SUMMARY FOR OCTOBER 18 2019...

CLIMATE NORMAL PERIOD 1981 TO 2010
CLIMATE RECORD PERIOD 1916 TO 2019


WEATHER ITEM   OBSERVED TIME   RECORD YEAR NORMAL DEPARTURE LAST
                VALUE   (LST)  VALUE       VALUE  FROM      YEAR
                                                  NORMAL
..................................................................
TEMPERATURE (F)
 YESTERDAY
  MAXIMUM         53    154 PM  85    1950  55     -2       52
  MINIMUM         31    701 AM  20    1952  36     -5       28
  AVERAGE         42                        45     -3       40

PRECIPITATION (IN)
  YESTERDAY        0.00          1.47 2007   0.08  -0.08     0.00
  MONTH TO DATE    2.80                      1.60   1.20     3.24
  SINCE SEP 1      6.29                      4.52   1.77     7.12
  SINCE JAN 1     28.11                     23.30   4.81    26.67

SNOWFALL (IN)
  YESTERDAY        0.0           1.8  1930   0.0    0.0      0.0
  MONTH TO DATE    0.0                       0.1   -0.1      0.2
  SINCE OCT 1      0.0                       0.1   -0.1      0.2
  SINCE JUL 1      0.0                       0.1   -0.1      0.2
  SNOW DEPTH       0

DEGREE DAYS
 HEATING
  YESTERDAY       23                        20      3       25
  MONTH TO DATE  300                       300      0      280
  SINCE SEP 1    461                       542    -81      434
  SINCE JUL 1    521                       657   -136      450

 COOLING
  YESTERDAY        0                         0      0        0
  MONTH TO DATE    0                         0      0       12
  SINCE SEP 1     26                        23      3       79
  SINCE JAN 1    305                       289     16      589
..................................................................


WIND (MPH)
  HIGHEST WIND SPEED    13   HIGHEST WIND DIRECTION    SE (130)
  HIGHEST GUST SPEED    16   HIGHEST GUST DIRECTION    SE (120)
  AVERAGE WIND SPEED     4.5




RELATIVE HUMIDITY (PERCENT)
 HIGHEST   100
 LOWEST     50
 AVERAGE    75

..........................................................


THE ALPENA MI CLIMATE NORMALS FOR TODAY
                         NORMAL    RECORD    YEAR
 MAXIMUM TEMPERATURE (F)   55        78      1953
 MINIMUM TEMPERATURE (F)   35        20      1934


SUNRISE AND SUNSET
OCTOBER 19 2019.......SUNRISE   755 AM EDT   SUNSET   643 PM EDT
OCTOBER 20 2019.......SUNRISE   756 AM EDT   SUNSET   641 PM EDT


-  INDICATES NEGATIVE NUMBERS.
R  INDICATES RECORD WAS SET OR TIED.
MM INDICATES DATA IS MISSING.
T  INDICATES TRACE AMOUNT.




$$
