887
CDUS43 KAPX 160536
CLIAPN


CLIMATE REPORT
NATIONAL WEATHER SERVICE GAYLORD MI
1236 AM EST SUN DEC 16 2018


...................................

...THE ALPENA MI CLIMATE SUMMARY FOR DECEMBER 15 2018...

CLIMATE NORMAL PERIOD 1981 TO 2010
CLIMATE RECORD PERIOD 1916 TO 2018


WEATHER ITEM   OBSERVED TIME   RECORD YEAR NORMAL DEPARTURE LAST
                VALUE   (LST)  VALUE       VALUE  FROM      YEAR
                                                  NORMAL
..................................................................
TEMPERATURE (F)
 YESTERDAY
  MAXIMUM         42    112 PM  59    1997  32     10       27
  MINIMUM         22    905 AM  -7    1917  19      3       18
  AVERAGE         32                        25      7       23

PRECIPITATION (IN)
  YESTERDAY        0.00          1.19 1971   0.05  -0.05     0.06
  MONTH TO DATE    1.25                      0.91   0.34     0.61
  SINCE DEC 1      1.25                      0.91   0.34     0.61
  SINCE JAN 1     31.38                     27.32   4.06    39.52

SNOWFALL (IN)
  YESTERDAY        0.0           8.4  2005   0.7   -0.7      0.5
  MONTH TO DATE    2.5                       8.9   -6.4      6.3
  SINCE OCT 1     12.6                      17.0   -4.4      6.8
  SINCE JUL 1     12.6                      17.0   -4.4      6.8
  SNOW DEPTH       T

DEGREE DAYS
 HEATING
  YESTERDAY       33                        40     -7       42
  MONTH TO DATE  543                       563    -20      583
  SINCE DEC 1    543                       563    -20      583
  SINCE JUL 1   2335                      2386    -51     2087
..................................................................


WIND (MPH)
  HIGHEST WIND SPEED     9   HIGHEST WIND DIRECTION    SE (130)
  HIGHEST GUST SPEED    12   HIGHEST GUST DIRECTION    SE (120)
  AVERAGE WIND SPEED     2.6




RELATIVE HUMIDITY (PERCENT)
 HIGHEST   100
 LOWEST     69
 AVERAGE    85

..........................................................


THE ALPENA MI CLIMATE NORMALS FOR TODAY
                         NORMAL    RECORD    YEAR
 MAXIMUM TEMPERATURE (F)   31        57      1984
 MINIMUM TEMPERATURE (F)   18       -12      1980


SUNRISE AND SUNSET
DECEMBER 16 2018......SUNRISE   807 AM EST   SUNSET   453 PM EST
DECEMBER 17 2018......SUNRISE   807 AM EST   SUNSET   454 PM EST


-  INDICATES NEGATIVE NUMBERS.
R  INDICATES RECORD WAS SET OR TIED.
MM INDICATES DATA IS MISSING.
T  INDICATES TRACE AMOUNT.




$$
