000
CDUS43 KAPX 252131
CLIAPN


CLIMATE REPORT
NATIONAL WEATHER SERVICE GAYLORD MI
531 PM EDT TUE SEP 25 2018


...................................

...THE ALPENA MI CLIMATE SUMMARY FOR SEPTEMBER 25 2018...
VALID TODAY AS OF 0500 PM LOCAL TIME.

CLIMATE NORMAL PERIOD 1981 TO 2010
CLIMATE RECORD PERIOD 1916 TO 2018


WEATHER ITEM   OBSERVED TIME   RECORD YEAR NORMAL DEPARTURE LAST
                VALUE   (LST)  VALUE       VALUE  FROM      YEAR
                                                  NORMAL
..................................................................
TEMPERATURE (F)
 TODAY
  MAXIMUM         79    356 PM  88    2017  65     14       88
  MINIMUM         62    637 AM  25    1925  43     19       59
  AVERAGE         71                        54     17       74

PRECIPITATION (IN)
  TODAY            0.11          1.44 2005   0.10   0.01     0.00
  MONTH TO DATE    3.72                      2.45   1.27     2.37
  SINCE SEP 1      3.72                      2.45   1.27     2.37
  SINCE JAN 1     23.27                     21.23   2.04    29.80

DEGREE DAYS
 HEATING
  TODAY            0                        11    -11        0
  MONTH TO DATE   85                       180    -95      128
  SINCE SEP 1     85                       180    -95      128
  SINCE JUL 1    101                       295   -194      186

 COOLING
  TODAY            6                         0      6        9
  MONTH TO DATE   67                        21     46       73
  SINCE SEP 1     67                        21     46       73
  SINCE JAN 1    577                       287    290      343
..................................................................


WIND (MPH)
  RESULTANT WIND SPEED   7   RESULTANT WIND DIRECTION   S (190)
  HIGHEST WIND SPEED    14   HIGHEST WIND DIRECTION    SW (210)
  HIGHEST GUST SPEED    20   HIGHEST GUST DIRECTION    SW (220)
  AVERAGE WIND SPEED     8.1


SKY COVER
  POSSIBLE SUNSHINE  MM
  AVERAGE SKY COVER 0.8


WEATHER CONDITIONS
 THE FOLLOWING WEATHER WAS RECORDED TODAY.
  LIGHT RAIN
  FOG


RELATIVE HUMIDITY (PERCENT)
 HIGHEST    93
 LOWEST     54
 AVERAGE    74

..........................................................


THE ALPENA MI CLIMATE NORMALS FOR TOMORROW
                         NORMAL    RECORD    YEAR
 MAXIMUM TEMPERATURE (F)   65        89      2017
 MINIMUM TEMPERATURE (F)   43        25      1926


SUNRISE AND SUNSET
SEPTEMBER 25 2018.....SUNRISE   725 AM EDT   SUNSET   726 PM EDT
SEPTEMBER 26 2018.....SUNRISE   726 AM EDT   SUNSET   724 PM EDT


-  INDICATES NEGATIVE NUMBERS.
R  INDICATES RECORD WAS SET OR TIED.
MM INDICATES DATA IS MISSING.
T  INDICATES TRACE AMOUNT.




$$
