000
CDUS44 KLCH 190839
CLIARA


CLIMATE REPORT
NATIONAL WEATHER SERVICE LAKE CHARLES, LA
239 AM CST MON FEB 19 2018


...................................

...THE NEW IBERIA CLIMATE SUMMARY FOR FEBRUARY 18 2018...

CLIMATE NORMAL PERIOD 1981 TO 2010
CLIMATE RECORD PERIOD 1948 TO 2018


WEATHER ITEM   OBSERVED TIME   RECORD YEAR NORMAL DEPARTURE LAST
                VALUE   (LST)  VALUE       VALUE  FROM      YEAR
                                                  NORMAL
..................................................................
TEMPERATURE (F)
 YESTERDAY
  MAXIMUM         80    251 PM  83    1956  66     14       75
  MINIMUM         62    544 AM  30    1969  46     16       50
  AVERAGE         71                        56     15       63

PRECIPITATION (IN)
  YESTERDAY       MM           999.00 2018   0.17  MM         T
  MONTH TO DATE    1.46                      2.65  -1.19     0.16
  SINCE DEC 1     16.81                     12.87   3.94    11.30
  SINCE JAN 1      8.59                      7.87   0.72     2.60

SNOWFALL (IN)
  YESTERDAY        0.0           0.0    MM  MM               0.0
  MONTH TO DATE    0.0                      MM               0.0
  SINCE DEC 1      2.4                      MM               0.0
  SINCE JUL 1      2.4                      MM               0.0

DEGREE DAYS
 HEATING
  YESTERDAY        0                         9     -9        2
  MONTH TO DATE   79                       196   -117       72
  SINCE DEC 1   1004                       938     66      520
  SINCE JUL 1   1183                      1133     50      615

 COOLING
  YESTERDAY        6                         1      5        0
  MONTH TO DATE   43                        14     29       39
  SINCE DEC 1     62                        48     14      170
  SINCE JAN 1     43                        26     17      103
..................................................................


WIND (MPH)
  RESULTANT WIND SPEED   5   RESULTANT WIND DIRECTION  SE (150)
  HIGHEST WIND SPEED    17   HIGHEST WIND DIRECTION     S (180)
  HIGHEST GUST SPEED    23   HIGHEST GUST DIRECTION     S (200)
  AVERAGE WIND SPEED     8.3


SKY COVER
  POSSIBLE SUNSHINE  MM
  AVERAGE SKY COVER 0.5


WEATHER CONDITIONS
 THE FOLLOWING WEATHER WAS RECORDED YESTERDAY.
  FOG


RELATIVE HUMIDITY (PERCENT)
 HIGHEST    93           600 AM
 LOWEST     58           200 PM
 AVERAGE    76

..........................................................


THE NEW IBERIA CLIMATE NORMALS FOR TODAY
                         NORMAL    RECORD    YEAR
 MAXIMUM TEMPERATURE (F)   67        81      2017
 MINIMUM TEMPERATURE (F)   46        30      1960


SUNRISE AND SUNSET
FEBRUARY 19 2018......SUNRISE   644 AM CST   SUNSET   559 PM CST
FEBRUARY 20 2018......SUNRISE   643 AM CST   SUNSET   600 PM CST


-  INDICATES NEGATIVE NUMBERS.
R  INDICATES RECORD WAS SET OR TIED.
MM INDICATES DATA IS MISSING.
T  INDICATES TRACE AMOUNT.




$$
