667
CDUS44 KLCH 142218
CLIARA


CLIMATE REPORT
NATIONAL WEATHER SERVICE LAKE CHARLES, LA
516 PM CDT MON OCT 14 2019


...................................

...THE NEW IBERIA CLIMATE SUMMARY FOR OCTOBER 14 2019...
VALID TODAY AS OF 0500 PM LOCAL TIME.

CLIMATE NORMAL PERIOD 1981 TO 2010
CLIMATE RECORD PERIOD 1948 TO 2019


WEATHER ITEM   OBSERVED TIME   RECORD YEAR NORMAL DEPARTURE LAST
                VALUE   (LST)  VALUE       VALUE  FROM      YEAR
                                                  NORMAL
..................................................................
TEMPERATURE (F)
 TODAY
  MAXIMUM         79    142 PM  92    2015  82     -3       90
  MINIMUM         69    504 AM  45    1987  59     10       69
  AVERAGE         74                        71      3       80

PRECIPITATION (IN)
  TODAY            0.49          1.86 1959   0.18   0.31     0.00
  MONTH TO DATE    1.07                      2.73  -1.66     0.81
  SINCE SEP 1      3.40                      7.36  -3.96     8.85
  SINCE JAN 1     45.72                     48.21  -2.49    42.44

SNOWFALL (IN)
  TODAY            0.0           0.0    MM  MM               0.0
  MONTH TO DATE    0.0                      MM               0.0
  SINCE SEP 1      0.0                      MM               0.0
  SINCE JUL 1      0.0                      MM               0.0

DEGREE DAYS
 HEATING
  TODAY            0                         1     -1        0
  MONTH TO DATE    0                         3     -3        0
  SINCE SEP 1      0                         4     -4        0
  SINCE JUL 1      0                         4     -4        0

 COOLING
  TODAY            9                         6      3       15
  MONTH TO DATE  181                       110     71      209
  SINCE SEP 1    734                       523    211      708
  SINCE JAN 1   2982                      2666    316     3093
..................................................................


WIND (MPH)
  RESULTANT WIND SPEED   6   RESULTANT WIND DIRECTION  NE (50)
  HIGHEST WIND SPEED    15   HIGHEST WIND DIRECTION     N (20)
  HIGHEST GUST SPEED    17   HIGHEST GUST DIRECTION     N (350)
  AVERAGE WIND SPEED     6.8


SKY COVER
  POSSIBLE SUNSHINE  MM
  AVERAGE SKY COVER 0.8


WEATHER CONDITIONS
 THE FOLLOWING WEATHER WAS RECORDED TODAY.
  THUNDERSTORM
  HEAVY RAIN
  RAIN
  LIGHT RAIN
  FOG


RELATIVE HUMIDITY (PERCENT)
 HIGHEST   100           700 AM
 LOWEST     84          1200 AM
 AVERAGE    92

..........................................................


THE NEW IBERIA CLIMATE NORMALS FOR TOMORROW
                         NORMAL    RECORD    YEAR
 MAXIMUM TEMPERATURE (F)   82        93      2018
                                             2015
 MINIMUM TEMPERATURE (F)   59        41      1969


SUNRISE AND SUNSET
OCTOBER 14 2019.......SUNRISE   709 AM CDT   SUNSET   638 PM CDT
OCTOBER 15 2019.......SUNRISE   709 AM CDT   SUNSET   637 PM CDT


-  INDICATES NEGATIVE NUMBERS.
R  INDICATES RECORD WAS SET OR TIED.
MM INDICATES DATA IS MISSING.
T  INDICATES TRACE AMOUNT.




$$
