000
CDUS44 KLCH 260812
CLIARA


CLIMATE REPORT
NATIONAL WEATHER SERVICE LAKE CHARLES, LA
312 AM CDT MON OCT 26 2020


...................................

...THE NEW IBERIA CLIMATE SUMMARY FOR OCTOBER 25 2020...

CLIMATE NORMAL PERIOD 1981 TO 2010
CLIMATE RECORD PERIOD 1948 TO 2020


WEATHER ITEM   OBSERVED TIME   RECORD YEAR NORMAL DEPARTURE LAST
                VALUE   (LST)  VALUE       VALUE  FROM      YEAR
                                                  NORMAL
..................................................................
TEMPERATURE (F)
 YESTERDAY
  MAXIMUM         76    341 PM  87    2012  79     -3       74
                                      2004
  MINIMUM         57    733 AM  40    1980  56      1       60
                                      1952
  AVERAGE         67                        67      0       67

PRECIPITATION (IN)
  YESTERDAY        0.00          3.79 2015   0.09  -0.09     1.20
  MONTH TO DATE    4.16                      4.54  -0.38     4.10
  SINCE SEP 1     10.57                      9.17   1.40     6.43
  SINCE JAN 1     51.58                     50.02   1.56    48.75

SNOWFALL (IN)
  YESTERDAY        0.0           0.0    MM  MM               0.0
  MONTH TO DATE    0.0                      MM               0.0
  SINCE SEP 1      0.0                      MM               0.0
  SINCE JUL 1      0.0                      MM               0.0

DEGREE DAYS
 HEATING
  YESTERDAY        0                         2     -2        0
  MONTH TO DATE    0                        18    -18        9
  SINCE SEP 1      0                        19    -19        9
  SINCE JUL 1      0                        19    -19        9

 COOLING
  YESTERDAY        2                         4     -2        2
  MONTH TO DATE  213                       166     47      228
  SINCE SEP 1    648                       579     69      781
  SINCE JAN 1   3065                      2722    343     3029
..................................................................


WIND (MPH)
  RESULTANT WIND SPEED   6   RESULTANT WIND DIRECTION  NE (30)
  HIGHEST WIND SPEED    10   HIGHEST WIND DIRECTION    NE (40)
  HIGHEST GUST SPEED    14   HIGHEST GUST DIRECTION     N (360)
  AVERAGE WIND SPEED     6.3


SKY COVER
  POSSIBLE SUNSHINE  MM
  AVERAGE SKY COVER 0.5


WEATHER CONDITIONS
 THE FOLLOWING WEATHER WAS RECORDED YESTERDAY.
  FOG


RELATIVE HUMIDITY (PERCENT)
 HIGHEST   100          1200 AM
 LOWEST     64           100 PM
 AVERAGE    82

..........................................................


THE NEW IBERIA CLIMATE NORMALS FOR TODAY
                         NORMAL    RECORD    YEAR
 MAXIMUM TEMPERATURE (F)   79        88      2010
 MINIMUM TEMPERATURE (F)   56        39      1952


SUNRISE AND SUNSET
OCTOBER 26 2020.......SUNRISE   717 AM CDT   SUNSET   625 PM CDT
OCTOBER 27 2020.......SUNRISE   718 AM CDT   SUNSET   624 PM CDT


-  INDICATES NEGATIVE NUMBERS.
R  INDICATES RECORD WAS SET OR TIED.
MM INDICATES DATA IS MISSING.
T  INDICATES TRACE AMOUNT.




$$
