000
CDUS44 KLCH 212215
CLIARA


CLIMATE REPORT
NATIONAL WEATHER SERVICE LAKE CHARLES, LA
414 PM CST FRI FEB 21 2020


...................................

...THE NEW IBERIA CLIMATE SUMMARY FOR FEBRUARY 21 2020...
VALID TODAY AS OF 0400 PM LOCAL TIME.

CLIMATE NORMAL PERIOD 1981 TO 2010
CLIMATE RECORD PERIOD 1948 TO 2020


WEATHER ITEM   OBSERVED TIME   RECORD YEAR NORMAL DEPARTURE LAST
                VALUE   (LST)  VALUE       VALUE  FROM      YEAR
                                                  NORMAL
..................................................................
TEMPERATURE (F)
 TODAY
  MAXIMUM         53    351 PM  81    2018  67    -14       77
  MINIMUM         39    710 AM  29    1978  47     -8       54
  AVERAGE         46                        57    -11       66

PRECIPITATION (IN)
  TODAY            0.00          1.55 2008   0.15  -0.15     0.01
  MONTH TO DATE    2.91                      3.12  -0.21     1.08
  SINCE DEC 1     13.63                     13.34   0.29    11.07
  SINCE JAN 1     11.60                      8.34   3.26     4.38

SNOWFALL (IN)
  TODAY            0.0           0.0    MM  MM               0.0
  MONTH TO DATE    0.0                      MM               0.0
  SINCE DEC 1      0.0                      MM               0.0
  SINCE JUL 1      0.0                      MM               0.0

DEGREE DAYS
 HEATING
  TODAY           19                         9     10        0
  MONTH TO DATE  153                       223    -70       85
  SINCE DEC 1    671                       965   -294      770
  SINCE JUL 1    947                      1160   -213     1021

 COOLING
  TODAY            0                         1     -1        1
  MONTH TO DATE   29                        17     12       26
  SINCE DEC 1     83                        51     32       34
  SINCE JAN 1     63                        29     34       26
..................................................................


WIND (MPH)
  RESULTANT WIND SPEED  17   RESULTANT WIND DIRECTION   N (20)
  HIGHEST WIND SPEED    26   HIGHEST WIND DIRECTION     N (20)
  HIGHEST GUST SPEED    37   HIGHEST GUST DIRECTION     N (20)
  AVERAGE WIND SPEED    17.4


SKY COVER
  POSSIBLE SUNSHINE  MM
  AVERAGE SKY COVER 0.2


WEATHER CONDITIONS
 THE FOLLOWING WEATHER WAS RECORDED TODAY.
  NO SIGNIFICANT WEATHER WAS OBSERVED.


RELATIVE HUMIDITY (PERCENT)
 HIGHEST    89          1200 AM
 LOWEST     48           400 PM
 AVERAGE    69

..........................................................


THE NEW IBERIA CLIMATE NORMALS FOR TOMORROW
                         NORMAL    RECORD    YEAR
 MAXIMUM TEMPERATURE (F)   67        83      2018
 MINIMUM TEMPERATURE (F)   47        23      1978


SUNRISE AND SUNSET
FEBRUARY 21 2020......SUNRISE   642 AM CST   SUNSET   601 PM CST
FEBRUARY 22 2020......SUNRISE   641 AM CST   SUNSET   601 PM CST


-  INDICATES NEGATIVE NUMBERS.
R  INDICATES RECORD WAS SET OR TIED.
MM INDICATES DATA IS MISSING.
T  INDICATES TRACE AMOUNT.




$$
