000
CDUS44 KLCH 212211
CLIARA


CLIMATE REPORT
NATIONAL WEATHER SERVICE LAKE CHARLES, LA
411 PM CST MON JAN 21 2019


...................................

...THE NEW IBERIA CLIMATE SUMMARY FOR JANUARY 21 2019...
VALID TODAY AS OF 0400 PM LOCAL TIME.

CLIMATE NORMAL PERIOD 1981 TO 2010
CLIMATE RECORD PERIOD 1948 TO 2019


WEATHER ITEM   OBSERVED TIME   RECORD YEAR NORMAL DEPARTURE LAST
                VALUE   (LST)  VALUE       VALUE  FROM      YEAR
                                                  NORMAL
..................................................................
TEMPERATURE (F)
 TODAY
  MAXIMUM         59    206 PM  80    2012  63     -4       74
  MINIMUM         33    500 AM  17    1985  43    -10       49
  AVERAGE         46                        53     -7       62

PRECIPITATION (IN)
  TODAY            0.00          2.02 1987   0.16  -0.16     0.01
  MONTH TO DATE    2.87                      3.49  -0.62     1.79
  SINCE DEC 1      9.56                      8.49   1.07    10.01
  SINCE JAN 1      2.87                      3.49  -0.62     1.79

SNOWFALL (IN)
  TODAY            0.0           0.0    MM  MM              MM
  MONTH TO DATE    0.0                      MM                T
  SINCE DEC 1      0.0                      MM               2.4
  SINCE JUL 1      0.0                      MM               2.4

DEGREE DAYS
 HEATING
  TODAY           19                        13      6        3
  MONTH TO DATE  240                       273    -33      441
  SINCE DEC 1    532                       625    -93      809
  SINCE JUL 1    783                       820    -37      988

 COOLING
  TODAY            0                         0      0        0
  MONTH TO DATE    0                         9     -9        0
  SINCE DEC 1      8                        31    -23       19
  SINCE JAN 1      0                         9     -9        0
..................................................................


WIND (MPH)
  RESULTANT WIND SPEED   8   RESULTANT WIND DIRECTION   E (100)
  HIGHEST WIND SPEED    17   HIGHEST WIND DIRECTION    SE (130)
  HIGHEST GUST SPEED    23   HIGHEST GUST DIRECTION    SE (130)
  AVERAGE WIND SPEED     9.0


SKY COVER
  POSSIBLE SUNSHINE  MM
  AVERAGE SKY COVER 0.2


WEATHER CONDITIONS
 THE FOLLOWING WEATHER WAS RECORDED TODAY.
  NO SIGNIFICANT WEATHER WAS OBSERVED.


RELATIVE HUMIDITY (PERCENT)
 HIGHEST    75           200 AM
 LOWEST     51           100 PM
 AVERAGE    63

..........................................................


THE NEW IBERIA CLIMATE NORMALS FOR TOMORROW
                         NORMAL    RECORD    YEAR
 MAXIMUM TEMPERATURE (F)   63        79      1952
 MINIMUM TEMPERATURE (F)   43        22      1985
                                             1984


SUNRISE AND SUNSET
JANUARY 21 2019.......SUNRISE   703 AM CST   SUNSET   535 PM CST
JANUARY 22 2019.......SUNRISE   703 AM CST   SUNSET   536 PM CST


-  INDICATES NEGATIVE NUMBERS.
R  INDICATES RECORD WAS SET OR TIED.
MM INDICATES DATA IS MISSING.
T  INDICATES TRACE AMOUNT.




$$
