000
CDUS43 KLOT 280634
CLIARR


CLIMATE REPORT
NATIONAL WEATHER SERVICE CHICAGO IL
134 AM CDT WED OCT 28 2020


...................................

...THE AURORA MUNICIPAL AIRPORT CLIMATE SUMMARY FOR OCTOBER 27 2020...

CLIMATE NORMAL PERIOD 1981 TO 2010
CLIMATE RECORD PERIOD 1998 TO 2020


WEATHER ITEM   OBSERVED TIME   RECORD YEAR NORMAL DEPARTURE LAST
                VALUE   (LST)  VALUE       VALUE  FROM      YEAR
                                                  NORMAL
..................................................................
TEMPERATURE (F)
 YESTERDAY
  MAXIMUM         37    533 PM  77    2014  58    -21       58
  MINIMUM         30   1107 PM  23    2013  36     -6       37
  AVERAGE         34                        47    -13       48

PRECIPITATION (IN)
  YESTERDAY        T             0.63 1998   0.10  -0.10     0.01
  MONTH TO DATE    3.23                      2.76   0.47     4.28
  SINCE SEP 1      5.93                      6.20  -0.27    12.32
  SINCE JAN 1     29.04                     31.40  -2.36    41.53

DEGREE DAYS
 HEATING
  YESTERDAY       31                        18     13       17
  MONTH TO DATE  409                       378     31      383
  SINCE SEP 1    519                       507     12      411
  SINCE JUL 1    531                       531      0      415

 COOLING
  YESTERDAY        0                         0      0        0
  MONTH TO DATE    2                         9     -7       13
  SINCE SEP 1     40                        72    -32      132
  SINCE JAN 1    851                       656    195      776
..................................................................


WIND (MPH)
  RESULTANT WIND SPEED   3   RESULTANT WIND DIRECTION   W (270)
  HIGHEST WIND SPEED     9   HIGHEST WIND DIRECTION     W (270)
  HIGHEST GUST SPEED    11   HIGHEST GUST DIRECTION     W (290)
  AVERAGE WIND SPEED     3.7


SKY COVER
  POSSIBLE SUNSHINE  MM
  AVERAGE SKY COVER 0.9


WEATHER CONDITIONS
 THE FOLLOWING WEATHER WAS RECORDED YESTERDAY.
  LIGHT SNOW


RELATIVE HUMIDITY (PERCENT)
 HIGHEST    89           200 AM
 LOWEST     64           100 PM
 AVERAGE    77

..........................................................


THE AURORA MUNICIPAL AIRPORT CLIMATE NORMALS FOR TODAY
                         NORMAL    RECORD    YEAR
 MAXIMUM TEMPERATURE (F)   58        79      1999
 MINIMUM TEMPERATURE (F)   36        23      2005


SUNRISE AND SUNSET
OCTOBER 28 2020.......SUNRISE   722 AM CDT   SUNSET   553 PM CDT
OCTOBER 29 2020.......SUNRISE   723 AM CDT   SUNSET   551 PM CDT


-  INDICATES NEGATIVE NUMBERS.
R  INDICATES RECORD WAS SET OR TIED.
MM INDICATES DATA IS MISSING.
T  INDICATES TRACE AMOUNT.




$$
