000
CDUS41 KBUF 210646
CLIART


CLIMATE REPORT
NATIONAL WEATHER SERVICE BUFFALO NY
245 AM EDT WED OCT 21 2020


...................................

...THE WATERTOWN NY CLIMATE SUMMARY FOR OCTOBER 20 2020...

CLIMATE NORMAL PERIOD 1981 TO 2010
CLIMATE RECORD PERIOD 1949 TO 2020


WEATHER ITEM   OBSERVED TIME   RECORD YEAR NORMAL DEPARTURE LAST
                VALUE   (LST)  VALUE       VALUE  FROM      YEAR
                                                  NORMAL
..................................................................
TEMPERATURE (F)
 YESTERDAY
  MAXIMUM         49    411 PM  75    1995  57     -8       62
  MINIMUM         43    942 AM  12    1972  37      6       33
  AVERAGE         46                        47     -1       48

PRECIPITATION (IN)
  YESTERDAY        0.59          1.33 2016   0.11   0.48     0.00
  MONTH TO DATE    3.78                      2.42   1.36     3.73
  SINCE SEP 1      5.40                      6.14  -0.74     7.08
  SINCE JAN 1     24.51                     27.94  -3.43    35.17

DEGREE DAYS
 HEATING
  YESTERDAY       19                        18      1       17
  MONTH TO DATE  295                       303     -8      306
  SINCE SEP 1    482                       505    -23      479
  SINCE JUL 1    514                       577    -63      508

 COOLING
  YESTERDAY        0                         0      0        0
  MONTH TO DATE    0                         0      0        7
  SINCE SEP 1     44                        35      9       27
  SINCE JAN 1    645                       359    286      348
..................................................................


WIND (MPH)
  HIGHEST WIND SPEED    12   HIGHEST WIND DIRECTION    NE (40)
  HIGHEST GUST SPEED    16   HIGHEST GUST DIRECTION     N (20)
  AVERAGE WIND SPEED     7.2


SKY COVER
  AVERAGE SKY COVER 1.0


WEATHER CONDITIONS
 THE FOLLOWING WEATHER WAS RECORDED YESTERDAY.
  HEAVY RAIN
  RAIN
  LIGHT RAIN
  FOG


RELATIVE HUMIDITY (PERCENT)
 HIGHEST   100           200 AM
 LOWEST     80           100 PM
 AVERAGE    90

..........................................................


THE WATERTOWN NY CLIMATE NORMALS FOR TODAY
                         NORMAL    RECORD    YEAR
 MAXIMUM TEMPERATURE (F)   56        78      1979
 MINIMUM TEMPERATURE (F)   37        14      1974


SUNRISE AND SUNSET
OCTOBER 21 2020.......SUNRISE   727 AM EDT   SUNSET   610 PM EDT
OCTOBER 22 2020.......SUNRISE   728 AM EDT   SUNSET   608 PM EDT


-  INDICATES NEGATIVE NUMBERS.
R  INDICATES RECORD WAS SET OR TIED.
MM INDICATES DATA IS MISSING.
T  INDICATES TRACE AMOUNT.




$$
