000
CDUS41 KBUF 132123
CLIART


CLIMATE REPORT
NATIONAL WEATHER SERVICE BUFFALO NY
523 PM EDT SUN OCT 13 2019


...................................

...THE WATERTOWN NY CLIMATE SUMMARY FOR OCTOBER 13 2019...
VALID TODAY AS OF 0500 PM LOCAL TIME.

CLIMATE NORMAL PERIOD 1981 TO 2010
CLIMATE RECORD PERIOD 1949 TO 2019


WEATHER ITEM   OBSERVED TIME   RECORD YEAR NORMAL DEPARTURE LAST
                VALUE   (LST)  VALUE       VALUE  FROM      YEAR
                                                  NORMAL
..................................................................
TEMPERATURE (F)
 TODAY
  MAXIMUM         65    233 PM  84    1983  59      6       51
  MINIMUM         42    318 AM  22    2012  39      3       33
  AVERAGE         54                        49      5       42

PRECIPITATION (IN)
  TODAY            0.00          1.23 2005   0.12  -0.12     0.02
  MONTH TO DATE    2.11                      1.64   0.47     1.57
  SINCE SEP 1      5.46                      5.36   0.10     3.99
  SINCE JAN 1     33.55                     27.16   6.39    24.30

DEGREE DAYS
 HEATING
  TODAY           11                        16     -5       23
  MONTH TO DATE  174                       182     -8      130
  SINCE SEP 1    347                       384    -37      281
  SINCE JUL 1    376                       456    -80      294

 COOLING
  TODAY            0                         0      0        0
  MONTH TO DATE    7                         0      7       19
  SINCE SEP 1     27                        35     -8      114
  SINCE JAN 1    348                       359    -11      631
..................................................................


WIND (MPH)
  HIGHEST WIND SPEED    10   HIGHEST WIND DIRECTION     S (200)
  HIGHEST GUST SPEED    16   HIGHEST GUST DIRECTION     S (200)
  AVERAGE WIND SPEED     5.7


SKY COVER
  AVERAGE SKY COVER 0.2


WEATHER CONDITIONS
 THE FOLLOWING WEATHER WAS RECORDED TODAY.
  NO SIGNIFICANT WEATHER WAS OBSERVED.


RELATIVE HUMIDITY (PERCENT)
 HIGHEST    89           700 AM
 LOWEST     31           300 PM
 AVERAGE    60

..........................................................


THE WATERTOWN NY CLIMATE NORMALS FOR TOMORROW
                         NORMAL    RECORD    YEAR
 MAXIMUM TEMPERATURE (F)   59        83      2014
 MINIMUM TEMPERATURE (F)   39        22      1991


SUNRISE AND SUNSET
OCTOBER 13 2019.......SUNRISE   716 AM EDT   SUNSET   624 PM EDT
OCTOBER 14 2019.......SUNRISE   717 AM EDT   SUNSET   622 PM EDT


-  INDICATES NEGATIVE NUMBERS.
R  INDICATES RECORD WAS SET OR TIED.
MM INDICATES DATA IS MISSING.
T  INDICATES TRACE AMOUNT.




$$
