000
CDUS41 KBUF 141014
CLIART


CLIMATE REPORT
NATIONAL WEATHER SERVICE BUFFALO NY
613 AM EDT TUE AUG 14 2018


...................................

...THE WATERTOWN NY CLIMATE SUMMARY FOR AUGUST 13 2018...

CLIMATE NORMAL PERIOD 1981 TO 2010
CLIMATE RECORD PERIOD 1949 TO 2018


WEATHER ITEM   OBSERVED TIME   RECORD YEAR NORMAL DEPARTURE LAST
                VALUE   (LST)  VALUE       VALUE  FROM      YEAR
                                                  NORMAL
..................................................................
TEMPERATURE (F)
 YESTERDAY
  MAXIMUM         83    257 PM  88    2016  79      4       76
                                      1988
  MINIMUM         61    241 AM  39    1979  57      4       56
  AVERAGE         72                        68      4       66

PRECIPITATION (IN)
  YESTERDAY        0.06          1.60 1976   0.10  -0.04     0.00
  MONTH TO DATE    0.51                      1.32  -0.81     1.23
  SINCE JUN 1      7.55                      6.82   0.73    12.19
  SINCE JAN 1     18.05                     19.97  -1.92    27.86

DEGREE DAYS
 HEATING
  YESTERDAY        0                         1     -1        0
  MONTH TO DATE    0                        13    -13        4
  SINCE JUN 1    112                       146    -34      117
  SINCE JUL 1      6                        39    -33       15

 COOLING
  YESTERDAY        7                         4      3        1
  MONTH TO DATE  100                        55     45       57
  SINCE JUN 1    367                       256    111      261
  SINCE JAN 1    406                       267    139      280
..................................................................


WIND (MPH)
  HIGHEST WIND SPEED    12   HIGHEST WIND DIRECTION     N (10)
  HIGHEST GUST SPEED    13   HIGHEST GUST DIRECTION    NE (30)
  AVERAGE WIND SPEED     3.5


SKY COVER
  AVERAGE SKY COVER 0.4


WEATHER CONDITIONS
 THE FOLLOWING WEATHER WAS RECORDED YESTERDAY.
  LIGHT RAIN
  FOG


RELATIVE HUMIDITY (PERCENT)
 HIGHEST   100           100 AM
 LOWEST     58           100 PM
 AVERAGE    79

..........................................................


THE WATERTOWN NY CLIMATE NORMALS FOR TODAY
                         NORMAL    RECORD    YEAR
 MAXIMUM TEMPERATURE (F)   79        94      2002
 MINIMUM TEMPERATURE (F)   57        39      1961


SUNRISE AND SUNSET
AUGUST 14 2018........SUNRISE   607 AM EDT   SUNSET   810 PM EDT
AUGUST 15 2018........SUNRISE   608 AM EDT   SUNSET   808 PM EDT


-  INDICATES NEGATIVE NUMBERS.
R  INDICATES RECORD WAS SET OR TIED.
MM INDICATES DATA IS MISSING.
T  INDICATES TRACE AMOUNT.

$$
