495
CDUS41 KBUF 180800
CLIART


CLIMATE REPORT
NATIONAL WEATHER SERVICE BUFFALO NY
259 AM EST MON FEB 18 2019


...................................

...THE WATERTOWN NY CLIMATE SUMMARY FOR FEBRUARY 17 2019...

CLIMATE NORMAL PERIOD 1981 TO 2010
CLIMATE RECORD PERIOD 1949 TO 2019


WEATHER ITEM   OBSERVED TIME   RECORD YEAR NORMAL DEPARTURE LAST
                VALUE   (LST)  VALUE       VALUE  FROM      YEAR
                                                  NORMAL
..................................................................
TEMPERATURE (F)
 YESTERDAY
  MAXIMUM         21    417 PM  54    2006  32    -11       33
  MINIMUM          1    702 AM -34    1973  11    -10       10
  AVERAGE         11                        21    -10       22

PRECIPITATION (IN)
  YESTERDAY        0.00          0.71 1954   0.08  -0.08     0.01
  MONTH TO DATE    0.88                      1.33  -0.45     1.04
  SINCE DEC 1      8.83                      7.14   1.69     5.09
  SINCE JAN 1      5.50                      3.99   1.51     3.30

DEGREE DAYS
 HEATING
  YESTERDAY       54                        44     10       43
  MONTH TO DATE  676                       768    -92      717
  SINCE DEC 1   3322                      3380    -58     3574
  SINCE JUL 1   4997                      4979     18     4933

 COOLING
  YESTERDAY        0                         0      0        0
  MONTH TO DATE    0                         0      0        0
  SINCE DEC 1      0                         0      0        0
  SINCE JAN 1      0                         0      0        0
..................................................................


WIND (MPH)
  HIGHEST WIND SPEED    17   HIGHEST WIND DIRECTION    NE (50)
  HIGHEST GUST SPEED    21   HIGHEST GUST DIRECTION    NE (40)
  AVERAGE WIND SPEED     9.0


SKY COVER
  AVERAGE SKY COVER 0.2


WEATHER CONDITIONS
 THE FOLLOWING WEATHER WAS RECORDED YESTERDAY.
  NO SIGNIFICANT WEATHER WAS OBSERVED.


RELATIVE HUMIDITY (PERCENT)
 HIGHEST    96           100 AM
 LOWEST     51           100 PM
 AVERAGE    74

..........................................................


THE WATERTOWN NY CLIMATE NORMALS FOR TODAY
                         NORMAL    RECORD    YEAR
 MAXIMUM TEMPERATURE (F)   32        57      1981
 MINIMUM TEMPERATURE (F)   11       -30      1979


SUNRISE AND SUNSET
FEBRUARY 18 2019......SUNRISE   659 AM EST   SUNSET   538 PM EST
FEBRUARY 19 2019......SUNRISE   658 AM EST   SUNSET   539 PM EST


-  INDICATES NEGATIVE NUMBERS.
R  INDICATES RECORD WAS SET OR TIED.
MM INDICATES DATA IS MISSING.
T  INDICATES TRACE AMOUNT.




$$
