000
CDUS41 KBUF 232039
CLIART


CLIMATE REPORT
NATIONAL WEATHER SERVICE BUFFALO NY
435 PM EDT TUE OCT 23 2018


...................................

...THE WATERTOWN NY CLIMATE SUMMARY FOR OCTOBER 23 2018...
VALID TODAY AS OF 0400 PM LOCAL TIME.

CLIMATE NORMAL PERIOD 1981 TO 2010
CLIMATE RECORD PERIOD 1949 TO 2018


WEATHER ITEM   OBSERVED TIME   RECORD YEAR NORMAL DEPARTURE LAST
                VALUE   (LST)  VALUE       VALUE  FROM      YEAR
                                                  NORMAL
..................................................................
TEMPERATURE (F)
 TODAY
  MAXIMUM         53    137 PM  80    1979  56     -3       71
  MINIMUM         31    220 AM  20    1997  36     -5       61
  AVERAGE         42                        46     -4       66

PRECIPITATION (IN)
  TODAY            0.00          1.11 2007   0.11  -0.11     0.00
  MONTH TO DATE    1.91                      2.75  -0.84     5.56
  SINCE SEP 1      4.33                      6.47  -2.14     6.85
  SINCE JAN 1     24.64                     28.27  -3.63    37.58

DEGREE DAYS
 HEATING
  TODAY           23                        19      4        0
  MONTH TO DATE  347                       360    -13      190
  SINCE SEP 1    498                       562    -64      337
  SINCE JUL 1    511                       634   -123      407

 COOLING
  TODAY            0                         0      0        1
  MONTH TO DATE   19                         0     19        6
  SINCE SEP 1    114                        35     79       59
  SINCE JAN 1    631                       359    272      389
..................................................................


WIND (MPH)
  HIGHEST WIND SPEED     8   HIGHEST WIND DIRECTION     W (290)
  HIGHEST GUST SPEED    13   HIGHEST GUST DIRECTION     W (290)
  AVERAGE WIND SPEED     4.0


SKY COVER
  AVERAGE SKY COVER 0.9


WEATHER CONDITIONS
 THE FOLLOWING WEATHER WAS RECORDED TODAY.
  FOG


RELATIVE HUMIDITY (PERCENT)
 HIGHEST   100          1200 AM
 LOWEST     59          1100 AM
 AVERAGE    80

..........................................................


THE WATERTOWN NY CLIMATE NORMALS FOR TOMORROW
                         NORMAL    RECORD    YEAR
 MAXIMUM TEMPERATURE (F)   55        74      1991
 MINIMUM TEMPERATURE (F)   36        18      1974


SUNRISE AND SUNSET
OCTOBER 23 2018.......SUNRISE   729 AM EDT   SUNSET   607 PM EDT
OCTOBER 24 2018.......SUNRISE   730 AM EDT   SUNSET   606 PM EDT


-  INDICATES NEGATIVE NUMBERS.
R  INDICATES RECORD WAS SET OR TIED.
MM INDICATES DATA IS MISSING.
T  INDICATES TRACE AMOUNT.




$$
