000
CDUS45 KGJT 290748
CLIASE

CLIMATE REPORT
NATIONAL WEATHER SERVICE GRAND JUNCTION CO
148 AM MDT WED JUN 29 2022

...................................

...THE ASPEN CO CLIMATE SUMMARY FOR JUNE 28 2022...

CLIMATE NORMAL PERIOD 1991 TO 2020
CLIMATE RECORD PERIOD 9999 TO 9999


WEATHER ITEM   OBSERVED TIME   RECORD YEAR NORMAL DEPARTURE LAST
                VALUE   (LST)  VALUE       VALUE  FROM      YEAR
                                                  NORMAL
...................................................................
TEMPERATURE (F)
 YESTERDAY
  MAXIMUM         80   1157 AM  MM      MM  81     -1       72
  MINIMUM         49    533 AM  MM      MM  45      4       39
  AVERAGE         65                        63      2       56

PRECIPITATION (IN)
  YESTERDAY        T            MM      MM   0.03  -0.03     0.00
  MONTH TO DATE    0.40                      0.81  -0.41     0.51
  SINCE JUN 1      0.40                      0.81  -0.41     0.51
  SINCE JAN 1      5.13                      7.11  -1.98     5.55

SNOWFALL (IN)
  YESTERDAY       MM            MM      MM  MM     MM       MM
  MONTH TO DATE   MM                        MM     MM       MM
  SINCE JUN 1     MM                        MM     MM       MM
  SINCE JUL 1     MM                        MM     MM       MM
  SNOW DEPTH      MM

DEGREE DAYS
 HEATING
  YESTERDAY        0                         3     -3        9
  MONTH TO DATE  149                       171    -22       85
  SINCE JUN 1    149                       171    -22       85
  SINCE JUL 1   7945                      8139   -194     7911

 COOLING
  YESTERDAY        0                         1     -1        0
  MONTH TO DATE   11                         8      3       32
  SINCE JUN 1     11                         8      3       32
  SINCE JAN 1     11                         8      3       32
...................................................................


WIND (MPH)
  HIGHEST WIND SPEED    18   HIGHEST WIND DIRECTION     S (190)
  HIGHEST GUST SPEED    26   HIGHEST GUST DIRECTION     S (170)
  AVERAGE WIND SPEED     7.0


SKY COVER
  POSSIBLE SUNSHINE  MM
  AVERAGE SKY COVER 0.1


WEATHER CONDITIONS
THE FOLLOWING WEATHER WAS RECORDED YESTERDAY.
  THUNDERSTORM
  LIGHT RAIN


RELATIVE HUMIDITY (PERCENT)
 HIGHEST    56           500 AM
 LOWEST     20          1200 PM
 AVERAGE    38

..........................................................


THE ASPEN CO CLIMATE NORMALS FOR TODAY
                         NORMAL    RECORD    YEAR
 MAXIMUM TEMPERATURE (F)   81        MM        MM
 MINIMUM TEMPERATURE (F)   46        MM        MM


SUNRISE AND SUNSET
JUNE 29 2022..........SUNRISE   544 AM MDT   SUNSET   838 PM MDT
JUNE 30 2022..........SUNRISE   544 AM MDT   SUNSET   838 PM MDT


-  INDICATES NEGATIVE NUMBERS.
R  INDICATES RECORD WAS SET OR TIED.
MM INDICATES DATA IS MISSING.
T  INDICATES TRACE AMOUNT.




$$
