000
CDUS45 KGJT 082323
CLIASE

CLIMATE REPORT
NATIONAL WEATHER SERVICE GRAND JUNCTION CO
520 PM MDT SAT MAY 08 2021

...................................

...THE ASPEN CO CLIMATE SUMMARY FOR MAY 8 2021...
VALID TODAY AS OF 0500 PM LOCAL TIME.

CLIMATE NORMAL PERIOD 1991 TO 2020
CLIMATE RECORD PERIOD 9999 TO 9999


WEATHER ITEM   OBSERVED TIME   RECORD YEAR NORMAL DEPARTURE LAST
                VALUE   (LST)  VALUE       VALUE  FROM      YEAR
                                                  NORMAL
...................................................................
TEMPERATURE (F)
 TODAY
  MAXIMUM         62    359 PM  MM      MM  62      0       66
  MINIMUM         38    505 AM  MM      MM  33      5       24
  AVERAGE         50                        48      2       45

PRECIPITATION (IN)
  TODAY            0.02         MM      MM   0.06  -0.04     0.00
  MONTH TO DATE    0.57                      0.51   0.06      T
  SINCE MAR 1      2.59                      3.34  -0.75     2.07
  SINCE JAN 1      4.07                      5.29  -1.22     3.64

SNOWFALL (IN)
  TODAY           MM            MM      MM  MM     MM       MM
  MONTH TO DATE   MM                        MM     MM       MM
  SINCE MAR 1     MM                        MM     MM       MM
  SINCE JUL 1     MM                        MM     MM       MM
  SNOW DEPTH      MM

DEGREE DAYS
 HEATING
  TODAY           15                        18     -3       20
  MONTH TO DATE  124                       149    -25      119
  SINCE MAR 1   1812                      1836    -24     1733
  SINCE JUL 1   7495                      7653   -158     7734

 COOLING
  TODAY            0                         0      0        0
  MONTH TO DATE    0                         0      0        0
  SINCE MAR 1      0                         0      0        0
  SINCE JAN 1      0                         0      0        0
...................................................................


WIND (MPH)
  HIGHEST WIND SPEED    22   HIGHEST WIND DIRECTION    SE (130)
  HIGHEST GUST SPEED    31   HIGHEST GUST DIRECTION     N (10)
  AVERAGE WIND SPEED     8.5


SKY COVER
  POSSIBLE SUNSHINE  MM
  AVERAGE SKY COVER 0.5


WEATHER CONDITIONS
THE FOLLOWING WEATHER WAS RECORDED TODAY.
  THUNDERSTORM
  LIGHT RAIN


RELATIVE HUMIDITY (PERCENT)
 HIGHEST    65          1200 PM
 LOWEST     14           400 PM
 AVERAGE    40

..........................................................


THE ASPEN CO CLIMATE NORMALS FOR TOMORROW
                         NORMAL    RECORD    YEAR
 MAXIMUM TEMPERATURE (F)   62        MM        MM
 MINIMUM TEMPERATURE (F)   34        MM        MM


SUNRISE AND SUNSET
MAY  8 2021...........SUNRISE   601 AM MDT   SUNSET   808 PM MDT
MAY  9 2021...........SUNRISE   600 AM MDT   SUNSET   809 PM MDT


-  INDICATES NEGATIVE NUMBERS.
R  INDICATES RECORD WAS SET OR TIED.
MM INDICATES DATA IS MISSING.
T  INDICATES TRACE AMOUNT.




$$
