000
CDUS45 KGJT 092335
CLIASE


CLIMATE REPORT
NATIONAL WEATHER SERVICE GRAND JUNCTION CO
531 PM MDT SUN AUG 9 2020


...................................

...THE ASPEN CO CLIMATE SUMMARY FOR AUGUST 9 2020...
VALID TODAY AS OF 0500 PM LOCAL TIME.

CLIMATE NORMAL PERIOD 1981 TO 2010
CLIMATE RECORD PERIOD 9999 TO 9999


WEATHER ITEM   OBSERVED TIME   RECORD YEAR NORMAL DEPARTURE LAST
                VALUE   (LST)  VALUE       VALUE  FROM      YEAR
                                                  NORMAL
..................................................................
TEMPERATURE (F)
 TODAY
  MAXIMUM         85    305 PM  MM      MM  78      7       82
  MINIMUM         47    548 AM  MM      MM  47      0       51
  AVERAGE         66                        63      3       67

PRECIPITATION (IN)
  TODAY            0.00         MM      MM   0.07  -0.07     0.02
  MONTH TO DATE    T                         0.61  -0.61     0.53
  SINCE JUN 1      1.66                      3.45  -1.79     2.37
  SINCE JAN 1      6.13                     10.39  -4.26    11.73

SNOWFALL (IN)
  TODAY           MM            MM      MM  MM     MM       MM
  MONTH TO DATE   MM                        MM     MM       MM
  SINCE JUN 1     MM                        MM     MM       MM
  SINCE JUL 1     MM                        MM     MM       MM
  SNOW DEPTH      MM

DEGREE DAYS
 HEATING
  TODAY            0                         3     -3        0
  MONTH TO DATE    0                        23    -23        1
  SINCE JUN 1    167                       323   -156      263
  SINCE JUL 1     17                        94    -77       22

 COOLING
  TODAY            1                         1      0        2
  MONTH TO DATE   24                         9     15       22
  SINCE JUN 1     67                        38     29       75
  SINCE JAN 1     67                        38     29       75
..................................................................


WIND (MPH)
  HIGHEST WIND SPEED    17   HIGHEST WIND DIRECTION     N (340)
  HIGHEST GUST SPEED    27   HIGHEST GUST DIRECTION     N (10)
  AVERAGE WIND SPEED     6.9


SKY COVER
  POSSIBLE SUNSHINE  MM
  AVERAGE SKY COVER 0.0


WEATHER CONDITIONS
 THE FOLLOWING WEATHER WAS RECORDED TODAY.
  NO SIGNIFICANT WEATHER WAS OBSERVED.


RELATIVE HUMIDITY (PERCENT)
 HIGHEST    38          1200 AM
 LOWEST      7          1100 AM
 AVERAGE    23

..........................................................


THE ASPEN CO CLIMATE NORMALS FOR TOMORROW
                         NORMAL    RECORD    YEAR
 MAXIMUM TEMPERATURE (F)   78        MM        MM
 MINIMUM TEMPERATURE (F)   47        MM        MM


SUNRISE AND SUNSET
AUGUST  9 2020........SUNRISE   616 AM MDT   SUNSET   810 PM MDT
AUGUST 10 2020........SUNRISE   616 AM MDT   SUNSET   808 PM MDT


-  INDICATES NEGATIVE NUMBERS.
R  INDICATES RECORD WAS SET OR TIED.
MM INDICATES DATA IS MISSING.
T  INDICATES TRACE AMOUNT.




$$
