000
CDAK47 PAJK 261250
CLIASI
NATIONAL WEATHER SERVICE JUNEAU AK
408 AM AKDT MON OCT 26 2020

...................................

...THE SITKA CLIMATE SUMMARY FOR OCTOBER 25 2020...

CLIMATE NORMAL PERIOD: 1981 TO 2010
CLIMATE RECORD PERIOD: 1944 TO 2020


WEATHER ITEM   OBSERVED RECORD YEAR NORMAL DEPARTURE LAST
                VALUE   VALUE       VALUE  FROM      YEAR
                                           NORMAL
............................................................
TEMPERATURE (F)
 YESTERDAY
  MAXIMUM         51     59    1962  48      3       48
  MINIMUM         38     28    1991  39     -1       38
  AVERAGE         45                 44      1       43

PRECIPITATION (IN)
  YESTERDAY        0.92   2.15 1974   0.38   0.54     0.15
  MONTH TO DATE    6.86              10.70  -3.84     6.82
  SINCE JAN 1     66.57              65.93   0.64    50.65

DEGREE DAYS
 HEATING
  YESTERDAY       20                 21     -1       22
  MONTH TO DATE  479                453     26      455
  SINCE SEP 1    797                813    -16      742
............................................................


WIND (MPH)
  HIGHEST WIND SPEED    25   HIGHEST WIND DIRECTION     E (110)
  HIGHEST GUST SPEED    32   HIGHEST GUST DIRECTION     E (100)
  AVERAGE WIND SPEED    10.9


SKY COVER
  AVERAGE SKY COVER 1.0


WEATHER CONDITIONS
THE FOLLOWING WEATHER WAS RECORDED YESTERDAY.
  RAIN
  LIGHT RAIN
  FOG
  HAZE

..........................................................


THE SITKA CLIMATE NORMALS FOR TODAY
                         NORMAL    RECORD    YEAR
 MAXIMUM TEMPERATURE (F)   48        58      1952
 MINIMUM TEMPERATURE (F)   39        25      1971


SUNRISE AND SUNSET
OCTOBER 26 2020.......SUNRISE   8:00 AM AKDT  SUNSET   5:29 PM AKDT
OCTOBER 27 2020.......SUNRISE   8:03 AM AKDT  SUNSET   5:27 PM AKDT


-  INDICATES NEGATIVE NUMBERS.
R  INDICATES RECORD WAS SET OR TIED.
MM INDICATES DATA IS MISSING.
T  INDICATES TRACE AMOUNT.




$$

--------------------------------------------------------------

AMOUNT OF DAYLIGHT TODAY (HOUR:MIN)......... 9 HOURS 29 MINUTES
GAIN/LOSS SINCE YESTERDAY (HOUR:MIN:SEC).... -0:04:37

$$
