000
CDAK47 PAJK 171130
CLIASI
CLIMATE REPORT
NATIONAL WEATHER SERVICE JUNEAU, AK
326 AM AKDT SUN JUN 17 2018


...................................

...THE SITKA CLIMATE SUMMARY FOR JUNE 16 2018...

CLIMATE NORMAL PERIOD 1981 TO 2010
CLIMATE RECORD PERIOD 1944 TO 2018


WEATHER ITEM   OBSERVED RECORD YEAR NORMAL DEPARTURE LAST
                VALUE   VALUE       VALUE  FROM      YEAR
                                           NORMAL
...........................................................
TEMPERATURE (F)
 YESTERDAY
  MAXIMUM         57     78    1950  58     -1       51
  MINIMUM         48     40    2017  48      0       40
                               1974
  AVERAGE         53                 53      0       46

PRECIPITATION (IN)
  YESTERDAY        0.36   1.24 2017   0.08   0.28     1.24
  MONTH TO DATE    2.25               1.57   0.68     2.29
  SINCE JAN 1     24.96              31.17  -6.21    30.40

DEGREE DAYS
 HEATING
  YESTERDAY       12                 12      0       19
  MONTH TO DATE  209                210     -1      202
...........................................................


WIND (MPH)
  HIGHEST WIND SPEED    17   HIGHEST WIND DIRECTION     S (190)
  HIGHEST GUST SPEED    22   HIGHEST GUST DIRECTION     S (190)
  AVERAGE WIND SPEED     4.5


SKY COVER
  AVERAGE SKY COVER 0.9


WEATHER CONDITIONS
 THE FOLLOWING WEATHER WAS RECORDED YESTERDAY.
  LIGHT RAIN
  FOG


..........................................................


THE SITKA CLIMATE NORMALS FOR TODAY
                         NORMAL    RECORD    YEAR
 MAXIMUM TEMPERATURE (F)   58        80      1950
 MINIMUM TEMPERATURE (F)   48        43      1978


SUNRISE AND SUNSET
JUNE 17 2018..........SUNRISE   406 AM AKDT  SUNSET   959 PM AKDT
JUNE 18 2018..........SUNRISE   406 AM AKDT  SUNSET  1000 PM AKDT


-  INDICATES NEGATIVE NUMBERS.
R  INDICATES RECORD WAS SET OR TIED.
MM INDICATES DATA IS MISSING.
T  INDICATES TRACE AMOUNT.




$$
--------------------------------------------------------------

AMOUNT OF DAYLIGHT TODAY (HOUR:MIN)......... 17 HOURS 53 MINUTES
GAIN/LOSS SINCE YESTERDAY (HOUR:MIN:SEC).... +0:00:34

$$
