000
CDAK47 PAJK 121232
CLIASI
CLIMATE REPORT
NATIONAL WEATHER SERVICE JUNEAU, AK
328 AM AKST WED DEC 12 2018


...................................

...THE SITKA CLIMATE SUMMARY FOR DECEMBER 11 2018...

CLIMATE NORMAL PERIOD 1981 TO 2010
CLIMATE RECORD PERIOD 1944 TO 2018


WEATHER ITEM   OBSERVED RECORD YEAR NORMAL DEPARTURE LAST
                VALUE   VALUE       VALUE  FROM      YEAR
                                           NORMAL
...........................................................
TEMPERATURE (F)
 YESTERDAY
  MAXIMUM         46     55    1962  41      5       51
  MINIMUM         38     13    1971  33      5       41
  AVERAGE         42                 37      5       46

PRECIPITATION (IN)
  YESTERDAY        0.62   2.60 2013   0.31   0.31     1.26
  MONTH TO DATE    2.08               3.34  -1.26     3.19
  SINCE JAN 1     61.54              81.30 -19.76    78.45

DEGREE DAYS
 HEATING
  YESTERDAY       23                 28     -5       19
  MONTH TO DATE  268                306    -38      217
...........................................................


WIND (MPH)
  HIGHEST WIND SPEED    20   HIGHEST WIND DIRECTION    SW (240)
  HIGHEST GUST SPEED    36   HIGHEST GUST DIRECTION    SW (240)
  AVERAGE WIND SPEED    11.1


SKY COVER
  AVERAGE SKY COVER 0.0


WEATHER CONDITIONS
 THE FOLLOWING WEATHER WAS RECORDED YESTERDAY.
  NO SIGNIFICANT WEATHER WAS OBSERVED.


..........................................................


THE SITKA CLIMATE NORMALS FOR TODAY
                         NORMAL    RECORD    YEAR
 MAXIMUM TEMPERATURE (F)   41        65      1944
 MINIMUM TEMPERATURE (F)   33         7      1971


SUNRISE AND SUNSET
DECEMBER 12 2018......SUNRISE   831 AM AKST  SUNSET   319 PM AKST
DECEMBER 13 2018......SUNRISE   832 AM AKST  SUNSET   319 PM AKST


-  INDICATES NEGATIVE NUMBERS.
R  INDICATES RECORD WAS SET OR TIED.
MM INDICATES DATA IS MISSING.
T  INDICATES TRACE AMOUNT.




$$
--------------------------------------------------------------

AMOUNT OF DAYLIGHT TODAY (HOUR:MIN)......... 6 HOURS 48 MINUTES
GAIN/LOSS SINCE YESTERDAY (HOUR:MIN:SEC).... -0:01:22

$$
