000
CDAK47 PAJK 141239
CLIASI
CLIMATE REPORT
NATIONAL WEATHER SERVICE JUNEAU, AK
433 AM AKDT MON OCT 14 2019


...................................

...THE SITKA CLIMATE SUMMARY FOR OCTOBER 13 2019...

CLIMATE NORMAL PERIOD 1981 TO 2010
CLIMATE RECORD PERIOD 1944 TO 2019


WEATHER ITEM   OBSERVED RECORD YEAR NORMAL DEPARTURE LAST
                VALUE   VALUE       VALUE  FROM      YEAR
                                           NORMAL
...........................................................
TEMPERATURE (F)
 YESTERDAY
  MAXIMUM         48     63    1969  51     -3       56
  MINIMUM         34     32    1992  42     -8       47
  AVERAGE         41                 47     -6       52

PRECIPITATION (IN)
  YESTERDAY        0.00   1.44 2013   0.44  -0.44     0.40
  MONTH TO DATE    4.02               5.74  -1.72     3.65
  SINCE JAN 1     47.85              60.97 -13.12    45.04

DEGREE DAYS
 HEATING
  YESTERDAY       24                 18      6       13
  MONTH TO DATE  236                216     20      202
  SINCE SEP 1    523                576    -53      490
...........................................................


WIND (MPH)
  HIGHEST WIND SPEED    18   HIGHEST WIND DIRECTION    SE (120)
  HIGHEST GUST SPEED    23   HIGHEST GUST DIRECTION     E (110)
  AVERAGE WIND SPEED     3.8


SKY COVER
  AVERAGE SKY COVER 0.2


WEATHER CONDITIONS
 THE FOLLOWING WEATHER WAS RECORDED YESTERDAY.
  NO SIGNIFICANT WEATHER WAS OBSERVED.


..........................................................


THE SITKA CLIMATE NORMALS FOR TODAY
                         NORMAL    RECORD    YEAR
 MAXIMUM TEMPERATURE (F)   51        63      1944
 MINIMUM TEMPERATURE (F)   42        28      1992


SUNRISE AND SUNSET
OCTOBER 14 2019.......SUNRISE   732 AM AKDT  SUNSET   601 PM AKDT
OCTOBER 15 2019.......SUNRISE   735 AM AKDT  SUNSET   559 PM AKDT


-  INDICATES NEGATIVE NUMBERS.
R  INDICATES RECORD WAS SET OR TIED.
MM INDICATES DATA IS MISSING.
T  INDICATES TRACE AMOUNT.




$$
--------------------------------------------------------------

AMOUNT OF DAYLIGHT TODAY (HOUR:MIN)......... 10 HOURS 29 MINUTES
GAIN/LOSS SINCE YESTERDAY (HOUR:MIN:SEC).... -0:04:45

$$
