000
CDUS46 KPQR 232320
CLIAST


CLIMATE REPORT
NATIONAL WEATHER SERVICE PORTLAND OREGON
420 PM PDT MON APR 23 2018


...................................

...THE ASTORIA OR CLIMATE SUMMARY FOR APRIL 23 2018...
VALID TODAY AS OF 0400 PM LOCAL TIME.

CLIMATE NORMAL PERIOD 1981 TO 2010
CLIMATE RECORD PERIOD 1892 TO 2018


WEATHER ITEM   OBSERVED TIME   RECORD YEAR NORMAL DEPARTURE LAST
                VALUE   (LST)  VALUE       VALUE  FROM      YEAR
                                                  NORMAL
..................................................................
TEMPERATURE (F)
 TODAY
  MAXIMUM         73R   259 PM  73    2006  57     16       51
  MINIMUM         38    318 AM  34    2013  42     -4       45
                                      1992
  AVERAGE         56                        49      7       48

PRECIPITATION (IN)
  TODAY            0.00          2.22 2014   0.16  -0.16     0.82
  MONTH TO DATE    8.91                      4.20   4.71     6.87
  SINCE OCT 1     62.95                     56.06   6.89    83.07
  SINCE JAN 1     32.16                     29.04   3.12    39.20

DEGREE DAYS
 HEATING
  TODAY            9                        16     -7       17
  MONTH TO DATE  372                       384    -12      358
  SINCE MAR 1    992                       962     30      922
  SINCE JUL 1   4150                      4304   -154     3905

 COOLING
  TODAY            0                         0      0        0
  MONTH TO DATE    0                         0      0        0
  SINCE MAR 1      0                         0      0        0
  SINCE JAN 1      0                         0      0        0
..................................................................


WIND (MPH)
  HIGHEST WIND SPEED    24   HIGHEST WIND DIRECTION    NE (40)
  HIGHEST GUST SPEED    28   HIGHEST GUST DIRECTION    NE (40)
  AVERAGE WIND SPEED     9.3


SKY COVER
  POSSIBLE SUNSHINE  MM
  AVERAGE SKY COVER 0.0


WEATHER CONDITIONS
 THE FOLLOWING WEATHER WAS RECORDED TODAY.
  NO SIGNIFICANT WEATHER WAS OBSERVED.


RELATIVE HUMIDITY (PERCENT)
 HIGHEST    92           200 AM
 LOWEST     28           100 PM
 AVERAGE    60

..........................................................


THE ASTORIA OR CLIMATE NORMALS FOR TOMORROW
                         NORMAL    RECORD    YEAR
 MAXIMUM TEMPERATURE (F)   57        79      1926
 MINIMUM TEMPERATURE (F)   42        31      1986


SUNRISE AND SUNSET
APRIL 23 2018.........SUNRISE   615 AM PDT   SUNSET   814 PM PDT
APRIL 24 2018.........SUNRISE   613 AM PDT   SUNSET   815 PM PDT


-  INDICATES NEGATIVE NUMBERS.
R  INDICATES RECORD WAS SET OR TIED.
MM INDICATES DATA IS MISSING.
T  INDICATES TRACE AMOUNT.




$$
