073
CDUS46 KPQR 191146
CLIAST


CLIMATE REPORT
NATIONAL WEATHER SERVICE PORTLAND OREGON
445 AM PDT FRI OCT 19 2018


...................................

...THE ASTORIA OR CLIMATE SUMMARY FOR OCTOBER 18 2018...

CLIMATE NORMAL PERIOD 1981 TO 2010
CLIMATE RECORD PERIOD 1892 TO 2018


WEATHER ITEM   OBSERVED TIME   RECORD YEAR NORMAL DEPARTURE LAST
                VALUE   (LST)  VALUE       VALUE  FROM      YEAR
                                                  NORMAL
..................................................................
TEMPERATURE (F)
 YESTERDAY
  MAXIMUM         59    323 PM  79    1978  60     -1       60
  MINIMUM         41   1134 PM  31    1949  44     -3       45
  AVERAGE         50                        52     -2       53

PRECIPITATION (IN)
  YESTERDAY        0.00          2.94 1958   0.21  -0.21     1.25
  MONTH TO DATE    2.93                      2.80   0.13     2.70
  SINCE OCT 1      2.93                      2.80   0.13     2.70
  SINCE JAN 1     41.61                     43.04  -1.43    55.91

DEGREE DAYS
 HEATING
  YESTERDAY       15                        13      2       12
  MONTH TO DATE  183                       202    -19      239
  SINCE SEP 1    386                       402    -16      383
  SINCE JUL 1    593                       683    -90      623

 COOLING
  YESTERDAY        0                         0      0        0
  MONTH TO DATE    0                         0      0        0
  SINCE SEP 1      0                         5     -5       22
  SINCE JAN 1     14                        12      2       55
..................................................................


WIND (MPH)
  HIGHEST WIND SPEED     9   HIGHEST WIND DIRECTION    NW (310)
  HIGHEST GUST SPEED    11   HIGHEST GUST DIRECTION     W (290)
  AVERAGE WIND SPEED     3.3


SKY COVER
  POSSIBLE SUNSHINE  MM
  AVERAGE SKY COVER 0.6


WEATHER CONDITIONS
 THE FOLLOWING WEATHER WAS RECORDED YESTERDAY.
  FOG
  FOG W/VISIBILITY <= 1/4 MILE


RELATIVE HUMIDITY (PERCENT)
 HIGHEST   100           100 AM
 LOWEST     72           400 PM
 AVERAGE    86

..........................................................


THE ASTORIA OR CLIMATE NORMALS FOR TODAY
                         NORMAL    RECORD    YEAR
 MAXIMUM TEMPERATURE (F)   60        77      1938
 MINIMUM TEMPERATURE (F)   44        31      1949


SUNRISE AND SUNSET
OCTOBER 19 2018.......SUNRISE   738 AM PDT   SUNSET   622 PM PDT
OCTOBER 20 2018.......SUNRISE   740 AM PDT   SUNSET   620 PM PDT


-  INDICATES NEGATIVE NUMBERS.
R  INDICATES RECORD WAS SET OR TIED.
MM INDICATES DATA IS MISSING.
T  INDICATES TRACE AMOUNT.




$$
