000
CDUS46 KPQR 201143
CLIAST


CLIMATE REPORT
NATIONAL WEATHER SERVICE PORTLAND OREGON
342 AM PST SUN JAN 20 2019


...................................

...THE ASTORIA OR CLIMATE SUMMARY FOR JANUARY 19 2019...

CLIMATE NORMAL PERIOD 1981 TO 2010
CLIMATE RECORD PERIOD 1892 TO 2019


WEATHER ITEM   OBSERVED TIME   RECORD YEAR NORMAL DEPARTURE LAST
                VALUE   (LST)  VALUE       VALUE  FROM      YEAR
                                                  NORMAL
..................................................................
TEMPERATURE (F)
 YESTERDAY
  MAXIMUM         56   1224 AM  66    2005  50      6       49
  MINIMUM         42   1148 PM  16    1935  38      4       40
  AVERAGE         49                        44      5       45

PRECIPITATION (IN)
  YESTERDAY        0.01          3.25 1950   0.34  -0.33     0.54
  MONTH TO DATE    3.79                      6.56  -2.77     6.01
  SINCE OCT 1     29.44                     33.58  -4.14    36.80
  SINCE JAN 1      3.79                      6.56  -2.77     6.01

DEGREE DAYS
 HEATING
  YESTERDAY       16                        21     -5       20
  MONTH TO DATE  360                       408    -48      320
  SINCE DEC 1    981                      1101   -120     1014
  SINCE JUL 1   2214                      2514   -300     2306

 COOLING
  YESTERDAY        0                         0      0        0
  MONTH TO DATE    0                         0      0        0
  SINCE DEC 1      0                         0      0        0
  SINCE JAN 1      0                         0      0        0
..................................................................


WIND (MPH)
  HIGHEST WIND SPEED    25   HIGHEST WIND DIRECTION    SW (210)
  HIGHEST GUST SPEED    38   HIGHEST GUST DIRECTION     S (200)
  AVERAGE WIND SPEED     7.5


SKY COVER
  POSSIBLE SUNSHINE  MM
  AVERAGE SKY COVER 0.7


WEATHER CONDITIONS
 THE FOLLOWING WEATHER WAS RECORDED YESTERDAY.
  LIGHT RAIN
  FOG
  HAZE


RELATIVE HUMIDITY (PERCENT)
 HIGHEST   100           700 PM
 LOWEST     77           400 AM
 AVERAGE    89

..........................................................


THE ASTORIA OR CLIMATE NORMALS FOR TODAY
                         NORMAL    RECORD    YEAR
 MAXIMUM TEMPERATURE (F)   50        65      1961
 MINIMUM TEMPERATURE (F)   38        15      1930


SUNRISE AND SUNSET
JANUARY 20 2019.......SUNRISE   750 AM PST   SUNSET   503 PM PST
JANUARY 21 2019.......SUNRISE   750 AM PST   SUNSET   504 PM PST


-  INDICATES NEGATIVE NUMBERS.
R  INDICATES RECORD WAS SET OR TIED.
MM INDICATES DATA IS MISSING.
T  INDICATES TRACE AMOUNT.




$$
