000
CDUS46 KPQR 250221
CLIAST


CLIMATE REPORT
NATIONAL WEATHER SERVICE PORTLAND OREGON
621 PM PST FRI JAN 24 2020


...................................

...THE ASTORIA OR CLIMATE SUMMARY FOR JANUARY 24 2020...
VALID TODAY AS OF 0600 PM LOCAL TIME.

CLIMATE NORMAL PERIOD 1981 TO 2010
CLIMATE RECORD PERIOD 1892 TO 2020


WEATHER ITEM   OBSERVED TIME   RECORD YEAR NORMAL DEPARTURE LAST
                VALUE   (LST)  VALUE       VALUE  FROM      YEAR
                                                  NORMAL
..................................................................
TEMPERATURE (F)
 TODAY
  MAXIMUM         52    329 PM  64    2006  50      2       50
  MINIMUM         50    453 PM  17    1949  38     12       43
  AVERAGE         51                        44      7       47

PRECIPITATION (IN)
  TODAY            0.15          2.96 1912   0.29  -0.14     0.00
  MONTH TO DATE   12.87                      8.12   4.75     4.93
  SINCE OCT 1     32.58                     35.14  -2.56    30.66
  SINCE JAN 1     12.87                      8.12   4.75     4.93

DEGREE DAYS
 HEATING
  TODAY           14                        21     -7       18
  MONTH TO DATE  473                       513    -40      456
  SINCE DEC 1   1129                      1206    -77     1077
  SINCE JUL 1   2446                      2619   -173     2310

 COOLING
  TODAY            0                         0      0        0
  MONTH TO DATE    0                         0      0        0
  SINCE DEC 1      0                         0      0        0
  SINCE JAN 1      0                         0      0        0
..................................................................


WIND (MPH)
  HIGHEST WIND SPEED    22   HIGHEST WIND DIRECTION    SW (210)
  HIGHEST GUST SPEED    33   HIGHEST GUST DIRECTION     S (200)
  AVERAGE WIND SPEED    14.3


SKY COVER
  POSSIBLE SUNSHINE  MM
  AVERAGE SKY COVER 0.8


WEATHER CONDITIONS
 THE FOLLOWING WEATHER WAS RECORDED TODAY.
  HEAVY RAIN
  LIGHT RAIN
  FOG


RELATIVE HUMIDITY (PERCENT)
 HIGHEST    93           300 AM
 LOWEST     89          1000 AM
 AVERAGE    91

..........................................................


THE ASTORIA OR CLIMATE NORMALS FOR TOMORROW
                         NORMAL    RECORD    YEAR
 MAXIMUM TEMPERATURE (F)   51        63      2015
 MINIMUM TEMPERATURE (F)   38        17      1950


SUNRISE AND SUNSET
JANUARY 24 2020.......SUNRISE   747 AM PST   SUNSET   508 PM PST
JANUARY 25 2020.......SUNRISE   746 AM PST   SUNSET   510 PM PST


-  INDICATES NEGATIVE NUMBERS.
R  INDICATES RECORD WAS SET OR TIED.
MM INDICATES DATA IS MISSING.
T  INDICATES TRACE AMOUNT.




$$
