731
CDUS46 KPQR 212322
CLIAST


CLIMATE REPORT
NATIONAL WEATHER SERVICE PORTLAND OREGON
421 PM PDT MON OCT 21 2019


...................................

...THE ASTORIA OR CLIMATE SUMMARY FOR OCTOBER 21 2019...
VALID TODAY AS OF 0400 PM LOCAL TIME.

CLIMATE NORMAL PERIOD 1981 TO 2010
CLIMATE RECORD PERIOD 1892 TO 2019


WEATHER ITEM   OBSERVED TIME   RECORD YEAR NORMAL DEPARTURE LAST
                VALUE   (LST)  VALUE       VALUE  FROM      YEAR
                                                  NORMAL
..................................................................
TEMPERATURE (F)
 TODAY
  MAXIMUM         58    947 AM  75    1998  60     -2       63
                                      1937
  MINIMUM         54    309 AM  33    1957  44     10       35
  AVERAGE         56                        52      4       49

PRECIPITATION (IN)
  TODAY            0.07          3.79 2017   0.22  -0.15     0.00
  MONTH TO DATE    5.73                      3.45   2.28     2.93
  SINCE OCT 1      5.73                      3.45   2.28     2.93
  SINCE JAN 1     37.53                     43.69  -6.16    41.61

DEGREE DAYS
 HEATING
  TODAY            9                        13     -4       16
  MONTH TO DATE  282                       241     41      231
  SINCE SEP 1    437                       441     -4      434
  SINCE JUL 1    575                       722   -147      641

 COOLING
  TODAY            0                         0      0        0
  MONTH TO DATE    0                         0      0        0
  SINCE SEP 1      1                         5     -4        0
  SINCE JAN 1     23                        12     11       14
..................................................................


WIND (MPH)
  HIGHEST WIND SPEED    25   HIGHEST WIND DIRECTION    SW (210)
  HIGHEST GUST SPEED    39   HIGHEST GUST DIRECTION     S (200)
  AVERAGE WIND SPEED     7.4


SKY COVER
  POSSIBLE SUNSHINE  MM
  AVERAGE SKY COVER 1.0


WEATHER CONDITIONS
 THE FOLLOWING WEATHER WAS RECORDED TODAY.
  LIGHT RAIN
  FOG


RELATIVE HUMIDITY (PERCENT)
 HIGHEST    93          1200 AM
 LOWEST     86           100 AM
 AVERAGE    90

..........................................................


THE ASTORIA OR CLIMATE NORMALS FOR TOMORROW
                         NORMAL    RECORD    YEAR
 MAXIMUM TEMPERATURE (F)   59        79      1937
 MINIMUM TEMPERATURE (F)   43        34      1961


SUNRISE AND SUNSET
OCTOBER 21 2019.......SUNRISE   741 AM PDT   SUNSET   619 PM PDT
OCTOBER 22 2019.......SUNRISE   742 AM PDT   SUNSET   617 PM PDT


-  INDICATES NEGATIVE NUMBERS.
R  INDICATES RECORD WAS SET OR TIED.
MM INDICATES DATA IS MISSING.
T  INDICATES TRACE AMOUNT.




$$
