000
CDUS46 KPQR 281141
CLIAST


CLIMATE REPORT
NATIONAL WEATHER SERVICE PORTLAND OREGON
441 AM PDT WED OCT 28 2020


...................................

...THE ASTORIA OR CLIMATE SUMMARY FOR OCTOBER 27 2020...

CLIMATE NORMAL PERIOD 1981 TO 2010
CLIMATE RECORD PERIOD 1892 TO 2020


WEATHER ITEM   OBSERVED TIME   RECORD YEAR NORMAL DEPARTURE LAST
                VALUE   (LST)  VALUE       VALUE  FROM      YEAR
                                                  NORMAL
..................................................................
TEMPERATURE (F)
 YESTERDAY
  MAXIMUM         58   1153 AM  71    2017  58      0       57
  MINIMUM         41   1255 AM  29    1971  43     -2       34
  AVERAGE         50                        50      0       46

PRECIPITATION (IN)
  YESTERDAY        0.00          1.85 1960   0.25  -0.25     0.00
  MONTH TO DATE    4.28                      4.89  -0.61     6.96
  SINCE OCT 1      4.28                      4.89  -0.61     6.96
  SINCE JAN 1     46.15                     45.13   1.02    38.76

DEGREE DAYS
 HEATING
  YESTERDAY       15                        15      0       19
  MONTH TO DATE  315                       326    -11      369
  SINCE SEP 1    419                       526   -107      524
  SINCE JUL 1    672                       807   -135      662

 COOLING
  YESTERDAY        0                         0      0        0
  MONTH TO DATE    0                         0      0        0
  SINCE SEP 1     31                         5     26        1
  SINCE JAN 1     41                        12     29       23
..................................................................


WIND (MPH)
  HIGHEST WIND SPEED    10   HIGHEST WIND DIRECTION     N (340)
  HIGHEST GUST SPEED    12   HIGHEST GUST DIRECTION     N (20)
  AVERAGE WIND SPEED     3.4


SKY COVER
  POSSIBLE SUNSHINE  MM
  AVERAGE SKY COVER 0.5


WEATHER CONDITIONS
 THE FOLLOWING WEATHER WAS RECORDED YESTERDAY.
  FOG
  FOG W/VISIBILITY <= 1/4 MILE


RELATIVE HUMIDITY (PERCENT)
 HIGHEST   100           900 PM
 LOWEST     67          1200 PM
 AVERAGE    84

..........................................................


THE ASTORIA OR CLIMATE NORMALS FOR TODAY
                         NORMAL    RECORD    YEAR
 MAXIMUM TEMPERATURE (F)   58        72      1962
                                             1914
 MINIMUM TEMPERATURE (F)   43        26      1971


SUNRISE AND SUNSET
OCTOBER 28 2020.......SUNRISE   752 AM PDT   SUNSET   606 PM PDT
OCTOBER 29 2020.......SUNRISE   753 AM PDT   SUNSET   605 PM PDT


-  INDICATES NEGATIVE NUMBERS.
R  INDICATES RECORD WAS SET OR TIED.
MM INDICATES DATA IS MISSING.
T  INDICATES TRACE AMOUNT.




$$
