163
CDUS46 KPQR 190222
CLIAST


CLIMATE REPORT
NATIONAL WEATHER SERVICE PORTLAND OREGON
722 PM PDT WED JUL 18 2018


...................................

...THE ASTORIA OR CLIMATE SUMMARY FOR JULY 18 2018...
VALID TODAY AS OF 0700 PM LOCAL TIME.

CLIMATE NORMAL PERIOD 1981 TO 2010
CLIMATE RECORD PERIOD 1892 TO 2018


WEATHER ITEM   OBSERVED TIME   RECORD YEAR NORMAL DEPARTURE LAST
                VALUE   (LST)  VALUE       VALUE  FROM      YEAR
                                                  NORMAL
..................................................................
TEMPERATURE (F)
 TODAY
  MAXIMUM         67    359 PM  91    1913  68     -1       69
  MINIMUM         59    627 AM  43    1986  53      6       50
  AVERAGE         63                        61      2       60

PRECIPITATION (IN)
  TODAY            0.04          1.19 1996   0.03   0.01     0.00
  MONTH TO DATE    0.09                      0.70  -0.61     0.02
  SINCE OCT 1     66.53                     63.63   2.90    93.46
  SINCE JAN 1     35.74                     36.61  -0.87    49.59

DEGREE DAYS
 HEATING
  TODAY            2                         5     -3        5
  MONTH TO DATE   64                        96    -32       99
  SINCE JUN 1    262                       338    -76      306
  SINCE JUL 1     64                        96    -32       99

 COOLING
  TODAY            0                         0      0        0
  MONTH TO DATE    5                         0      5        0
  SINCE JUN 1      5                         0      5       10
  SINCE JAN 1      6                         0      6       12
..................................................................


WIND (MPH)
  HIGHEST WIND SPEED    17   HIGHEST WIND DIRECTION    NW (300)
  HIGHEST GUST SPEED    20   HIGHEST GUST DIRECTION    NW (320)
  AVERAGE WIND SPEED     9.3


SKY COVER
  POSSIBLE SUNSHINE  MM
  AVERAGE SKY COVER 0.8


WEATHER CONDITIONS
 THE FOLLOWING WEATHER WAS RECORDED TODAY.
  LIGHT RAIN
  FOG


RELATIVE HUMIDITY (PERCENT)
 HIGHEST   100          1200 AM
 LOWEST     67           500 PM
 AVERAGE    84

..........................................................


THE ASTORIA OR CLIMATE NORMALS FOR TOMORROW
                         NORMAL    RECORD    YEAR
 MAXIMUM TEMPERATURE (F)   68        91      1946
                                             1942
 MINIMUM TEMPERATURE (F)   54        42      1977


SUNRISE AND SUNSET
JULY 18 2018..........SUNRISE   542 AM PDT   SUNSET   901 PM PDT
JULY 19 2018..........SUNRISE   543 AM PDT   SUNSET   900 PM PDT


-  INDICATES NEGATIVE NUMBERS.
R  INDICATES RECORD WAS SET OR TIED.
MM INDICATES DATA IS MISSING.
T  INDICATES TRACE AMOUNT.




$$
