000
CDUS42 KFFC 220819
CLIATL

CLIMATE REPORT
NATIONAL WEATHER SERVICE PEACHTREE CITY GA
419 AM EDT THU OCT 22 2020

...................................

...THE ATLANTA CLIMATE SUMMARY FOR OCTOBER 21 2020...

CLIMATE NORMAL PERIOD: 1981 TO 2010
CLIMATE RECORD PERIOD: 1878 TO 2020


WEATHER ITEM   OBSERVED TIME   RECORD YEAR NORMAL DEPARTURE LAST
                VALUE   (LST)  VALUE       VALUE  FROM      YEAR
                                                  NORMAL
...................................................................
TEMPERATURE (F)
 YESTERDAY
  MAXIMUM         81   4:25 PM  85    1939  71     10       77
                                      1963
  MINIMUM         62   2:44 AM  30    1913  52     10       59
  AVERAGE         72                        62     10       68

PRECIPITATION (IN)
  YESTERDAY        0.00          1.43 1956   0.10  -0.10      T
  MONTH TO DATE    4.73                      2.42   2.31     2.19
  SINCE SEP 1     10.40                      6.89   3.51     2.95
  SINCE JAN 1     58.27                     40.72  17.55    34.52

DEGREE DAYS
 HEATING
  YESTERDAY        0                         5     -5        0
  MONTH TO DATE   27                        58    -31       28
  SINCE SEP 1     40                        69    -29       28
  SINCE JUL 1     40                        69    -29       28

 COOLING
  YESTERDAY        7                         1      6        3
  MONTH TO DATE   77                        57     20      152
  SINCE SEP 1    364                       323     41      681
  SINCE JAN 1   2032                      1862    170     2629
...................................................................


WIND (MPH)
  RESULTANT WIND SPEED   8   RESULTANT WIND DIRECTION   E (80)
  HIGHEST WIND SPEED    14   HIGHEST WIND DIRECTION     E (80)
  HIGHEST GUST SPEED    19   HIGHEST GUST DIRECTION     E (80)
  AVERAGE WIND SPEED     8.0


SKY COVER
  AVERAGE SKY COVER 0.5


WEATHER CONDITIONS
THE FOLLOWING WEATHER WAS RECORDED YESTERDAY.
  LIGHT RAIN


RELATIVE HUMIDITY (PERCENT)
 HIGHEST    90           2:00 AM
 LOWEST     60           4:00 PM
 AVERAGE    75

..........................................................


THE ATLANTA CLIMATE NORMALS FOR TODAY
                         NORMAL    RECORD    YEAR
 MAXIMUM TEMPERATURE (F)   71        88      1941
 MINIMUM TEMPERATURE (F)   52        33      1976


SUNRISE AND SUNSET
OCTOBER 22 2020.......SUNRISE   7:49 AM EDT   SUNSET   6:55 PM EDT
OCTOBER 23 2020.......SUNRISE   7:49 AM EDT   SUNSET   6:54 PM EDT


-  INDICATES NEGATIVE NUMBERS.
R  INDICATES RECORD WAS SET OR TIED.
MM INDICATES DATA IS MISSING.
T  INDICATES TRACE AMOUNT.




$$
