000
CDUS42 KFFC 240238
CLIATL


CLIMATE REPORT
NATIONAL WEATHER SERVICE PEACHTREE CITY GA
1038 PM EDT TUE OCT 23 2018


...................................

...THE ATLANTA CLIMATE SUMMARY FOR OCTOBER 23 2018...
VALID AS OF 0800 PM LOCAL TIME.

CLIMATE NORMAL PERIOD 1981 TO 2010
CLIMATE RECORD PERIOD 1878 TO 2018


WEATHER ITEM   OBSERVED TIME   RECORD YEAR NORMAL DEPARTURE LAST
                VALUE   (LST)  VALUE       VALUE  FROM      YEAR
                                                  NORMAL
..................................................................
TEMPERATURE (F)
 TODAY
  MAXIMUM         69    234 PM  86    1941  71     -2       72
                                      1935
  MINIMUM         54    705 AM  34    1937  52      2       54
  AVERAGE         62                        61      1       63

PRECIPITATION (IN)
  TODAY            T             1.48 1966   0.10  -0.10     1.31
  MONTH TO DATE    4.04                      2.62   1.42     3.29
  SINCE SEP 1      5.52                      7.09  -1.57     7.54
  SINCE JAN 1     50.22                     40.92   9.30    46.48

SNOWFALL (IN)
  TODAY            0.0           0.0  2002   0.0    0.0      0.0
                                      2001
  MONTH TO DATE    0.0                       0.0    0.0      0.0
  SINCE SEP 1      0.0                       0.0    0.0      0.0
  SINCE JUL 1      0.0                       0.0    0.0      0.0
  SNOW DEPTH       0

DEGREE DAYS
 HEATING
  TODAY            3                         5     -2        2
  MONTH TO DATE   35                        68    -33       14
  SINCE SEP 1     35                        79    -44       21
  SINCE JUL 1     35                        79    -44       21

 COOLING
  TODAY            0                         1     -1        0
  MONTH TO DATE  173                        59    114      133
  SINCE SEP 1    658                       325    333      412
  SINCE JAN 1   2432                      1864    568     2136
..................................................................


WIND (MPH)
  RESULTANT WIND SPEED   3   RESULTANT WIND DIRECTION   N (10)
  HIGHEST WIND SPEED    12   HIGHEST WIND DIRECTION    NW (310)
  HIGHEST GUST SPEED    15   HIGHEST GUST DIRECTION     N (340)
  AVERAGE WIND SPEED     5.1


SKY COVER
  AVERAGE SKY COVER 0.8


WEATHER CONDITIONS
 THE FOLLOWING WEATHER WAS RECORDED TODAY.
  HAZE


RELATIVE HUMIDITY (PERCENT)
 HIGHEST    66           100 AM
 LOWEST     51           100 PM

..........................................................


THE ATLANTA CLIMATE NORMALS FOR TOMORROW
                         NORMAL    RECORD    YEAR
 MAXIMUM TEMPERATURE (F)   71        88      1939
 MINIMUM TEMPERATURE (F)   51        28      1917


SUNRISE AND SUNSET
OCTOBER 23 2018.......SUNRISE   749 AM EDT   SUNSET   655 PM EDT
OCTOBER 24 2018.......SUNRISE   750 AM EDT   SUNSET   654 PM EDT


-  INDICATES NEGATIVE NUMBERS.
R  INDICATES RECORD WAS SET OR TIED.
MM INDICATES DATA IS MISSING.
T  INDICATES TRACE AMOUNT.




$$
