080
CDUS42 KFFC 180919
CLIATL


CLIMATE REPORT
NATIONAL WEATHER SERVICE PEACHTREE CITY GA
419 AM EST MON FEB 18 2019


...................................

...THE ATLANTA CLIMATE SUMMARY FOR FEBRUARY 17 2019...

CLIMATE NORMAL PERIOD 1981 TO 2010
CLIMATE RECORD PERIOD 1878 TO 2019


WEATHER ITEM   OBSERVED TIME   RECORD YEAR NORMAL DEPARTURE LAST
                VALUE   (LST)  VALUE       VALUE  FROM      YEAR
                                                  NORMAL
..................................................................
TEMPERATURE (F)
 YESTERDAY
  MAXIMUM         50   1018 PM  77    2018  57     -7       77
  MINIMUM         47   1153 PM   5    1958  38      9       51
  AVERAGE         49                        48      1       64

PRECIPITATION (IN)
  YESTERDAY        0.08          1.75 1879   0.17  -0.09     0.02
  MONTH TO DATE    1.21                      2.85  -1.64     4.89
  SINCE DEC 1     19.27                     10.95   8.32    12.53
  SINCE JAN 1      7.44                      7.05   0.39     8.15

SNOWFALL (IN)
  YESTERDAY        0.0           0.0  2002   0.0    0.0      0.0
  MONTH TO DATE    0.0                       0.2   -0.2      0.0
  SINCE DEC 1      0.0                       1.9   -1.9      4.7
  SINCE JUL 1      0.0                       1.9   -1.9      4.7
  SNOW DEPTH       0

DEGREE DAYS
 HEATING
  YESTERDAY       16                        17     -1        1
  MONTH TO DATE  190                       323   -133      204
  SINCE DEC 1   1276                      1609   -333     1514
  SINCE JUL 1   1799                      2077   -278     1911

 COOLING
  YESTERDAY        0                         0      0        0
  MONTH TO DATE    6                         0      6        0
  SINCE DEC 1      6                         1      5        0
  SINCE JAN 1      6                         0      6        0
..................................................................


WIND (MPH)
  RESULTANT WIND SPEED   9   RESULTANT WIND DIRECTION   E (100)
  HIGHEST WIND SPEED    16   HIGHEST WIND DIRECTION     N (350)
  HIGHEST GUST SPEED    23   HIGHEST GUST DIRECTION     E (70)
  AVERAGE WIND SPEED    10.0


SKY COVER
  AVERAGE SKY COVER 1.0


WEATHER CONDITIONS
 THE FOLLOWING WEATHER WAS RECORDED YESTERDAY.
  RAIN
  LIGHT RAIN
  FOG
  FOG W/VISIBILITY <= 1/4 MILE


RELATIVE HUMIDITY (PERCENT)
 HIGHEST   100           900 PM
 LOWEST     80          1200 AM
 AVERAGE    90

..........................................................


THE ATLANTA CLIMATE NORMALS FOR TODAY
                         NORMAL    RECORD    YEAR
 MAXIMUM TEMPERATURE (F)   57        75      1951
                                             1891
 MINIMUM TEMPERATURE (F)   38         8      1900


SUNRISE AND SUNSET
FEBRUARY 18 2019......SUNRISE   719 AM EST   SUNSET   625 PM EST
FEBRUARY 19 2019......SUNRISE   718 AM EST   SUNSET   626 PM EST


-  INDICATES NEGATIVE NUMBERS.
R  INDICATES RECORD WAS SET OR TIED.
MM INDICATES DATA IS MISSING.
T  INDICATES TRACE AMOUNT.




$$
