000
CDUS42 KFFC 140819
CLIATL


CLIMATE REPORT
NATIONAL WEATHER SERVICE PEACHTREE CITY GA
418 AM EDT TUE AUG 14 2018


...................................

...THE ATLANTA CLIMATE SUMMARY FOR AUGUST 13 2018...

CLIMATE NORMAL PERIOD 1981 TO 2010
CLIMATE RECORD PERIOD 1878 TO 2018


WEATHER ITEM   OBSERVED TIME   RECORD YEAR NORMAL DEPARTURE LAST
                VALUE   (LST)  VALUE       VALUE  FROM      YEAR
                                                  NORMAL
..................................................................
TEMPERATURE (F)
 YESTERDAY
  MAXIMUM         89    345 PM 100    2007  89      0       90
  MINIMUM         72    624 AM  56    1964  71      1       73
  AVERAGE         81                        80      1       82

PRECIPITATION (IN)
  YESTERDAY        0.00          2.27 1941   0.12  -0.12     0.00
  MONTH TO DATE    6.13                      1.61   4.52     4.21
  SINCE JUN 1     18.03                     10.83   7.20    14.60
  SINCE JAN 1     43.24                     31.54  11.70    37.68

DEGREE DAYS
 HEATING
  YESTERDAY        0                         0      0        0
  MONTH TO DATE    0                         0      0        0
  SINCE JUN 1      0                         2     -2        0
  SINCE JUL 1      0                         0      0        0

 COOLING
  YESTERDAY       16                        15      1       17
  MONTH TO DATE  202                       195      7      177
  SINCE JUN 1   1150                      1037    113     1043
  SINCE JAN 1   1511                      1287    224     1451
..................................................................


WIND (MPH)
  RESULTANT WIND SPEED   6   RESULTANT WIND DIRECTION  NW (300)
  HIGHEST WIND SPEED    12   HIGHEST WIND DIRECTION     W (270)
  HIGHEST GUST SPEED    16   HIGHEST GUST DIRECTION     W (270)
  AVERAGE WIND SPEED     6.1


SKY COVER
  AVERAGE SKY COVER 0.4


WEATHER CONDITIONS
 THE FOLLOWING WEATHER WAS RECORDED YESTERDAY.
  NO SIGNIFICANT WEATHER WAS OBSERVED.


RELATIVE HUMIDITY (PERCENT)
 HIGHEST    90           600 AM
 LOWEST     40           400 PM
 AVERAGE    65

..........................................................


THE ATLANTA CLIMATE NORMALS FOR TODAY
                         NORMAL    RECORD    YEAR
 MAXIMUM TEMPERATURE (F)   88        99      2007
                                             1995
                                             1980
 MINIMUM TEMPERATURE (F)   71        56      2004


SUNRISE AND SUNSET
AUGUST 14 2018........SUNRISE   659 AM EDT   SUNSET   825 PM EDT
AUGUST 15 2018........SUNRISE   700 AM EDT   SUNSET   824 PM EDT


-  INDICATES NEGATIVE NUMBERS.
R  INDICATES RECORD WAS SET OR TIED.
MM INDICATES DATA IS MISSING.
T  INDICATES TRACE AMOUNT.




$$
