000
CDUS42 KFFC 230028
CLIATL


CLIMATE REPORT
NATIONAL WEATHER SERVICE PEACHTREE CITY GA
728 PM EST THU FEB 22 2018


...................................

...THE ATLANTA CLIMATE SUMMARY FOR FEBRUARY 22 2018...
VALID AS OF 0700 PM LOCAL TIME.

CLIMATE NORMAL PERIOD 1981 TO 2010
CLIMATE RECORD PERIOD 1878 TO 2018


WEATHER ITEM   OBSERVED TIME   RECORD YEAR NORMAL DEPARTURE LAST
                VALUE   (LST)  VALUE       VALUE  FROM      YEAR
                                                  NORMAL
..................................................................
TEMPERATURE (F)
 TODAY
  MAXIMUM         79R   409 PM  74    2003  58     21       71
                                      1949
                                      1917
  MINIMUM         63    752 AM   8    1963  39     24       57
  AVERAGE         71                        49     22       64

PRECIPITATION (IN)
  TODAY            0.00          2.72 1962   0.17  -0.17     0.22
  MONTH TO DATE    4.98                      3.69   1.29     1.81
  SINCE DEC 1     12.62                     11.79   0.83    12.99
  SINCE JAN 1      8.24                      7.89   0.35     9.99

SNOWFALL (IN)
  TODAY            0.0           0.0  2002   0.0    0.0      0.0
  MONTH TO DATE    0.0                       0.3   -0.3      0.0
  SINCE DEC 1      4.7                       2.0    2.7       T
  SINCE JUL 1      4.7                       2.0    2.7       T
  SNOW DEPTH       0

DEGREE DAYS
 HEATING
  TODAY            0                        16    -16        1
  MONTH TO DATE  212                       407   -195      203
  SINCE DEC 1   1522                      1693   -171     1092
  SINCE JUL 1   1919                      2161   -242     1314

 COOLING
  TODAY            6                         0      6        0
  MONTH TO DATE   17                         0     17        0
  SINCE DEC 1     17                         1     16        2
  SINCE JAN 1     17                         0     17        2
..................................................................


WIND (MPH)
  RESULTANT WIND SPEED   6   RESULTANT WIND DIRECTION   S (160)
  HIGHEST WIND SPEED    13   HIGHEST WIND DIRECTION     S (160)
  HIGHEST GUST SPEED    18   HIGHEST GUST DIRECTION     S (160)
  AVERAGE WIND SPEED     6.7


SKY COVER
  AVERAGE SKY COVER 0.5


WEATHER CONDITIONS
 THE FOLLOWING WEATHER WAS RECORDED TODAY.
  FOG
  HAZE


RELATIVE HUMIDITY (PERCENT)
 HIGHEST   100           600 AM
 LOWEST     58           500 PM

..........................................................


THE ATLANTA CLIMATE NORMALS FOR TOMORROW
                         NORMAL    RECORD    YEAR
 MAXIMUM TEMPERATURE (F)   59        79      1980
 MINIMUM TEMPERATURE (F)   39        19      1939


SUNRISE AND SUNSET
FEBRUARY 22 2018......SUNRISE   714 AM EST   SUNSET   628 PM EST
FEBRUARY 23 2018......SUNRISE   713 AM EST   SUNSET   629 PM EST


-  INDICATES NEGATIVE NUMBERS.
R  INDICATES RECORD WAS SET OR TIED.
MM INDICATES DATA IS MISSING.
T  INDICATES TRACE AMOUNT.




$$
