000
CDUS42 KFFC 210032
CLIATL


CLIMATE REPORT
NATIONAL WEATHER SERVICE PEACHTREE CITY GA
832 PM EDT SUN MAY 20 2018


...................................

...THE ATLANTA CLIMATE SUMMARY FOR MAY 20 2018...
VALID AS OF 0800 PM LOCAL TIME.

CLIMATE NORMAL PERIOD 1981 TO 2010
CLIMATE RECORD PERIOD 1878 TO 2018


WEATHER ITEM   OBSERVED TIME   RECORD YEAR NORMAL DEPARTURE LAST
                VALUE   (LST)  VALUE       VALUE  FROM      YEAR
                                                  NORMAL
..................................................................
TEMPERATURE (F)
 TODAY
  MAXIMUM         86    245 PM  94    1941  81      5       87
  MINIMUM         68    621 PM  39    1894  62      6       69
  AVERAGE         77                        71      6       78

PRECIPITATION (IN)
  TODAY            1.09          3.28 1888   0.11   0.98     0.10
  MONTH TO DATE    2.39                      2.45  -0.06     1.27
  SINCE MAR 1     13.78                     10.62   3.16     9.70
  SINCE JAN 1     23.15                     19.49   3.66    19.75

SNOWFALL (IN)
  TODAY            0.0           0.0  2002   0.0    0.0      0.0
                                      2001
                                      2000
  MONTH TO DATE    0.0                       0.0    0.0      0.0
  SINCE MAR 1      0.0                       0.8   -0.8       T
  SINCE JUL 1      4.7                       2.9    1.8       T
  SNOW DEPTH       0

DEGREE DAYS
 HEATING
  TODAY            0                         0      0        0
  MONTH TO DATE    0                        24    -24       24
  SINCE MAR 1    523                       509     14      334
  SINCE JUL 1   2467                      2764   -297     1690

 COOLING
  TODAY           12                         7      5       13
  MONTH TO DATE  179                        95     84      136
  SINCE MAR 1    202                       160     42      320
  SINCE JAN 1    229                       161     68      325
..................................................................


WIND (MPH)
  RESULTANT WIND SPEED   1   RESULTANT WIND DIRECTION  SE (130)
  HIGHEST WIND SPEED    28   HIGHEST WIND DIRECTION     E (90)
  HIGHEST GUST SPEED    42   HIGHEST GUST DIRECTION     E (90)
  AVERAGE WIND SPEED     4.0


SKY COVER
  AVERAGE SKY COVER 0.8


WEATHER CONDITIONS
 THE FOLLOWING WEATHER WAS RECORDED TODAY.
  THUNDERSTORM
  HEAVY RAIN
  LIGHT RAIN
  FOG


RELATIVE HUMIDITY (PERCENT)
 HIGHEST   100           400 AM
 LOWEST     61           100 PM

..........................................................


THE ATLANTA CLIMATE NORMALS FOR TOMORROW
                         NORMAL    RECORD    YEAR
 MAXIMUM TEMPERATURE (F)   81        96      1941
 MINIMUM TEMPERATURE (F)   62        44      1894


SUNRISE AND SUNSET
MAY 20 2018...........SUNRISE   634 AM EDT   SUNSET   835 PM EDT
MAY 21 2018...........SUNRISE   633 AM EDT   SUNSET   836 PM EDT


-  INDICATES NEGATIVE NUMBERS.
R  INDICATES RECORD WAS SET OR TIED.
MM INDICATES DATA IS MISSING.
T  INDICATES TRACE AMOUNT.




$$
