000
CDUS42 KFFC 260024
CLIATL

CLIMATE REPORT
NATIONAL WEATHER SERVICE
824 PM EDT MON MAY 25 2020

...................................

...THE ATLANTA CLIMATE SUMMARY FOR MAY 25 2020...
VALID AS OF 0800 PM LOCAL TIME.

CLIMATE NORMAL PERIOD: 1981 TO 2010
CLIMATE RECORD PERIOD: 1878 TO 2020


WEATHER ITEM   OBSERVED TIME   RECORD YEAR NORMAL DEPARTURE LAST
                VALUE   (LST)  VALUE       VALUE  FROM      YEAR
                                                  NORMAL
...................................................................
TEMPERATURE (F)
 TODAY
  MAXIMUM         85   4:28 PM  94    2019  82      3       94
  MINIMUM         68   6:42 AM  46    1979  63      5       74
  AVERAGE         77                        72      5       84

PRECIPITATION (IN)
  TODAY            0.68          2.06 1906   0.11   0.57     0.00
  MONTH TO DATE    2.64                      3.01  M0.37     2.28
  SINCE MAR 1     15.45                     11.18   4.27    10.79
  SINCE JAN 1     34.04                     20.05  13.99    21.16

SNOWFALL (IN)
  TODAY           MM             0.0  2000   0.0   MM        0.0
                                      2001
                                      2002
  MONTH TO DATE    0.0                       0.0    0.0      0.0
  SINCE MAR 1      0.0                       0.8   M0.8      0.0
  SINCE JUL 1      T                         2.9   M2.9      0.0
  SNOW DEPTH      MM

DEGREE DAYS
 HEATING
  TODAY            0                         0      0        0
  MONTH TO DATE   52                        24     28        3
  SINCE MAR 1    335                       509   M174      376
  SINCE JUL 1   2095                      2764   M669     2298

 COOLING
  TODAY           12                         8      4       19
  MONTH TO DATE  123                       132     M9      253
  SINCE MAR 1    216                       197     19      353
  SINCE JAN 1    216                       198     18      359
...................................................................


WIND (MPH)
  RESULTANT WIND SPEED   8   RESULTANT WIND DIRECTION   E (100)
  HIGHEST WIND SPEED    26   HIGHEST WIND DIRECTION     E (100)
  HIGHEST GUST SPEED    34   HIGHEST GUST DIRECTION     E (100)
  AVERAGE WIND SPEED     8.8


SKY COVER
  AVERAGE SKY COVER 0.6


WEATHER CONDITIONS
THE FOLLOWING WEATHER WAS RECORDED TODAY.
  THUNDERSTORM
  HEAVY RAIN
  LIGHT RAIN
  FOG


RELATIVE HUMIDITY (PERCENT)
 HIGHEST    90           4:00 AM
 LOWEST     49           4:00 PM

..........................................................


THE ATLANTA CLIMATE NORMALS FOR TOMORROW
                         NORMAL    RECORD    YEAR
 MAXIMUM TEMPERATURE (F)   82        95      2019
 MINIMUM TEMPERATURE (F)   63        43      1979


SUNRISE AND SUNSET
MAY 25 2020...........SUNRISE   6:31 AM EDT   SUNSET   8:39 PM EDT
MAY 26 2020...........SUNRISE   6:30 AM EDT   SUNSET   8:40 PM EDT


M  INDICATES NEGATIVE NUMBERS.
R  INDICATES RECORD WAS SET OR TIED.
MM INDICATES DATA IS MISSING.
T  INDICATES TRACE AMOUNT.




$$
