000
CDUS42 KFFC 130034
CLIATL

CLIMATE REPORT
NATIONAL WEATHER SERVICE PEACHTREE CITY GA
834 PM EDT WED MAY 12 2021

...................................

...THE ATLANTA CLIMATE SUMMARY FOR MAY 12 2021...
VALID AS OF 0800 PM LOCAL TIME.

CLIMATE NORMAL PERIOD: 1991 TO 2020
CLIMATE RECORD PERIOD: 1878 TO 2021


WEATHER ITEM   OBSERVED TIME   RECORD YEAR NORMAL DEPARTURE LAST
                VALUE   (LST)  VALUE       VALUE  FROM      YEAR
                                                  NORMAL
...................................................................
TEMPERATURE (F)
 TODAY
  MAXIMUM         67   1:46 AM  92    1916  80    -13       74
  MINIMUM         52   7:06 PM  42    1960  60     -8       49
  AVERAGE         60                        70    -10       62

PRECIPITATION (IN)
  TODAY            0.61          0.91 1966   0.10   0.51     0.00
  MONTH TO DATE    4.81                      1.38   3.43     0.03
  SINCE MAR 1     12.32                      9.87   2.45    12.84
  SINCE JAN 1     19.65                     19.01   0.64    31.43

DEGREE DAYS
 HEATING
  TODAY            5                         1      4        3
  MONTH TO DATE   14                        15     -1       47
  SINCE MAR 1    332                       443   -111      330
  SINCE JUL 1   2198                      2522   -324     2090

 COOLING
  TODAY            0                         6     -6        0
  MONTH TO DATE   44                        59    -15       28
  SINCE MAR 1    132                       140     -8      121
  SINCE JAN 1    134                       143     -9      121
...................................................................


WIND (MPH)
  RESULTANT WIND SPEED   7   RESULTANT WIND DIRECTION  NE (40)
  HIGHEST WIND SPEED    24   HIGHEST WIND DIRECTION    NE (60)
  HIGHEST GUST SPEED    31   HIGHEST GUST DIRECTION     E (70)
  AVERAGE WIND SPEED    10.5


SKY COVER
  AVERAGE SKY COVER 1.0


WEATHER CONDITIONS
THE FOLLOWING WEATHER WAS RECORDED TODAY.
  HEAVY RAIN
  RAIN
  LIGHT RAIN
  FOG


RELATIVE HUMIDITY (PERCENT)
 HIGHEST    97           6:00 AM
 LOWEST     68           1:00 AM

..........................................................


THE ATLANTA CLIMATE NORMALS FOR TOMORROW
                         NORMAL    RECORD    YEAR
 MAXIMUM TEMPERATURE (F)   81        91      2018
 MINIMUM TEMPERATURE (F)   61        42      1960


SUNRISE AND SUNSET
MAY 12 2021...........SUNRISE   6:39 AM EDT   SUNSET   8:30 PM EDT
MAY 13 2021...........SUNRISE   6:38 AM EDT   SUNSET   8:30 PM EDT


-  INDICATES NEGATIVE NUMBERS.
R  INDICATES RECORD WAS SET OR TIED.
MM INDICATES DATA IS MISSING.
T  INDICATES TRACE AMOUNT.




$$
