000
CDUS42 KFFC 252034
CLIATL


CLIMATE REPORT
NATIONAL WEATHER SERVICE PEACHTREE CITY GA
434 PM EDT FRI MAY 25 2018


...................................

...THE ATLANTA CLIMATE SUMMARY FOR MAY 25 2018...
VALID TODAY AS OF 0400 PM LOCAL TIME.

CLIMATE NORMAL PERIOD 1981 TO 2010
CLIMATE RECORD PERIOD 1878 TO 2018


WEATHER ITEM   OBSERVED TIME   RECORD YEAR NORMAL DEPARTURE LAST
                VALUE   (LST)  VALUE       VALUE  FROM      YEAR
                                                  NORMAL
..................................................................
TEMPERATURE (F)
 TODAY
  MAXIMUM         82    322 PM  93    1960  82      0       73
                                      1953
  MINIMUM         70    304 AM  46    1979  63      7       56
  AVERAGE         76                        72      4       65

PRECIPITATION (IN)
  TODAY            0.00          2.06 1906   0.11  -0.11     0.02
  MONTH TO DATE    3.43                      3.01   0.42     3.73
  SINCE MAR 1     14.82                     11.18   3.64    12.16
  SINCE JAN 1     24.19                     20.05   4.14    22.21

DEGREE DAYS
 HEATING
  TODAY            0                         0      0        0
  MONTH TO DATE    0                        24    -24       24
  SINCE MAR 1    523                       509     14      334
  SINCE JUL 1   2467                      2764   -297     1690

 COOLING
  TODAY           11                         8      3        0
  MONTH TO DATE  237                       132    105      165
  SINCE MAR 1    260                       197     63      349
  SINCE JAN 1    287                       198     89      354
..................................................................


WIND (MPH)
  HIGHEST WIND SPEED    13   HIGHEST WIND DIRECTION     E (80)
  HIGHEST GUST SPEED    18   HIGHEST GUST DIRECTION     E (80)
  AVERAGE WIND SPEED     8.5


SKY COVER
  POSSIBLE SUNSHINE  MM
  AVERAGE SKY COVER 0.9


WEATHER CONDITIONS
 THE FOLLOWING WEATHER WAS RECORDED TODAY.
  NO SIGNIFICANT WEATHER WAS OBSERVED.


RELATIVE HUMIDITY (PERCENT)
 HIGHEST    90          1200 AM
 LOWEST     63           300 PM
 AVERAGE    77

..........................................................


THE ATLANTA CLIMATE NORMALS FOR TOMORROW
                         NORMAL    RECORD    YEAR
 MAXIMUM TEMPERATURE (F)   82        94      1936
                                             1916
                                             1911
 MINIMUM TEMPERATURE (F)   63        43      1979


SUNRISE AND SUNSET
MAY 25 2018...........SUNRISE   631 AM EDT   SUNSET   839 PM EDT
MAY 26 2018...........SUNRISE   631 AM EDT   SUNSET   839 PM EDT


-  INDICATES NEGATIVE NUMBERS.
R  INDICATES RECORD WAS SET OR TIED.
MM INDICATES DATA IS MISSING.
T  INDICATES TRACE AMOUNT.




$$
