000
CDUS42 KFFC 190026
CLIATL


CLIMATE REPORT
NATIONAL WEATHER SERVICE PEACHTREE CITY GA
826 PM EDT FRI OCT 18 2019


...................................

...THE ATLANTA CLIMATE SUMMARY FOR OCTOBER 18 2019...
VALID AS OF 0800 PM LOCAL TIME.

CLIMATE NORMAL PERIOD 1981 TO 2010
CLIMATE RECORD PERIOD 1878 TO 2019


WEATHER ITEM   OBSERVED TIME   RECORD YEAR NORMAL DEPARTURE LAST
                VALUE   (LST)  VALUE       VALUE  FROM      YEAR
                                                  NORMAL
..................................................................
TEMPERATURE (F)
 TODAY
  MAXIMUM         67    424 PM  86    2016  72     -5       74
                                      1984
  MINIMUM         47    357 AM  32    1948  53     -6       55
  AVERAGE         57                        63     -6       65

PRECIPITATION (IN)
  TODAY            0.00          2.39 1937   0.11  -0.11     0.00
  MONTH TO DATE    0.88                      2.13  -1.25     3.86
  SINCE SEP 1      1.64                      6.60  -4.96     5.34
  SINCE JAN 1     33.21                     40.43  -7.22    50.04

SNOWFALL (IN)
  TODAY            0.0           0.0  2002   0.0    0.0      0.0
                                      2001
  MONTH TO DATE    0.0                       0.0    0.0      0.0
  SINCE SEP 1      0.0                       0.0    0.0      0.0
  SINCE JUL 1      0.0                       0.0    0.0      0.0
  SNOW DEPTH       0

DEGREE DAYS
 HEATING
  TODAY            8                         4      4        0
  MONTH TO DATE   20                        45    -25        4
  SINCE SEP 1     20                        56    -36        4
  SINCE JUL 1     20                        56    -36        4

 COOLING
  TODAY            0                         2     -2        0
  MONTH TO DATE  149                        52     97      173
  SINCE SEP 1    678                       318    360      658
  SINCE JAN 1   2626                      1857    769     2432
..................................................................


WIND (MPH)
  RESULTANT WIND SPEED   5   RESULTANT WIND DIRECTION   E (70)
  HIGHEST WIND SPEED    17   HIGHEST WIND DIRECTION     E (80)
  HIGHEST GUST SPEED    21   HIGHEST GUST DIRECTION     E (80)
  AVERAGE WIND SPEED     8.6


SKY COVER
  AVERAGE SKY COVER 0.8


WEATHER CONDITIONS
 THE FOLLOWING WEATHER WAS RECORDED TODAY.
  NO SIGNIFICANT WEATHER WAS OBSERVED.


RELATIVE HUMIDITY (PERCENT)
 HIGHEST    76           400 AM
 LOWEST     42           100 PM

..........................................................


THE ATLANTA CLIMATE NORMALS FOR TOMORROW
                         NORMAL    RECORD    YEAR
 MAXIMUM TEMPERATURE (F)   72        88      2016
 MINIMUM TEMPERATURE (F)   53        35      1976
                                             1948


SUNRISE AND SUNSET
OCTOBER 18 2019.......SUNRISE   745 AM EDT   SUNSET   701 PM EDT
OCTOBER 19 2019.......SUNRISE   745 AM EDT   SUNSET   659 PM EDT


-  INDICATES NEGATIVE NUMBERS.
R  INDICATES RECORD WAS SET OR TIED.
MM INDICATES DATA IS MISSING.
T  INDICATES TRACE AMOUNT.




$$
