000
CDUS44 KEWX 252236
CLIATT


CLIMATE REPORT
NATIONAL WEATHER SERVICE AUSTIN/SAN ANTONIO, TX
536 PM CDT WED APR 25 2018


...................................

...THE AUSTIN CAMP MABRY CLIMATE SUMMARY FOR APRIL 25 2018...
VALID TODAY AS OF 0536 PM LOCAL TIME.

CLIMATE NORMAL PERIOD 1981 TO 2010
CLIMATE RECORD PERIOD 1897 TO 2018


WEATHER ITEM   OBSERVED TIME   RECORD YEAR NORMAL DEPARTURE LAST
                VALUE   (LST)  VALUE       VALUE  FROM      YEAR
                                                  NORMAL
..................................................................
TEMPERATURE (F)
 TODAY
  MAXIMUM         89   1236 PM  95    1996  82      7       90
  MINIMUM         58    600 AM  42    1910  61     -3       62
  AVERAGE         74                        72      2       76

PRECIPITATION (IN)
  TODAY            0.12          3.05 1915   0.08   0.04     0.00
  MONTH TO DATE    0.30                      1.64  -1.34     1.16
  SINCE MAR 1      4.04                      4.40  -0.36     3.64
  SINCE JAN 1      6.03                      8.64  -2.61     9.86

SNOWFALL (IN)
  TODAY            0.0
  MONTH TO DATE    0.0
  SINCE MAR 1      0.0
  SINCE JUL 1      0.4
  SNOW DEPTH       0

DEGREE DAYS
 HEATING
  TODAY            0                         0      0        0
  MONTH TO DATE   38                        37      1        3
  SINCE MAR 1     94                       199   -105       56
  SINCE JUL 1   1362                      1536   -174      834

 COOLING
  TODAY            9                         7      2       11
  MONTH TO DATE  100                       127    -27      165
  SINCE MAR 1    226                       188     38      337
  SINCE JAN 1    268                       215     53      454
..................................................................


WIND (MPH)
  HIGHEST WIND SPEED    15   HIGHEST WIND DIRECTION     N (360)
  HIGHEST GUST SPEED    23   HIGHEST GUST DIRECTION     N (10)
  AVERAGE WIND SPEED     3.1


SKY COVER
  AVERAGE SKY COVER 0.1


WEATHER CONDITIONS
 THE FOLLOWING WEATHER WAS RECORDED TODAY.
  THUNDERSTORM
  LIGHT RAIN


RELATIVE HUMIDITY (PERCENT)
 HIGHEST    93           600 AM
 LOWEST     23          1100 AM
 AVERAGE    58

..........................................................


THE AUSTIN CAMP MABRY CLIMATE NORMALS FOR TOMORROW
                         NORMAL    RECORD    YEAR
 MAXIMUM TEMPERATURE (F)   82        97      1988
 MINIMUM TEMPERATURE (F)   62        45      1926


SUNRISE AND SUNSET
APRIL 25 2018.........SUNRISE   653 AM CDT   SUNSET   805 PM CDT
APRIL 26 2018.........SUNRISE   652 AM CDT   SUNSET   805 PM CDT


-  INDICATES NEGATIVE NUMBERS.
R  INDICATES RECORD WAS SET OR TIED.
MM INDICATES DATA IS MISSING.
T  INDICATES TRACE AMOUNT.




$$
