000
CDUS44 KEWX 222235
CLIATT


CLIMATE REPORT
NATIONAL WEATHER SERVICE AUSTIN/SAN ANTONIO, TX
535 PM CDT THU OCT 22 2020


...................................

...THE AUSTIN CAMP MABRY CLIMATE SUMMARY FOR OCTOBER 22 2020...
VALID TODAY AS OF 0500 PM LOCAL TIME.

CLIMATE NORMAL PERIOD 1981 TO 2010
CLIMATE RECORD PERIOD 1897 TO 2020


WEATHER ITEM   OBSERVED TIME   RECORD YEAR NORMAL DEPARTURE LAST
                VALUE   (LST)  VALUE       VALUE  FROM      YEAR
                                                  NORMAL
..................................................................
TEMPERATURE (F)
 TODAY
  MAXIMUM         91    333 PM  92    2003  80     11       83
                                      1939
                                      1933
  MINIMUM         73    708 AM  37    1923  59     14       50
  AVERAGE         82                        70     12       67

PRECIPITATION (IN)
  TODAY            T             1.62 1972   0.13  -0.13     0.00
  MONTH TO DATE    0.01                      2.80  -2.79     1.88
  SINCE SEP 1      5.97                      5.79   0.18     2.52
  SINCE JAN 1     29.94                     27.88   2.06    28.06

SNOWFALL (IN)
  TODAY            0.0
  MONTH TO DATE    0.0
  SINCE SEP 1      0.0
  SINCE JUL 1      0.0
  SNOW DEPTH       0

DEGREE DAYS
 HEATING
  TODAY            0                         1     -1        0
  MONTH TO DATE    0                        11    -11        5
  SINCE SEP 1      2                        13    -11        5
  SINCE JUL 1      2                        13    -11        5

 COOLING
  TODAY           17                         6     11        2
  MONTH TO DATE  276                       178     98      279
  SINCE SEP 1    683                       628     55      976
  SINCE JAN 1   3560                      3022    538     3611
..................................................................


WIND (MPH)
  HIGHEST WIND SPEED    12   HIGHEST WIND DIRECTION    SE (150)
  HIGHEST GUST SPEED    20   HIGHEST GUST DIRECTION    SE (140)
  AVERAGE WIND SPEED     6.1


SKY COVER
  AVERAGE SKY COVER 0.8


WEATHER CONDITIONS
 THE FOLLOWING WEATHER WAS RECORDED TODAY.
  NO SIGNIFICANT WEATHER WAS OBSERVED.


RELATIVE HUMIDITY (PERCENT)
 HIGHEST    84           200 AM
 LOWEST     44           300 PM
 AVERAGE    64

..........................................................


THE AUSTIN CAMP MABRY CLIMATE NORMALS FOR TOMORROW
                         NORMAL    RECORD    YEAR
 MAXIMUM TEMPERATURE (F)   80        94      2003
 MINIMUM TEMPERATURE (F)   59        36      1923


SUNRISE AND SUNSET
OCTOBER 22 2020.......SUNRISE   738 AM CDT   SUNSET   652 PM CDT
OCTOBER 23 2020.......SUNRISE   739 AM CDT   SUNSET   651 PM CDT


-  INDICATES NEGATIVE NUMBERS.
R  INDICATES RECORD WAS SET OR TIED.
MM INDICATES DATA IS MISSING.
T  INDICATES TRACE AMOUNT.




$$
