912
CDUS43 KABR 212338
CLIATY


CLIMATE REPORT
NATIONAL WEATHER SERVICE ABERDEEN SD
537 PM CST THU FEB 21 2019


...................................

...THE WATERTOWN SD CLIMATE SUMMARY FOR FEBRUARY 21 2019...
VALID TODAY AS OF 0500 PM LOCAL TIME.

CLIMATE NORMAL PERIOD 1981 TO 2010
CLIMATE RECORD PERIOD 1898 TO 2019


WEATHER ITEM   OBSERVED TIME   RECORD YEAR NORMAL DEPARTURE
                VALUE   (LST)  VALUE       VALUE  FROM
                                                  NORMAL
...............................................................
TEMPERATURE (F)
 TODAY
  MAXIMUM         13    448 PM  58    2017  29    -16
                                      2000
  MINIMUM         -8    744 AM -25    1936  10    -18
  AVERAGE          3                        20    -17

PRECIPITATION (IN)
  TODAY            0.00          0.50 1957   0.02  -0.02
  MONTH TO DATE    0.93                      0.38   0.55
  SINCE DEC 1      3.45                      1.43   2.02
  SINCE JAN 1      1.86                      0.90   0.96

SNOWFALL (IN)
  TODAY            0.0
  MONTH TO DATE   16.4
  SINCE OCT 1     48.0
  SINCE JUL 1     48.0
  SNOW DEPTH      MM

DEGREE DAYS
 HEATING
  TODAY           62                               17
  MONTH TO DATE 1293                              271
  SINCE DEC 1   4370                              206
  SINCE JUL 1   6534                              430

 COOLING
  TODAY            0                                0
  MONTH TO DATE    0                                0
  SINCE DEC 1      0                                0
  SINCE JAN 1      0                                0
...............................................................


WIND (MPH)
  HIGHEST WIND SPEED    14   HIGHEST WIND DIRECTION    SW (220)
  HIGHEST GUST SPEED    17   HIGHEST GUST DIRECTION     W (280)
  AVERAGE WIND SPEED     7.1


SKY COVER
  AVERAGE SKY COVER 0.2


WEATHER CONDITIONS
 THE FOLLOWING WEATHER WAS RECORDED TODAY.
  FOG
  HAZE


RELATIVE HUMIDITY (PERCENT)
 HIGHEST    95
 LOWEST     76
 AVERAGE    86

..........................................................


THE WATERTOWN SD CLIMATE NORMALS FOR TOMORROW
                         NORMAL    RECORD    YEAR
 MAXIMUM TEMPERATURE (F)   30        65      2000
 MINIMUM TEMPERATURE (F)   11       -22      1957


SUNRISE AND SUNSET
FEBRUARY 21 2019......SUNRISE   720 AM CST   SUNSET   605 PM CST
FEBRUARY 22 2019......SUNRISE   718 AM CST   SUNSET   606 PM CST


-  INDICATES NEGATIVE NUMBERS.
R  INDICATES RECORD WAS SET OR TIED.
MM INDICATES DATA IS MISSING.
T  INDICATES TRACE AMOUNT.




$$
