000
CDUS43 KABR 250720
CLIATY


CLIMATE REPORT
NATIONAL WEATHER SERVICE ABERDEEN SD
219 AM CDT MON MAY 25 2020


...................................

...THE WATERTOWN SD CLIMATE SUMMARY FOR MAY 24 2020...

CLIMATE NORMAL PERIOD 1981 TO 2010
CLIMATE RECORD PERIOD 1898 TO 2020


WEATHER ITEM   OBSERVED TIME   RECORD YEAR NORMAL DEPARTURE LAST
                VALUE   (LST)  VALUE       VALUE  FROM      YEAR
                                                  NORMAL
..................................................................
TEMPERATURE (F)
 YESTERDAY
  MAXIMUM         71    521 PM  95    1926  70      1       72
  MINIMUM         54   1139 PM  25    2002  48      6       48
  AVERAGE         63                        59      4       60

PRECIPITATION (IN)
  YESTERDAY        0.42          1.62 1973   0.09   0.33     0.25
  MONTH TO DATE    2.25                      1.98   0.27     3.79
  SINCE MAR 1      4.47                      5.11  -0.64    10.44
  SINCE JAN 1      5.81                      6.19  -0.38    12.38

SNOWFALL (IN)
  YESTERDAY        0.0           T    1924   0.0    0.0      0.0
  MONTH TO DATE    T                         0.5   -0.5      0.0
  SINCE OCT 1     36.6                      36.4    0.2     81.9
  SINCE JUL 1     36.6                      36.4    0.2     81.9
  SNOW DEPTH       0

DEGREE DAYS
 HEATING
  YESTERDAY        2                         7     -5        5
  MONTH TO DATE  306                       251     55      368
  SINCE MAR 1   2024                      1991     33     2347
  SINCE JUL 1   8459                      8402     57     9305

 COOLING
  YESTERDAY        0                         1     -1        0
  MONTH TO DATE    1                        13    -12        1
  SINCE MAR 1      1                        15    -14        1
  SINCE JAN 1      1                        15    -14        1
..................................................................


WIND (MPH)
  HIGHEST WIND SPEED    18   HIGHEST WIND DIRECTION     E (80)
  HIGHEST GUST SPEED    27   HIGHEST GUST DIRECTION     E (80)
  AVERAGE WIND SPEED     7.1


SKY COVER
  AVERAGE SKY COVER 0.6


WEATHER CONDITIONS
 THE FOLLOWING WEATHER WAS RECORDED YESTERDAY.
  THUNDERSTORM
  HEAVY RAIN
  RAIN
  LIGHT RAIN
  FOG


RELATIVE HUMIDITY (PERCENT)
 HIGHEST    97           500 AM
 LOWEST     73           300 PM
 AVERAGE    85

..........................................................


THE WATERTOWN SD CLIMATE NORMALS FOR TODAY
                         NORMAL    RECORD    YEAR
 MAXIMUM TEMPERATURE (F)   70        92      1926
 MINIMUM TEMPERATURE (F)   48        28      1925


SUNRISE AND SUNSET
MAY 25 2020...........SUNRISE   550 AM CDT   SUNSET   902 PM CDT
MAY 26 2020...........SUNRISE   549 AM CDT   SUNSET   903 PM CDT


-  INDICATES NEGATIVE NUMBERS.
R  INDICATES RECORD WAS SET OR TIED.
MM INDICATES DATA IS MISSING.
T  INDICATES TRACE AMOUNT.




$$
