000
CDUS43 KABR 212239
CLIATY


CLIMATE REPORT
NATIONAL WEATHER SERVICE ABERDEEN SD
539 PM CDT TUE AUG 21 2018


...................................

...THE WATERTOWN SD CLIMATE SUMMARY FOR AUGUST 21 2018...
VALID TODAY AS OF 0500 PM LOCAL TIME.

CLIMATE NORMAL PERIOD 1981 TO 2010
CLIMATE RECORD PERIOD 1898 TO 2018


WEATHER ITEM   OBSERVED TIME   RECORD YEAR NORMAL DEPARTURE LAST
                VALUE   (LST)  VALUE       VALUE  FROM      YEAR
                                                  NORMAL
..................................................................
TEMPERATURE (F)
 TODAY
  MAXIMUM         72    341 PM  99    1976  79     -7       74
  MINIMUM         52    347 AM  38    2004  57     -5       54
  AVERAGE         62                        68     -6       64

PRECIPITATION (IN)
  TODAY            0.01          2.73 1916   0.09  -0.08     1.00
  MONTH TO DATE    2.90                      1.91   0.99     2.95
  SINCE JUN 1      9.70                      8.51   1.19     9.90
  SINCE JAN 1     14.60                     15.36  -0.76    14.85

SNOWFALL (IN)
  TODAY            0.0
  MONTH TO DATE    0.0
  SINCE OCT 1     53.1
  SINCE JUL 1      0.0
  SNOW DEPTH       0

DEGREE DAYS
 HEATING
  TODAY            3                         1      2        1
  MONTH TO DATE   12                        21     -9       19
  SINCE JUN 1     22                       116    -94       68
  SINCE JUL 1     18                        38    -20       20

 COOLING
  TODAY            0                         4     -4        0
  MONTH TO DATE  131                       113     18       20
  SINCE JUN 1    487                       415     72      350
  SINCE JAN 1    576                       437    139      361
..................................................................


WIND (MPH)
  HIGHEST WIND SPEED    18   HIGHEST WIND DIRECTION     N (350)
  HIGHEST GUST SPEED    26   HIGHEST GUST DIRECTION     N (360)
  AVERAGE WIND SPEED     9.6


SKY COVER
  POSSIBLE SUNSHINE  MM
  AVERAGE SKY COVER 0.4


WEATHER CONDITIONS
 THE FOLLOWING WEATHER WAS RECORDED TODAY.
  LIGHT RAIN


RELATIVE HUMIDITY (PERCENT)
 HIGHEST    93           200 AM
 LOWEST     41           400 PM
 AVERAGE    67

..........................................................


THE WATERTOWN SD CLIMATE NORMALS FOR TOMORROW
                         NORMAL    RECORD    YEAR
 MAXIMUM TEMPERATURE (F)   79        98      1971
 MINIMUM TEMPERATURE (F)   56        35      1923


SUNRISE AND SUNSET
AUGUST 21 2018........SUNRISE   638 AM CDT   SUNSET   825 PM CDT
AUGUST 22 2018........SUNRISE   639 AM CDT   SUNSET   823 PM CDT


-  INDICATES NEGATIVE NUMBERS.
R  INDICATES RECORD WAS SET OR TIED.
MM INDICATES DATA IS MISSING.
T  INDICATES TRACE AMOUNT.




$$
