000
CDUS43 KABR 242237
CLIATY


CLIMATE REPORT
NATIONAL WEATHER SERVICE ABERDEEN SD
536 PM CDT THU MAY 24 2018


...................................

...THE WATERTOWN SD CLIMATE SUMMARY FOR MAY 24 2018...
VALID TODAY AS OF 0500 PM LOCAL TIME.

CLIMATE NORMAL PERIOD 1981 TO 2010
CLIMATE RECORD PERIOD 1898 TO 2018


WEATHER ITEM   OBSERVED TIME   RECORD YEAR NORMAL DEPARTURE LAST
                VALUE   (LST)  VALUE       VALUE  FROM      YEAR
                                                  NORMAL
..................................................................
TEMPERATURE (F)
 TODAY
  MAXIMUM         86    356 PM  95    1926  70     16       61
  MINIMUM         67    555 AM  25    2002  48     19       36
  AVERAGE         77                        59     18       49

PRECIPITATION (IN)
  TODAY            0.00          1.62 1973   0.09  -0.09     0.00
  MONTH TO DATE    1.67                      1.98  -0.31     2.06
  SINCE MAR 1      4.05                      5.11  -1.06     4.13
  SINCE JAN 1      4.90                      6.19  -1.29     4.91

SNOWFALL (IN)
  TODAY            0.0
  MONTH TO DATE    0.0
  SINCE OCT 1     53.1
  SINCE JUL 1     53.1
  SNOW DEPTH       0

DEGREE DAYS
 HEATING
  TODAY            0                         7     -7       16
  MONTH TO DATE  164                       251    -87      258
  SINCE MAR 1   2244                      1991    253     1965
  SINCE JUL 1   8611                      8402    209     7566

 COOLING
  TODAY           12                         1     11        0
  MONTH TO DATE   30                        13     17       11
  SINCE MAR 1     30                        15     15       11
  SINCE JAN 1     30                        15     15       11
..................................................................


WIND (MPH)
  HIGHEST WIND SPEED    22   HIGHEST WIND DIRECTION     S (200)
  HIGHEST GUST SPEED    29   HIGHEST GUST DIRECTION    SW (220)
  AVERAGE WIND SPEED    14.1


SKY COVER
  POSSIBLE SUNSHINE  MM
  AVERAGE SKY COVER 0.0


WEATHER CONDITIONS
 THE FOLLOWING WEATHER WAS RECORDED TODAY.
  NO SIGNIFICANT WEATHER WAS OBSERVED.


RELATIVE HUMIDITY (PERCENT)
 HIGHEST    87           600 AM
 LOWEST     44           100 PM
 AVERAGE    66

..........................................................


THE WATERTOWN SD CLIMATE NORMALS FOR TOMORROW
                         NORMAL    RECORD    YEAR
 MAXIMUM TEMPERATURE (F)   70        92      1926
 MINIMUM TEMPERATURE (F)   48        28      1925


SUNRISE AND SUNSET
MAY 24 2018...........SUNRISE   551 AM CDT   SUNSET   901 PM CDT
MAY 25 2018...........SUNRISE   550 AM CDT   SUNSET   902 PM CDT


-  INDICATES NEGATIVE NUMBERS.
R  INDICATES RECORD WAS SET OR TIED.
MM INDICATES DATA IS MISSING.
T  INDICATES TRACE AMOUNT.




$$
