000
CDUS43 KABR 231147
CLIATY


CLIMATE REPORT
NATIONAL WEATHER SERVICE ABERDEEN SD
645 AM CDT WED OCT 23 2019


...................................

...THE WATERTOWN SD CLIMATE SUMMARY FOR OCTOBER 22 2019...

CLIMATE NORMAL PERIOD 1981 TO 2010
CLIMATE RECORD PERIOD 1898 TO 2019


WEATHER ITEM   OBSERVED TIME   RECORD YEAR NORMAL DEPARTURE LAST
                VALUE   (LST)  VALUE       VALUE  FROM      YEAR
                                                  NORMAL
..................................................................
TEMPERATURE (F)
 YESTERDAY
  MAXIMUM         47    316 PM  78    1915  54     -7
  MINIMUM         29   1140 PM  13    1936  32     -3
  AVERAGE         38                        43     -5

PRECIPITATION (IN)
  YESTERDAY        T             1.15 2004   0.05  -0.05
  MONTH TO DATE    2.29                      1.48   0.81
  SINCE SEP 1      6.44                      4.12   2.32
  SINCE JAN 1     31.71                     20.35  11.36

SNOWFALL (IN)
  YESTERDAY        T             3.0  2002   0.1   -0.1      0.0
  MONTH TO DATE    1.5                       0.9    0.6       T
  SINCE OCT 1      1.5                       0.9    0.6       T
  SINCE JUL 1      1.5                       0.9    0.6       T
  SNOW DEPTH       0

DEGREE DAYS
 HEATING
  YESTERDAY       27                                5
  MONTH TO DATE  455                               66
  SINCE SEP 1    576                              -32
  SINCE JUL 1    607                              -58

 COOLING
  YESTERDAY        0                                0
  MONTH TO DATE    0                                0
  SINCE SEP 1     51                               12
  SINCE JAN 1    466                              -47
..................................................................


WIND (MPH)
  HIGHEST WIND SPEED    32   HIGHEST WIND DIRECTION    NW (310)
  HIGHEST GUST SPEED    44   HIGHEST GUST DIRECTION    NW (320)
  AVERAGE WIND SPEED    17.9


SKY COVER
  AVERAGE SKY COVER 0.3


WEATHER CONDITIONS
 THE FOLLOWING WEATHER WAS RECORDED YESTERDAY.
  NO SIGNIFICANT WEATHER WAS OBSERVED.


RELATIVE HUMIDITY (PERCENT)
 HIGHEST    92
 LOWEST     49
 AVERAGE    71

..........................................................


THE WATERTOWN SD CLIMATE NORMALS FOR TODAY
                         NORMAL    RECORD    YEAR
 MAXIMUM TEMPERATURE (F)   53        79      1927
 MINIMUM TEMPERATURE (F)   32         6      1917


SUNRISE AND SUNSET
OCTOBER 23 2019.......SUNRISE   754 AM CDT   SUNSET   631 PM CDT
OCTOBER 24 2019.......SUNRISE   756 AM CDT   SUNSET   629 PM CDT


-  INDICATES NEGATIVE NUMBERS.
R  INDICATES RECORD WAS SET OR TIED.
MM INDICATES DATA IS MISSING.
T  INDICATES TRACE AMOUNT.




$$
