000
CDUS43 KABR 302243
CLIATY

CLIMATE REPORT
NATIONAL WEATHER SERVICE ABERDEEN SD
543 PM CDT FRI OCT 30 2020

...................................

...THE WATERTOWN SD CLIMATE SUMMARY FOR OCTOBER 30 2020...
VALID TODAY AS OF 0500 PM LOCAL TIME.

CLIMATE NORMAL PERIOD 1981 TO 2010
CLIMATE RECORD PERIOD 1898 TO 2020


WEATHER ITEM   OBSERVED TIME   RECORD YEAR NORMAL DEPARTURE LAST
                VALUE   (LST)  VALUE       VALUE  FROM      YEAR
                                                  NORMAL
...................................................................
TEMPERATURE (F)
 TODAY
  MAXIMUM         42    359 PM  85    1950  49     -7       31
  MINIMUM         27    558 AM   3    1925  29     -2       16
  AVERAGE         35                        39     -4       24

PRECIPITATION (IN)
  TODAY            0.00          1.91 1977   0.05  -0.05     0.00
  MONTH TO DATE    0.88                      1.88  -1.00     2.32
  SINCE SEP 1      1.93                      4.52  -2.59     6.47
  SINCE JAN 1     18.03                     20.75  -2.72    31.74

SNOWFALL (IN)
  TODAY            0.0           4.0  1932   0.1   -0.1      0.0
  MONTH TO DATE    5.5                       1.6    3.9      1.5
  SINCE OCT 1      5.5                       1.6    3.9      1.5
  SINCE JUL 1      5.5                       1.6    3.9      1.5
  SNOW DEPTH       1

DEGREE DAYS
 HEATING
  TODAY           30                        26      4       41
  MONTH TO DATE  734                       582    152      710
  SINCE SEP 1    930                       801    129      831
  SINCE JUL 1    941                       858     83      862

 COOLING
  TODAY            0                         0      0        0
  MONTH TO DATE    1                         0      1        0
  SINCE SEP 1     28                        39    -11       51
  SINCE JAN 1    659                       513    146      466
...................................................................


WIND (MPH)
  HIGHEST WIND SPEED    17   HIGHEST WIND DIRECTION     S (170)
  HIGHEST GUST SPEED    24   HIGHEST GUST DIRECTION     S (170)
  AVERAGE WIND SPEED    10.8


SKY COVER
  AVERAGE SKY COVER 0.0


WEATHER CONDITIONS
THE FOLLOWING WEATHER WAS RECORDED TODAY.
  NO SIGNIFICANT WEATHER WAS OBSERVED.


RELATIVE HUMIDITY (PERCENT)
 HIGHEST    85           600 AM
 LOWEST     67           200 PM
 AVERAGE    76

..........................................................


THE WATERTOWN SD CLIMATE NORMALS FOR TOMORROW
                         NORMAL    RECORD    YEAR
 MAXIMUM TEMPERATURE (F)   49        78      1933
 MINIMUM TEMPERATURE (F)   29        10      1930


SUNRISE AND SUNSET
OCTOBER 30 2020.......SUNRISE   805 AM CDT   SUNSET   619 PM CDT
OCTOBER 31 2020.......SUNRISE   806 AM CDT   SUNSET   617 PM CDT


-  INDICATES NEGATIVE NUMBERS.
R  INDICATES RECORD WAS SET OR TIED.
MM INDICATES DATA IS MISSING.
T  INDICATES TRACE AMOUNT.




$$
