000
CDUS43 KABR 220707
CLIATY


CLIMATE REPORT
NATIONAL WEATHER SERVICE ABERDEEN SD
206 AM CDT TUE MAY 22 2018


...................................

...THE WATERTOWN SD CLIMATE SUMMARY FOR MAY 21 2018...

CLIMATE NORMAL PERIOD 1981 TO 2010
CLIMATE RECORD PERIOD 1898 TO 2018


WEATHER ITEM   OBSERVED TIME   RECORD YEAR NORMAL DEPARTURE LAST
                VALUE   (LST)  VALUE       VALUE  FROM      YEAR
                                                  NORMAL
..................................................................
TEMPERATURE (F)
 YESTERDAY
  MAXIMUM         63    649 PM  92    1964  69     -6       56
  MINIMUM         53   1137 PM  28    1928  47      6       36
  AVERAGE         58                        58      0       46

PRECIPITATION (IN)
  YESTERDAY        0.05          1.70 1909   0.08  -0.03      T
  MONTH TO DATE    1.24                      1.71  -0.47     1.94
  SINCE MAR 1      3.62                      4.84  -1.22     4.01
  SINCE JAN 1      4.47                      5.92  -1.45     4.79

DEGREE DAYS
 HEATING
  YESTERDAY        7                         8     -1       19
  MONTH TO DATE  164                       229    -65      206
  SINCE MAR 1   2244                      1969    275     1913
  SINCE JUL 1   8611                      8380    231     7514

 COOLING
  YESTERDAY        0                         1     -1        0
  MONTH TO DATE    9                        10     -1       11
  SINCE MAR 1      9                        12     -3       11
  SINCE JAN 1      9                        12     -3       11
..................................................................


WIND (MPH)
  HIGHEST WIND SPEED     9   HIGHEST WIND DIRECTION    SW (210)
  HIGHEST GUST SPEED    15   HIGHEST GUST DIRECTION     E (80)
  AVERAGE WIND SPEED     4.0


SKY COVER
  POSSIBLE SUNSHINE  MM
  AVERAGE SKY COVER 0.9


WEATHER CONDITIONS
 THE FOLLOWING WEATHER WAS RECORDED YESTERDAY.
  LIGHT RAIN
  FOG
  FOG W/VISIBILITY <= 1/4 MILE


RELATIVE HUMIDITY (PERCENT)
 HIGHEST   100           700 AM
 LOWEST     72          1200 AM
 AVERAGE    86

..........................................................


THE WATERTOWN SD CLIMATE NORMALS FOR TODAY
                         NORMAL    RECORD    YEAR
 MAXIMUM TEMPERATURE (F)   69        92      1964
 MINIMUM TEMPERATURE (F)   47        22      1931


SUNRISE AND SUNSET
MAY 22 2018...........SUNRISE   553 AM CDT   SUNSET   858 PM CDT
MAY 23 2018...........SUNRISE   552 AM CDT   SUNSET   900 PM CDT


-  INDICATES NEGATIVE NUMBERS.
R  INDICATES RECORD WAS SET OR TIED.
MM INDICATES DATA IS MISSING.
T  INDICATES TRACE AMOUNT.




$$
