000
CDUS43 KABR 201647
CLIATY


CLIMATE REPORT
NATIONAL WEATHER SERVICE ABERDEEN SD
1044 AM CST TUE NOV 20 2018


...................................

...THE WATERTOWN SD CLIMATE SUMMARY FOR NOVEMBER 19 2018...

CLIMATE NORMAL PERIOD 1981 TO 2010
CLIMATE RECORD PERIOD 1898 TO 2018


WEATHER ITEM   OBSERVED TIME   RECORD YEAR NORMAL DEPARTURE LAST
                VALUE   (LST)  VALUE       VALUE  FROM      YEAR
                                                  NORMAL
..................................................................
TEMPERATURE (F)
 YESTERDAY
  MAXIMUM         26   1231 AM  65    1924  37    -11       48
  MINIMUM         -2   1113 PM  -9    1914  19    -21       16
  AVERAGE         12                        28    -16       32

PRECIPITATION (IN)
  YESTERDAY        T             0.73 1983   0.03  -0.03     0.00
  MONTH TO DATE    0.84                      0.53   0.31     0.08
  SINCE SEP 1      5.76                      5.09   0.67     7.66
  SINCE JAN 1     20.48                     21.32  -0.84    22.87

SNOWFALL (IN)
  YESTERDAY        T             4.0  2011
  MONTH TO DATE    4.8
  SINCE OCT 1      4.8
  SINCE JUL 1      4.8
  SNOW DEPTH       3

DEGREE DAYS
 HEATING
  YESTERDAY       53                        37     16       33
  MONTH TO DATE  772                       607    165      685
  SINCE SEP 1   1682                      1434    248     1410
  SINCE JUL 1   1717                      1491    226     1438

 COOLING
  YESTERDAY        0                         0      0        0
  MONTH TO DATE    0                         0      0        0
  SINCE SEP 1     63                        41     22       65
  SINCE JAN 1    655                       515    140      440
..................................................................


WIND (MPH)
  HIGHEST WIND SPEED    20   HIGHEST WIND DIRECTION     N (360)
  HIGHEST GUST SPEED    24   HIGHEST GUST DIRECTION     N (350)
  AVERAGE WIND SPEED    10.7


SKY COVER
  POSSIBLE SUNSHINE  MM
  AVERAGE SKY COVER 0.6


WEATHER CONDITIONS
 THE FOLLOWING WEATHER WAS RECORDED YESTERDAY.
  LIGHT SNOW
  FOG
  HAZE


RELATIVE HUMIDITY (PERCENT)
 HIGHEST   100           400 AM
 LOWEST     73           300 PM
 AVERAGE    87

..........................................................


THE WATERTOWN SD CLIMATE NORMALS FOR TODAY
                         NORMAL    RECORD    YEAR
 MAXIMUM TEMPERATURE (F)   36        64      1962
 MINIMUM TEMPERATURE (F)   18       -13      1921


SUNRISE AND SUNSET
NOVEMBER 20 2018......SUNRISE   733 AM CST   SUNSET   455 PM CST
NOVEMBER 21 2018......SUNRISE   734 AM CST   SUNSET   455 PM CST


-  INDICATES NEGATIVE NUMBERS.
R  INDICATES RECORD WAS SET OR TIED.
MM INDICATES DATA IS MISSING.
T  INDICATES TRACE AMOUNT.




$$
