000
CDUS41 KGYX 160802
CLIAUG


CLIMATE REPORT
NATIONAL WEATHER SERVICE GRAY ME
401 AM EDT TUE OCT 16 2018


...................................

...THE AUGUSTA CLIMATE SUMMARY FOR OCTOBER 15 2018...

CLIMATE NORMAL PERIOD 1981 TO 2010
CLIMATE RECORD PERIOD 1948 TO 2018


WEATHER ITEM   OBSERVED TIME   RECORD YEAR NORMAL DEPARTURE LAST
                VALUE   (LST)  VALUE       VALUE  FROM      YEAR
                                                  NORMAL
..................................................................
TEMPERATURE (F)
 YESTERDAY
  MAXIMUM         60   1045 PM  77    1963  58      2       68
  MINIMUM         33    540 AM  27    1959  40     -7       55
  AVERAGE         47                        49     -2       62

PRECIPITATION (IN)
  YESTERDAY        0.31          2.77 2005   0.14   0.17     0.01
  MONTH TO DATE    2.15                      2.05   0.10     0.66
  SINCE SEP 1      5.96                      5.79   0.17     3.64
  SINCE JAN 1     30.19                     31.97  -1.78    28.83

DEGREE DAYS
 HEATING
  YESTERDAY       18                        16      2        3
  MONTH TO DATE  200                       208     -8      107
  SINCE SEP 1    345                       386    -41      182
  SINCE JUL 1    349                       428    -79      223

 COOLING
  YESTERDAY        0                         0      0        0
  MONTH TO DATE    1                         0      1        7
  SINCE SEP 1     69                        30     39       86
  SINCE JAN 1    557                       387    170      446
..................................................................


WIND (MPH)
  HIGHEST WIND SPEED    17   HIGHEST WIND DIRECTION     W (280)
  HIGHEST GUST SPEED    27   HIGHEST GUST DIRECTION    SW (210)
  AVERAGE WIND SPEED     6.2


SKY COVER
  AVERAGE SKY COVER 0.6


WEATHER CONDITIONS
 THE FOLLOWING WEATHER WAS RECORDED YESTERDAY.
  RAIN
  LIGHT RAIN
  FOG
  FOG W/VISIBILITY <= 1/4 MILE


RELATIVE HUMIDITY (PERCENT)
 HIGHEST   100           400 AM
 LOWEST     71          1000 AM
 AVERAGE    86

..........................................................


THE AUGUSTA CLIMATE NORMALS FOR TODAY
                         NORMAL    RECORD    YEAR
 MAXIMUM TEMPERATURE (F)   57        82      1964
 MINIMUM TEMPERATURE (F)   39        27      1980


SUNRISE AND SUNSET
OCTOBER 16 2018.......SUNRISE   655 AM EDT   SUNSET   553 PM EDT
OCTOBER 17 2018.......SUNRISE   657 AM EDT   SUNSET   552 PM EDT


-  INDICATES NEGATIVE NUMBERS.
R  INDICATES RECORD WAS SET OR TIED.
MM INDICATES DATA IS MISSING.
T  INDICATES TRACE AMOUNT.




$$
