000
CDUS41 KGYX 280803
CLIAUG


CLIMATE REPORT
NATIONAL WEATHER SERVICE GRAY ME
403 AM EDT WED OCT 28 2020


...................................

...THE AUGUSTA CLIMATE SUMMARY FOR OCTOBER 27 2020...

CLIMATE NORMAL PERIOD 1981 TO 2010
CLIMATE RECORD PERIOD 1948 TO 2020


WEATHER ITEM   OBSERVED TIME   RECORD YEAR NORMAL DEPARTURE LAST
                VALUE   (LST)  VALUE       VALUE  FROM      YEAR
                                                  NORMAL
..................................................................
TEMPERATURE (F)
 YESTERDAY
  MAXIMUM         49    106 PM  77    1963  53     -4       45
  MINIMUM         33   1159 PM  23    1976  36     -3       34
  AVERAGE         41                        45     -4       40

PRECIPITATION (IN)
  YESTERDAY        0.02          1.26 1981   0.15  -0.13     1.09
  MONTH TO DATE    5.44                      3.80   1.64     6.56
  SINCE SEP 1      6.57                      7.54  -0.97     7.69
  SINCE JAN 1     30.10                     33.72  -3.62    35.68

DEGREE DAYS
 HEATING
  YESTERDAY       24                        20      4       25
  MONTH TO DATE  398                       430    -32      401
  SINCE SEP 1    536                       608    -72      563
  SINCE JUL 1    575                       650    -75      573

 COOLING
  YESTERDAY        0                         0      0        0
  MONTH TO DATE    0                         0      0        0
  SINCE SEP 1     43                        30     13       21
  SINCE JAN 1    581                       387    194      445
..................................................................


WIND (MPH)
  HIGHEST WIND SPEED    17   HIGHEST WIND DIRECTION    NW (320)
  HIGHEST GUST SPEED    24   HIGHEST GUST DIRECTION    NW (320)
  AVERAGE WIND SPEED     7.1


SKY COVER
  AVERAGE SKY COVER 0.6


WEATHER CONDITIONS
 THE FOLLOWING WEATHER WAS RECORDED YESTERDAY.
  LIGHT RAIN
  FOG


RELATIVE HUMIDITY (PERCENT)
 HIGHEST   100          1200 AM
 LOWEST     44           800 PM
 AVERAGE    72

..........................................................


THE AUGUSTA CLIMATE NORMALS FOR TODAY
                         NORMAL    RECORD    YEAR
 MAXIMUM TEMPERATURE (F)   53        75      1989
 MINIMUM TEMPERATURE (F)   36        21      1957


SUNRISE AND SUNSET
OCTOBER 28 2020.......SUNRISE   712 AM EDT   SUNSET   534 PM EDT
OCTOBER 29 2020.......SUNRISE   713 AM EDT   SUNSET   532 PM EDT


-  INDICATES NEGATIVE NUMBERS.
R  INDICATES RECORD WAS SET OR TIED.
MM INDICATES DATA IS MISSING.
T  INDICATES TRACE AMOUNT.




$$
