000
CDUS41 KGYX 202047
CLIAUG


CLIMATE REPORT
NATIONAL WEATHER SERVICE GRAY ME
447 PM EDT SUN OCT 20 2019


...................................

...THE AUGUSTA CLIMATE SUMMARY FOR OCTOBER 20 2019...
VALID TODAY AS OF 0400 PM LOCAL TIME.

CLIMATE NORMAL PERIOD 1981 TO 2010
CLIMATE RECORD PERIOD 1948 TO 2019


WEATHER ITEM   OBSERVED TIME   RECORD YEAR NORMAL DEPARTURE LAST
                VALUE   (LST)  VALUE       VALUE  FROM      YEAR
                                                  NORMAL
..................................................................
TEMPERATURE (F)
 TODAY
  MAXIMUM         54    259 PM  77    1963  56     -2       63
  MINIMUM         32    523 AM  27    2008  38     -6       42
  AVERAGE         43                        47     -4       53

PRECIPITATION (IN)
  TODAY            0.00          1.88 2006   0.14  -0.14     0.00
  MONTH TO DATE    3.16                      2.76   0.40     2.18
  SINCE SEP 1      4.29                      6.50  -2.21     5.99
  SINCE JAN 1     32.28                     32.68  -0.40    30.22

DEGREE DAYS
 HEATING
  TODAY           22                        18      4       12
  MONTH TO DATE  291                       295     -4      300
  SINCE SEP 1    453                       473    -20      445
  SINCE JUL 1    463                       515    -52      449

 COOLING
  TODAY            0                         0      0        0
  MONTH TO DATE    0                         0      0        1
  SINCE SEP 1     21                        30     -9       69
  SINCE JAN 1    445                       387     58      557
..................................................................


WIND (MPH)
  HIGHEST WIND SPEED     8   HIGHEST WIND DIRECTION     N (360)
  HIGHEST GUST SPEED     9   HIGHEST GUST DIRECTION    SW (220)
  AVERAGE WIND SPEED     2.7


SKY COVER
  AVERAGE SKY COVER 0.0


WEATHER CONDITIONS
 THE FOLLOWING WEATHER WAS RECORDED TODAY.
  FOG


RELATIVE HUMIDITY (PERCENT)
 HIGHEST   100           500 AM
 LOWEST     50           100 PM
 AVERAGE    75

..........................................................


THE AUGUSTA CLIMATE NORMALS FOR TOMORROW
                         NORMAL    RECORD    YEAR
 MAXIMUM TEMPERATURE (F)   55        75      1979
 MINIMUM TEMPERATURE (F)   38        25      1974


SUNRISE AND SUNSET
OCTOBER 20 2019.......SUNRISE   700 AM EDT   SUNSET   547 PM EDT
OCTOBER 21 2019.......SUNRISE   701 AM EDT   SUNSET   546 PM EDT


-  INDICATES NEGATIVE NUMBERS.
R  INDICATES RECORD WAS SET OR TIED.
MM INDICATES DATA IS MISSING.
T  INDICATES TRACE AMOUNT.




$$
