000
CDUS41 KGYX 232142
CLIAUG


CLIMATE REPORT
NATIONAL WEATHER SERVICE GRAY ME
441 PM EST THU JAN 23 2020


...................................

...THE AUGUSTA CLIMATE SUMMARY FOR JANUARY 23 2020...
VALID TODAY AS OF 0400 PM LOCAL TIME.

CLIMATE NORMAL PERIOD 1981 TO 2010
CLIMATE RECORD PERIOD 1948 TO 2020


WEATHER ITEM   OBSERVED TIME   RECORD YEAR NORMAL DEPARTURE LAST
                VALUE   (LST)  VALUE       VALUE  FROM      YEAR
                                                  NORMAL
..................................................................
TEMPERATURE (F)
 TODAY
  MAXIMUM         40    252 PM  51    1992  27     13       34
  MINIMUM         16    754 AM -14    1976  11      5       11
  AVERAGE         28                        19      9       23

PRECIPITATION (IN)
  TODAY            0.00          1.52 1992   0.09  -0.09      T
  MONTH TO DATE    1.00                      1.94  -0.94     2.46
  SINCE DEC 1      4.78                      5.18  -0.40     6.07
  SINCE JAN 1      1.00                      1.94  -0.94     2.46

DEGREE DAYS
 HEATING
  TODAY           37                        46     -9       42
  MONTH TO DATE  933                      1049   -116     1070
  SINCE DEC 1   2082                      2256   -174     2284
  SINCE JUL 1   3651                      3804   -153     3981

 COOLING
  TODAY            0                         0      0        0
  MONTH TO DATE    0                         0      0        0
  SINCE DEC 1      0                         0      0        0
  SINCE JAN 1      0                         0      0        0
..................................................................


WIND (MPH)
  HIGHEST WIND SPEED     7   HIGHEST WIND DIRECTION     S (190)
  HIGHEST GUST SPEED     9   HIGHEST GUST DIRECTION     S (200)
  AVERAGE WIND SPEED     2.7


SKY COVER
  AVERAGE SKY COVER 0.0


WEATHER CONDITIONS
 THE FOLLOWING WEATHER WAS RECORDED TODAY.
  FOG
  HAZE


RELATIVE HUMIDITY (PERCENT)
 HIGHEST    84           600 AM
 LOWEST     40           200 PM
 AVERAGE    62

..........................................................


THE AUGUSTA CLIMATE NORMALS FOR TOMORROW
                         NORMAL    RECORD    YEAR
 MAXIMUM TEMPERATURE (F)   27        52      1992
 MINIMUM TEMPERATURE (F)   11       -14      1961


SUNRISE AND SUNSET
JANUARY 23 2020.......SUNRISE   707 AM EST   SUNSET   436 PM EST
JANUARY 24 2020.......SUNRISE   706 AM EST   SUNSET   437 PM EST


-  INDICATES NEGATIVE NUMBERS.
R  INDICATES RECORD WAS SET OR TIED.
MM INDICATES DATA IS MISSING.
T  INDICATES TRACE AMOUNT.




$$
