000
CDUS41 KGYX 172044
CLIAUG


CLIMATE REPORT
NATIONAL WEATHER SERVICE GRAY ME
444 PM EDT FRI AUG 17 2018


...................................

...THE AUGUSTA CLIMATE SUMMARY FOR AUGUST 17 2018...
VALID TODAY AS OF 0400 PM LOCAL TIME.

CLIMATE NORMAL PERIOD 1981 TO 2010
CLIMATE RECORD PERIOD 1948 TO 2018


WEATHER ITEM   OBSERVED TIME   RECORD YEAR NORMAL DEPARTURE LAST
                VALUE   (LST)  VALUE       VALUE  FROM      YEAR
                                                  NORMAL
..................................................................
TEMPERATURE (F)
 TODAY
  MAXIMUM         79    151 PM  96    1987  78      1       79
  MINIMUM         55    426 AM  47    1961  59     -4       55
  AVERAGE         67                        68     -1       67

PRECIPITATION (IN)
  TODAY            0.00          1.07 1962   0.10  -0.10     0.00
  MONTH TO DATE    1.23                      1.88  -0.65     1.34
  SINCE JUN 1      7.39                      8.86  -1.47     4.91
  SINCE JAN 1     22.79                     24.75  -1.96    23.86

DEGREE DAYS
 HEATING
  TODAY            0                         1     -1        0
  MONTH TO DATE    0                         6     -6        1
  SINCE JUN 1    108                       116     -8       90
  SINCE JUL 1      3                        22    -19       12

 COOLING
  TODAY            2                         4     -2        2
  MONTH TO DATE  148                        80     68       86
  SINCE JUN 1    415                       301    114      320
  SINCE JAN 1    424                       310    114      331
..................................................................


WIND (MPH)
  HIGHEST WIND SPEED    13   HIGHEST WIND DIRECTION     S (160)
  HIGHEST GUST SPEED    16   HIGHEST GUST DIRECTION    SE (150)
  AVERAGE WIND SPEED     2.7


SKY COVER
  AVERAGE SKY COVER 0.0


WEATHER CONDITIONS
 THE FOLLOWING WEATHER WAS RECORDED TODAY.
  NO SIGNIFICANT WEATHER WAS OBSERVED.


RELATIVE HUMIDITY (PERCENT)
 HIGHEST    93           500 AM
 LOWEST     52           100 PM
 AVERAGE    73

..........................................................


THE AUGUSTA CLIMATE NORMALS FOR TOMORROW
                         NORMAL    RECORD    YEAR
 MAXIMUM TEMPERATURE (F)   78        91      2002
 MINIMUM TEMPERATURE (F)   59        49      1985


SUNRISE AND SUNSET
AUGUST 17 2018........SUNRISE   545 AM EDT   SUNSET   741 PM EDT
AUGUST 18 2018........SUNRISE   546 AM EDT   SUNSET   739 PM EDT


-  INDICATES NEGATIVE NUMBERS.
R  INDICATES RECORD WAS SET OR TIED.
MM INDICATES DATA IS MISSING.
T  INDICATES TRACE AMOUNT.




$$
