000
CDUS41 KGYX 230903
CLIAUG


CLIMATE REPORT
NATIONAL WEATHER SERVICE GRAY ME
402 AM EST WED JAN 23 2019


...................................

...THE AUGUSTA CLIMATE SUMMARY FOR JANUARY 22 2019...

CLIMATE NORMAL PERIOD 1981 TO 2010
CLIMATE RECORD PERIOD 1948 TO 2019


WEATHER ITEM   OBSERVED TIME   RECORD YEAR NORMAL DEPARTURE LAST
                VALUE   (LST)  VALUE       VALUE  FROM      YEAR
                                                  NORMAL
..................................................................
TEMPERATURE (F)
 YESTERDAY
  MAXIMUM         22    157 PM  49    1957  27     -5       32
  MINIMUM          1    658 AM -15    2005  10     -9       18
  AVERAGE         12                        19     -7       25

PRECIPITATION (IN)
  YESTERDAY        0.00          1.49 1958   0.09  -0.09     0.13
  MONTH TO DATE    1.43                      1.85  -0.42     3.56
  SINCE DEC 1      5.04                      5.09  -0.05     6.48
  SINCE JAN 1      1.43                      1.85  -0.42     3.56

DEGREE DAYS
 HEATING
  YESTERDAY       53                        46      7       40
  MONTH TO DATE 1028                      1003     25     1000
  SINCE DEC 1   2242                      2210     32     2362
  SINCE JUL 1   3939                      3758    181     3598

 COOLING
  YESTERDAY        0                         0      0        0
  MONTH TO DATE    0                         0      0        0
  SINCE DEC 1      0                         0      0        0
  SINCE JAN 1      0                         0      0        0
..................................................................


WIND (MPH)
  HIGHEST WIND SPEED    20   HIGHEST WIND DIRECTION    NW (320)
  HIGHEST GUST SPEED    27   HIGHEST GUST DIRECTION    NW (310)
  AVERAGE WIND SPEED     9.2


SKY COVER
  AVERAGE SKY COVER 0.2


WEATHER CONDITIONS
 THE FOLLOWING WEATHER WAS RECORDED YESTERDAY.
  NO SIGNIFICANT WEATHER WAS OBSERVED.


RELATIVE HUMIDITY (PERCENT)
 HIGHEST    57           300 AM
 LOWEST     21           100 PM
 AVERAGE    39

..........................................................


THE AUGUSTA CLIMATE NORMALS FOR TODAY
                         NORMAL    RECORD    YEAR
 MAXIMUM TEMPERATURE (F)   27        51      1992
 MINIMUM TEMPERATURE (F)   11       -14      1976


SUNRISE AND SUNSET
JANUARY 23 2019.......SUNRISE   706 AM EST   SUNSET   436 PM EST
JANUARY 24 2019.......SUNRISE   705 AM EST   SUNSET   437 PM EST


-  INDICATES NEGATIVE NUMBERS.
R  INDICATES RECORD WAS SET OR TIED.
MM INDICATES DATA IS MISSING.
T  INDICATES TRACE AMOUNT.




$$
