000
CDUS44 KEWX 172226
CLIAUS


CLIMATE REPORT
NATIONAL WEATHER SERVICE AUSTIN/SAN ANTONIO, TX
526 PM CDT SUN JUN 17 2018


...................................

...THE AUSTIN BERGSTROM CLIMATE SUMMARY FOR JUNE 17 2018...
VALID TODAY AS OF 0500 PM LOCAL TIME.

CLIMATE NORMAL PERIOD 1981 TO 2010
CLIMATE RECORD PERIOD 1943 TO 2018


WEATHER ITEM   OBSERVED TIME   RECORD YEAR NORMAL DEPARTURE LAST
                VALUE   (LST)  VALUE       VALUE  FROM      YEAR
                                                  NORMAL
..................................................................
TEMPERATURE (F)
 TODAY
  MAXIMUM         94    341 PM 104    2011  93      1      100
  MINIMUM         69    526 AM  62    1989  70     -1       77
  AVERAGE         82                        81      1       89

PRECIPITATION (IN)
  TODAY            0.00          1.57 2006   0.17  -0.17     0.00
  MONTH TO DATE    0.13                      2.48  -2.35     1.93
  SINCE JUN 1      0.13                      2.48  -2.35     1.93
  SINCE JAN 1     11.86                     16.09  -4.23    16.71

SNOWFALL (IN)
  TODAY            0.0
  MONTH TO DATE    0.0
  SINCE JUN 1      0.0
  SINCE JUL 1      1.3
  SNOW DEPTH       0

DEGREE DAYS
 HEATING
  TODAY            0                         0      0        0
  MONTH TO DATE    0                         0      0        0
  SINCE JUN 1      0                         0      0        0
  SINCE JUL 1   1705                      1903   -198      960

 COOLING
  TODAY           17                        16      1       24
  MONTH TO DATE  352                       260     92      302
  SINCE JUN 1    352                       260     92      302
  SINCE JAN 1   1026                       767    259     1087
..................................................................


WIND (MPH)
  HIGHEST WIND SPEED    16   HIGHEST WIND DIRECTION     E (80)
  HIGHEST GUST SPEED    20   HIGHEST GUST DIRECTION     E (100)
  AVERAGE WIND SPEED     3.6


SKY COVER
  AVERAGE SKY COVER 0.6


WEATHER CONDITIONS
 THE FOLLOWING WEATHER WAS RECORDED TODAY.
  NO SIGNIFICANT WEATHER WAS OBSERVED.


RELATIVE HUMIDITY (PERCENT)
 HIGHEST   100           500 AM
 LOWEST     46           400 PM
 AVERAGE    73

..........................................................


THE AUSTIN BERGSTROM CLIMATE NORMALS FOR TOMORROW
                         NORMAL    RECORD    YEAR
 MAXIMUM TEMPERATURE (F)   93       105      2011
 MINIMUM TEMPERATURE (F)   70        63      2002


SUNRISE AND SUNSET
JUNE 17 2018..........SUNRISE   629 AM CDT   SUNSET   834 PM CDT
JUNE 18 2018..........SUNRISE   629 AM CDT   SUNSET   835 PM CDT


-  INDICATES NEGATIVE NUMBERS.
R  INDICATES RECORD WAS SET OR TIED.
MM INDICATES DATA IS MISSING.
T  INDICATES TRACE AMOUNT.




$$
