000
CDUS44 KEWX 310724
CLIAUS


CLIMATE REPORT
NATIONAL WEATHER SERVICE AUSTIN/SAN ANTONIO, TX
223 AM CDT SAT OCT 31 2020


...................................

...THE AUSTIN BERGSTROM CLIMATE SUMMARY FOR OCTOBER 30 2020...

CLIMATE NORMAL PERIOD 1981 TO 2010
CLIMATE RECORD PERIOD 1943 TO 2020


WEATHER ITEM   OBSERVED TIME   RECORD YEAR NORMAL DEPARTURE LAST
                VALUE   (LST)  VALUE       VALUE  FROM      YEAR
                                                  NORMAL
..................................................................
TEMPERATURE (F)
 YESTERDAY
  MAXIMUM         72    418 PM  88    2016  78     -6       50
                                      1972
                                      1951
  MINIMUM         42   1120 PM  32    2010  51     -9       42
  AVERAGE         57                        65     -8       46

PRECIPITATION (IN)
  YESTERDAY        0.00         12.49 2015   0.14  -0.14     0.01
  MONTH TO DATE    0.34                      4.10  -3.76     2.53
  SINCE SEP 1      6.96                      6.64   0.32     2.88
  SINCE JAN 1     32.63                     29.35   3.28    27.69

SNOWFALL (IN)
  YESTERDAY        0.0
  MONTH TO DATE    0.0
  SINCE SEP 1      0.0
  SINCE JUL 1      0.0
  SNOW DEPTH       0

DEGREE DAYS
 HEATING
  YESTERDAY        8                         3      5       19
  MONTH TO DATE   64                        46     18       61
  SINCE SEP 1     65                        48     17       61
  SINCE JUL 1     65                        48     17       61

 COOLING
  YESTERDAY        0                         3     -3        0
  MONTH TO DATE  224                       171     53      238
  SINCE SEP 1    593                       559     34      855
  SINCE JAN 1   3122                      2699    423     3308
..................................................................


WIND (MPH)
  HIGHEST WIND SPEED    12   HIGHEST WIND DIRECTION     N (350)
  HIGHEST GUST SPEED    15   HIGHEST GUST DIRECTION     N (350)
  AVERAGE WIND SPEED     4.8


SKY COVER
  AVERAGE SKY COVER 0.1


WEATHER CONDITIONS
 THE FOLLOWING WEATHER WAS RECORDED YESTERDAY.
  NO SIGNIFICANT WEATHER WAS OBSERVED.


RELATIVE HUMIDITY (PERCENT)
 HIGHEST    89          1000 PM
 LOWEST     25           300 PM
 AVERAGE    57

..........................................................


THE AUSTIN BERGSTROM CLIMATE NORMALS FOR TODAY
                         NORMAL    RECORD    YEAR
 MAXIMUM TEMPERATURE (F)   77        90      1997
                                             1992
 MINIMUM TEMPERATURE (F)   51        30      2019


SUNRISE AND SUNSET
OCTOBER 31 2020.......SUNRISE   744 AM CDT   SUNSET   644 PM CDT
NOVEMBER  1 2020......SUNRISE   645 AM CST   SUNSET   543 PM CST


-  INDICATES NEGATIVE NUMBERS.
R  INDICATES RECORD WAS SET OR TIED.
MM INDICATES DATA IS MISSING.
T  INDICATES TRACE AMOUNT.




$$
