000
CDUS44 KEWX 152335
CLIAUS


CLIMATE REPORT
NATIONAL WEATHER SERVICE AUSTIN/SAN ANTONIO, TX
533 PM CST SAT DEC 15 2018


...................................

...THE AUSTIN BERGSTROM CLIMATE SUMMARY FOR DECEMBER 15 2018...
VALID TODAY AS OF 0500 PM LOCAL TIME.

CLIMATE NORMAL PERIOD 1981 TO 2010
CLIMATE RECORD PERIOD 1943 TO 2018


WEATHER ITEM   OBSERVED TIME   RECORD YEAR NORMAL DEPARTURE LAST
                VALUE   (LST)  VALUE       VALUE  FROM      YEAR
                                                  NORMAL
..................................................................
TEMPERATURE (F)
 TODAY
  MAXIMUM         70    338 PM  81    1995  63      7       59
  MINIMUM         44    757 AM  19    2004  37      7       37
  AVERAGE         57                        50      7       48

PRECIPITATION (IN)
  TODAY            0.00          2.78 1994   0.07  -0.07     0.00
  MONTH TO DATE    4.14                      1.06   3.08     1.39
  SINCE DEC 1      4.14                      1.06   3.08     1.39
  SINCE JAN 1     33.68                     33.49   0.19    39.26

SNOWFALL (IN)
  TODAY            0.0
  MONTH TO DATE    0.0
  SINCE DEC 1      0.0
  SINCE JUL 1      0.0
  SNOW DEPTH       0

DEGREE DAYS
 HEATING
  TODAY            8                        15     -7       17
  MONTH TO DATE  192                       210    -18      200
  SINCE DEC 1    192                       210    -18      200
  SINCE JUL 1    539                       495     44      407

 COOLING
  TODAY            0                         0      0        0
  MONTH TO DATE    0                         5     -5       12
  SINCE DEC 1      0                         5     -5       12
  SINCE JAN 1   3337                      2746    591     3362
..................................................................


WIND (MPH)
  HIGHEST WIND SPEED    16   HIGHEST WIND DIRECTION    NW (330)
  HIGHEST GUST SPEED    22   HIGHEST GUST DIRECTION    NW (330)
  AVERAGE WIND SPEED     8.8


SKY COVER
  AVERAGE SKY COVER 0.1


WEATHER CONDITIONS
 THE FOLLOWING WEATHER WAS RECORDED TODAY.
  NO SIGNIFICANT WEATHER WAS OBSERVED.


RELATIVE HUMIDITY (PERCENT)
 HIGHEST    45           800 AM
 LOWEST     14           300 PM
 AVERAGE    30

..........................................................


THE AUSTIN BERGSTROM CLIMATE NORMALS FOR TOMORROW
                         NORMAL    RECORD    YEAR
 MAXIMUM TEMPERATURE (F)   63        80      2006
                                             1977
 MINIMUM TEMPERATURE (F)   37        18      1989


SUNRISE AND SUNSET
DECEMBER 15 2018......SUNRISE   719 AM CST   SUNSET   532 PM CST
DECEMBER 16 2018......SUNRISE   720 AM CST   SUNSET   533 PM CST


-  INDICATES NEGATIVE NUMBERS.
R  INDICATES RECORD WAS SET OR TIED.
MM INDICATES DATA IS MISSING.
T  INDICATES TRACE AMOUNT.




$$
