183
CDUS44 KEWX 180845
CLIAUS


CLIMATE REPORT
NATIONAL WEATHER SERVICE AUSTIN/SAN ANTONIO, TX
344 AM CDT FRI OCT 18 2019


...................................

...THE AUSTIN BERGSTROM CLIMATE SUMMARY FOR OCTOBER 17 2019...

CLIMATE NORMAL PERIOD 1981 TO 2010
CLIMATE RECORD PERIOD 1943 TO 2019


WEATHER ITEM   OBSERVED TIME   RECORD YEAR NORMAL DEPARTURE LAST
                VALUE   (LST)  VALUE       VALUE  FROM      YEAR
                                                  NORMAL
..................................................................
TEMPERATURE (F)
 YESTERDAY
  MAXIMUM         77    346 PM  97    1993  82     -5       60
  MINIMUM         50   1159 PM  35    2001  56     -6       51
  AVERAGE         64                        69     -5       56

PRECIPITATION (IN)
  YESTERDAY        0.00          6.89 1998   0.14  -0.14     0.05
  MONTH TO DATE    0.18                      2.15  -1.97     4.64
  SINCE SEP 1      0.53                      4.69  -4.16    10.23
  SINCE JAN 1     25.34                     27.40  -2.06    24.68

SNOWFALL (IN)
  YESTERDAY        0.0
  MONTH TO DATE    0.0
  SINCE SEP 1      0.0
  SINCE JUL 1      0.0
  SNOW DEPTH       0

DEGREE DAYS
 HEATING
  YESTERDAY        1                         1      0        9
  MONTH TO DATE    9                        16     -7       27
  SINCE SEP 1      9                        18     -9       27
  SINCE JUL 1      9                        18     -9       27

 COOLING
  YESTERDAY        0                         5     -5        0
  MONTH TO DATE  202                       120     82      177
  SINCE SEP 1    819                       508    311      648
  SINCE JAN 1   3272                      2648    624     3286
..................................................................


WIND (MPH)
  HIGHEST WIND SPEED    13   HIGHEST WIND DIRECTION     E (70)
  HIGHEST GUST SPEED    19   HIGHEST GUST DIRECTION    SE (120)
  AVERAGE WIND SPEED     4.0


SKY COVER
  AVERAGE SKY COVER 0.5


WEATHER CONDITIONS
 THE FOLLOWING WEATHER WAS RECORDED YESTERDAY.
  NO SIGNIFICANT WEATHER WAS OBSERVED.


RELATIVE HUMIDITY (PERCENT)
 HIGHEST    83          1100 PM
 LOWEST     25           500 PM
 AVERAGE    54

..........................................................


THE AUSTIN BERGSTROM CLIMATE NORMALS FOR TODAY
                         NORMAL    RECORD    YEAR
 MAXIMUM TEMPERATURE (F)   82        93      1993
 MINIMUM TEMPERATURE (F)   55        41      2017


SUNRISE AND SUNSET
OCTOBER 18 2019.......SUNRISE   735 AM CDT   SUNSET   657 PM CDT
OCTOBER 19 2019.......SUNRISE   735 AM CDT   SUNSET   656 PM CDT


-  INDICATES NEGATIVE NUMBERS.
R  INDICATES RECORD WAS SET OR TIED.
MM INDICATES DATA IS MISSING.
T  INDICATES TRACE AMOUNT.




$$
