000
CDUS43 KGRB 170705
CLIAUW


CLIMATE REPORT
NATIONAL WEATHER SERVICE GREEN BAY
204 AM CDT WED OCT 17 2018


...................................

...THE WAUSAU WI CLIMATE SUMMARY FOR OCTOBER 16 2018...

CLIMATE NORMAL PERIOD 1981 TO 2010
CLIMATE RECORD PERIOD 1896 TO 2018


WEATHER ITEM   OBSERVED TIME   RECORD YEAR NORMAL DEPARTURE LAST
                VALUE   (LST)  VALUE       VALUE  FROM      YEAR
                                                  NORMAL
..................................................................
TEMPERATURE (F)
 YESTERDAY
  MAXIMUM         54    254 PM  82    1953  56     -2       58
  MINIMUM         34    655 AM  17    1952  37     -3       33
  AVERAGE         44                        46     -2

PRECIPITATION (IN)
  YESTERDAY        0.00          1.98 1911   0.10  -0.10     0.00
  MONTH TO DATE    5.41                      1.70   3.71     2.99
  SINCE SEP 1     10.94                      5.60   5.34     4.94
  SINCE JAN 1     35.46                     27.81   7.65    34.26

SNOWFALL (IN)
  YESTERDAY        0.0           0.2  1992   0.1   -0.1      0.0
  MONTH TO DATE    0.5                       0.5    0.0      0.0
  SINCE JUL 1      0.5                       0.5    0.0      0.0
  SNOW DEPTH       0

DEGREE DAYS
 HEATING
  YESTERDAY       21                        19      2       19
  MONTH TO DATE  307                       261     46      170
  SINCE SEP 1    497                       488      9      326
  SINCE JUL 1    517                       554    -37      384

 COOLING
  YESTERDAY        0                         0      0        0
  MONTH TO DATE    0                         0      0        1
  SINCE SEP 1     64                        30     34       67
  SINCE JAN 1    628                       405    223      339
..................................................................


WIND (MPH)
  HIGHEST WIND SPEED    26   HIGHEST WIND DIRECTION     W (270)
  HIGHEST GUST SPEED    35   HIGHEST GUST DIRECTION     W (290)
  AVERAGE WIND SPEED    10.3


SKY COVER
  POSSIBLE SUNSHINE  MM
  AVERAGE SKY COVER 0.5


WEATHER CONDITIONS
 THE FOLLOWING WEATHER WAS RECORDED YESTERDAY.
  NO SIGNIFICANT WEATHER WAS OBSERVED.


RELATIVE HUMIDITY (PERCENT)
 HIGHEST    75          1200 AM
 LOWEST     41           300 PM
 AVERAGE    58

..........................................................


THE WAUSAU WI CLIMATE NORMALS FOR TODAY
                         NORMAL    RECORD    YEAR
 MAXIMUM TEMPERATURE (F)   55        82      1910
 MINIMUM TEMPERATURE (F)   36        17      1952
                                             1948


SUNRISE AND SUNSET
OCTOBER 17 2018.......SUNRISE   717 AM CDT   SUNSET   610 PM CDT
OCTOBER 18 2018.......SUNRISE   718 AM CDT   SUNSET   609 PM CDT


-  INDICATES NEGATIVE NUMBERS.
R  INDICATES RECORD WAS SET OR TIED.
MM INDICATES DATA IS MISSING.
T  INDICATES TRACE AMOUNT.




$$
