000
CDUS43 KGRB 310629
CLIAUW

CLIMATE REPORT
NATIONAL WEATHER SERVICE GREEN BAY
129 AM CDT SAT OCT 31 2020

...................................

...THE WAUSAU WI CLIMATE SUMMARY FOR OCTOBER 30 2020...

CLIMATE NORMAL PERIOD: 1981 TO 2010
CLIMATE RECORD PERIOD: 1896 TO 2020


WEATHER ITEM   OBSERVED TIME   RECORD YEAR NORMAL DEPARTURE LAST
                VALUE   (LST)  VALUE       VALUE  FROM      YEAR
                                                  NORMAL
...................................................................
TEMPERATURE (F)
 YESTERDAY
  MAXIMUM         40   2:55 PM  78          49     -9       35
  MINIMUM         23   6:24 AM   8    1925  32     -9       23
  AVERAGE         32                        41     -9       29

PRECIPITATION (IN)
  YESTERDAY        0.00          2.00 1935   0.08  -0.08     0.00
  MONTH TO DATE    2.73                      2.87  -0.14     4.16
  SINCE SEP 1      5.21                      6.77  -1.56    11.82
  SINCE JAN 1     31.93                     28.98   2.95    42.97

SNOWFALL (IN)
  YESTERDAY        0.0           0.9  1955   0.1   -0.1      0.0
                                      2001
  MONTH TO DATE    4.5                       1.3    3.2       T
  SINCE JUL 1      4.5                       1.3    3.2       T
  SNOW DEPTH       0

DEGREE DAYS
 HEATING
  YESTERDAY       33                        24      9       36
  MONTH TO DATE  724                       566    158      613
  SINCE SEP 1    970                       793    177      744
  SINCE JUL 1    999                       859    140      792

 COOLING
  YESTERDAY        0                         0      0        0
  MONTH TO DATE    0                         0      0        0
  SINCE SEP 1      9                        30    -21       40
  SINCE JAN 1    520                       405    115      363
...................................................................


WIND (MPH)
  HIGHEST WIND SPEED    10   HIGHEST WIND DIRECTION    NW (310)
  HIGHEST GUST SPEED    14   HIGHEST GUST DIRECTION    NW (330)
  AVERAGE WIND SPEED     4.1


SKY COVER
  POSSIBLE SUNSHINE  MM
  AVERAGE SKY COVER 0.3


WEATHER CONDITIONS
THE FOLLOWING WEATHER WAS RECORDED YESTERDAY.
  NO SIGNIFICANT WEATHER WAS OBSERVED.


RELATIVE HUMIDITY (PERCENT)
 HIGHEST    85           9:00 PM
 LOWEST     41           3:00 PM
 AVERAGE    63

..........................................................


THE WAUSAU WI CLIMATE NORMALS FOR TODAY
                         NORMAL    RECORD    YEAR
 MAXIMUM TEMPERATURE (F)   49        78      1950
 MINIMUM TEMPERATURE (F)   32        12      1906


SUNRISE AND SUNSET
OCTOBER 31 2020.......SUNRISE   7:36 AM CDT   SUNSET   5:47 PM CDT
NOVEMBER  1 2020......SUNRISE   6:38 AM CST   SUNSET   4:46 PM CST


-  INDICATES NEGATIVE NUMBERS.
R  INDICATES RECORD WAS SET OR TIED.
MM INDICATES DATA IS MISSING.
T  INDICATES TRACE AMOUNT.




$$
