504
CDUS43 KGRB 222234
CLIAUW


CLIMATE REPORT
NATIONAL WEATHER SERVICE GREEN BAY
433 PM CST THU FEB 22 2018


...................................

...THE WAUSAU WI CLIMATE SUMMARY FOR FEBRUARY 22 2018...
VALID TODAY AS OF 0400 PM LOCAL TIME.

CLIMATE NORMAL PERIOD 1981 TO 2010
CLIMATE RECORD PERIOD 1896 TO 2018


WEATHER ITEM   OBSERVED TIME   RECORD YEAR NORMAL DEPARTURE LAST
                VALUE   (LST)  VALUE       VALUE  FROM      YEAR
                                                  NORMAL
..................................................................
TEMPERATURE (F)
 TODAY
  MAXIMUM         29    359 PM  55    2017  30     -1       55
  MINIMUM          5    541 AM -23    1936  12     -7       36
  AVERAGE         17                        21     -4       46

PRECIPITATION (IN)
  TODAY            0.00          1.28 1981   0.04  -0.04      T
  MONTH TO DATE    0.43                      0.68  -0.25     0.88
  SINCE DEC 1      2.83                      3.06  -0.23     5.88
  SINCE JAN 1      1.67                      1.70  -0.03     3.22

SNOWFALL (IN)
  TODAY            0.0           5.0  1945   0.4   -0.4      0.0
  MONTH TO DATE    6.0                       7.5   -1.5      0.4
  SINCE DEC 1     28.8                      34.9   -6.1     43.4
  SINCE JUL 1     37.1                      43.2   -6.1     46.5
  SNOW DEPTH      MM

DEGREE DAYS
 HEATING
  TODAY           48                        44      4       19
  MONTH TO DATE 1164                      1030    134      862
  SINCE DEC 1   4196                      4021    175     3732
  SINCE JUL 1   5881                      5880      1     5010

 COOLING
  TODAY            0                         0      0        0
  MONTH TO DATE    0                         0      0        0
  SINCE JAN 1      0                         0      0        0
..................................................................


WIND (MPH)
  HIGHEST WIND SPEED    13   HIGHEST WIND DIRECTION     E (80)
  HIGHEST GUST SPEED    16   HIGHEST GUST DIRECTION     E (110)
  AVERAGE WIND SPEED     4.1


SKY COVER
  POSSIBLE SUNSHINE  MM
  AVERAGE SKY COVER 0.5


WEATHER CONDITIONS
 THE FOLLOWING WEATHER WAS RECORDED TODAY.
  NO SIGNIFICANT WEATHER WAS OBSERVED.


RELATIVE HUMIDITY (PERCENT)
 HIGHEST    88          1200 AM
 LOWEST     46           200 PM
 AVERAGE    67

..........................................................


THE WAUSAU WI CLIMATE NORMALS FOR TOMORROW
                         NORMAL    RECORD    YEAR
 MAXIMUM TEMPERATURE (F)   31        50      2000
 MINIMUM TEMPERATURE (F)   13       -17      2015


SUNRISE AND SUNSET
FEBRUARY 22 2018......SUNRISE   648 AM CST   SUNSET   536 PM CST
FEBRUARY 23 2018......SUNRISE   646 AM CST   SUNSET   538 PM CST


-  INDICATES NEGATIVE NUMBERS.
R  INDICATES RECORD WAS SET OR TIED.
MM INDICATES DATA IS MISSING.
T  INDICATES TRACE AMOUNT.




$$
