000
CDUS43 KGRB 230701
CLIAUW


CLIMATE REPORT
NATIONAL WEATHER SERVICE GREEN BAY
201 AM CDT MON APR 23 2018


...................................

...THE WAUSAU WI CLIMATE SUMMARY FOR APRIL 22 2018...

CLIMATE NORMAL PERIOD 1981 TO 2010
CLIMATE RECORD PERIOD 1896 TO 2018


WEATHER ITEM   OBSERVED TIME   RECORD YEAR NORMAL DEPARTURE LAST
                VALUE   (LST)  VALUE       VALUE  FROM      YEAR
                                                  NORMAL
..................................................................
TEMPERATURE (F)
 YESTERDAY
  MAXIMUM         60    259 PM  88    1980  58      2       64
  MINIMUM         28    556 AM  20    1986  36     -8       29
  AVERAGE         44                        47     -3

PRECIPITATION (IN)
  YESTERDAY        0.00          1.13 1920   0.10  -0.10     0.00
  MONTH TO DATE    3.11                      1.89   1.22     4.54
  SINCE MAR 1      4.74                      3.65   1.09     6.72
  SINCE JAN 1      7.21                      5.59   1.62    10.66

SNOWFALL (IN)
  YESTERDAY        0.0           5.0  1963   0.1   -0.1      0.0
  MONTH TO DATE   34.5                       3.4   31.1      0.4
  SINCE JUL 1     89.2                      58.7   30.5     59.2
  SNOW DEPTH       0

DEGREE DAYS
 HEATING
  YESTERDAY       21                        18      3       18
  MONTH TO DATE  801                       501    300      405
  SINCE MAR 1   1927                      1586    341     1490
  SINCE JUL 1   8015                      7722    293     6716

 COOLING
  YESTERDAY        0                         0      0        0
  MONTH TO DATE    0                         0      0        0
  SINCE MAR 1      0                         0      0        0
  SINCE JAN 1      0                         0      0        0
..................................................................


WIND (MPH)
  HIGHEST WIND SPEED    13   HIGHEST WIND DIRECTION    SE (140)
  HIGHEST GUST SPEED    17   HIGHEST GUST DIRECTION    SE (130)
  AVERAGE WIND SPEED     2.9


SKY COVER
  POSSIBLE SUNSHINE  MM
  AVERAGE SKY COVER 0.0


WEATHER CONDITIONS
 THE FOLLOWING WEATHER WAS RECORDED YESTERDAY.
  NO SIGNIFICANT WEATHER WAS OBSERVED.


RELATIVE HUMIDITY (PERCENT)
 HIGHEST    92           400 AM
 LOWEST     20           600 PM
 AVERAGE    56

..........................................................


THE WAUSAU WI CLIMATE NORMALS FOR TODAY
                         NORMAL    RECORD    YEAR
 MAXIMUM TEMPERATURE (F)   59        83      1925
 MINIMUM TEMPERATURE (F)   37        20      1909


SUNRISE AND SUNSET
APRIL 23 2018.........SUNRISE   600 AM CDT   SUNSET   754 PM CDT
APRIL 24 2018.........SUNRISE   559 AM CDT   SUNSET   755 PM CDT


-  INDICATES NEGATIVE NUMBERS.
R  INDICATES RECORD WAS SET OR TIED.
MM INDICATES DATA IS MISSING.
T  INDICATES TRACE AMOUNT.




$$
