138
CDUS43 KGRB 292127
CLIAUW

CLIMATE REPORT
NATIONAL WEATHER SERVICE GREEN BAY
427 PM CDT WED MAY 29 2024

...................................

...THE WAUSAU WI CLIMATE SUMMARY FOR MAY 29 2024...
VALID TODAY AS OF 0400 PM LOCAL TIME.

CLIMATE NORMAL PERIOD: 1991 TO 2020
CLIMATE RECORD PERIOD: 1896 TO 2024


WEATHER ITEM   OBSERVED TIME   RECORD YEAR NORMAL DEPARTURE LAST
                VALUE   (LST)  VALUE       VALUE  FROM      YEAR
                                                  NORMAL
...................................................................
TEMPERATURE (F)
 TODAY
  MAXIMUM         70   2:22 PM  93    1895  72     -2       84
  MINIMUM         44   4:30 AM  31    1947  50     -6       50
                                      1965
  AVERAGE         57                        60     -3       67

PRECIPITATION (IN)
  TODAY            0.00          2.43 1942   0.14  -0.14     0.00
  MONTH TO DATE    5.83                      3.50   2.33     2.53
  SINCE MAR 1     12.35                      8.45   3.90    10.49
  SINCE JAN 1     13.55                     10.73   2.82    14.08

SNOWFALL (IN)
  TODAY            0.0           0.0    MM   0.0    0.0      0.0
  MONTH TO DATE    0.0                       0.2   -0.2      0.0
  SINCE MAR 1     18.3                      15.0    3.3     35.0
  SINCE JUL 1     37.6                      64.3  -26.7     90.8
  SNOW DEPTH       0

DEGREE DAYS
 HEATING
  TODAY            8                         6      2        0
  MONTH TO DATE  199                       295    -96      209
  SINCE MAR 1   1667                      2037   -370     1932
  SINCE JUL 1   6502                      8087  -1585     7317

 COOLING
  TODAY            0                         1     -1        2
  MONTH TO DATE    7                        13     -6        5
  SINCE JAN 1      7                        14     -7       18
...................................................................


WIND (MPH)
  HIGHEST WIND SPEED    10   HIGHEST WIND DIRECTION    NW (330)
  HIGHEST GUST SPEED    15   HIGHEST GUST DIRECTION     N (350)
  AVERAGE WIND SPEED     4.9


SKY COVER
  POSSIBLE SUNSHINE  MM
  AVERAGE SKY COVER 0.1


WEATHER CONDITIONS
THE FOLLOWING WEATHER WAS RECORDED TODAY.
  NO SIGNIFICANT WEATHER WAS OBSERVED.


RELATIVE HUMIDITY (PERCENT)
 HIGHEST    93           3:00 AM
 LOWEST     35           2:00 PM
 AVERAGE    64

..........................................................


THE WAUSAU WI CLIMATE NORMALS FOR TOMORROW
                         NORMAL    RECORD    YEAR
 MAXIMUM TEMPERATURE (F)   72        94      1939
 MINIMUM TEMPERATURE (F)   50        33      1897
                                             1930


SUNRISE AND SUNSET
MAY 29 2024...........SUNRISE   5:17 AM CDT   SUNSET   8:36 PM CDT
MAY 30 2024...........SUNRISE   5:16 AM CDT   SUNSET   8:37 PM CDT


-  INDICATES NEGATIVE NUMBERS.
R  INDICATES RECORD WAS SET OR TIED.
MM INDICATES DATA IS MISSING.
T  INDICATES TRACE AMOUNT.




$$