000
CDUS43 KGRB 212249
CLIAUW


CLIMATE REPORT
NATIONAL WEATHER SERVICE GREEN BAY
449 PM CST MON JAN 21 2019


...................................

...THE WAUSAU WI CLIMATE SUMMARY FOR JANUARY 21 2019...
VALID TODAY AS OF 0400 PM LOCAL TIME.

CLIMATE NORMAL PERIOD 1981 TO 2010
CLIMATE RECORD PERIOD 1896 TO 2019


WEATHER ITEM   OBSERVED TIME   RECORD YEAR NORMAL DEPARTURE LAST
                VALUE   (LST)  VALUE       VALUE  FROM      YEAR
                                                  NORMAL
..................................................................
TEMPERATURE (F)
 TODAY
  MAXIMUM         16    215 PM  46    1908  23     -7       44
  MINIMUM         -8    802 AM -27    1963   6    -14       27
  AVERAGE          4                        14    -10       36

PRECIPITATION (IN)
  TODAY            0.00          1.02 1917   0.03  -0.03     0.00
  MONTH TO DATE    0.81                      0.71   0.10     0.46
  SINCE DEC 1      2.12                      2.07   0.05     1.62
  SINCE JAN 1      0.81                      0.71   0.10     0.46

SNOWFALL (IN)
  TODAY            0.0          10.2  1917   0.5   -0.5      0.0
  MONTH TO DATE    1.4                       9.2   -7.8      4.3
  SINCE DEC 1      8.4                      23.1  -14.7     13.9
  SINCE JUL 1     15.0                      31.4  -16.4     22.2
  SNOW DEPTH      MM

DEGREE DAYS
 HEATING
  TODAY           61                        51     10       29
  MONTH TO DATE  946                      1065   -119     1079
  SINCE DEC 1   2196                      2492   -296     2609
  SINCE JUL 1   4230                      4351   -121     4294

 COOLING
  TODAY            0                         0      0        0
  MONTH TO DATE    0                         0      0        0
  SINCE JAN 1      0                         0      0        0
..................................................................


WIND (MPH)
  HIGHEST WIND SPEED    17   HIGHEST WIND DIRECTION     S (170)
  HIGHEST GUST SPEED    26   HIGHEST GUST DIRECTION     S (160)
  AVERAGE WIND SPEED     5.6


SKY COVER
  POSSIBLE SUNSHINE  MM
  AVERAGE SKY COVER 0.0


WEATHER CONDITIONS
 THE FOLLOWING WEATHER WAS RECORDED TODAY.
  NO SIGNIFICANT WEATHER WAS OBSERVED.


RELATIVE HUMIDITY (PERCENT)
 HIGHEST    83           500 AM
 LOWEST     51           100 PM
 AVERAGE    67

..........................................................


THE WAUSAU WI CLIMATE NORMALS FOR TOMORROW
                         NORMAL    RECORD    YEAR
 MAXIMUM TEMPERATURE (F)   23        48      1964
 MINIMUM TEMPERATURE (F)    6       -28      1963


SUNRISE AND SUNSET
JANUARY 21 2019.......SUNRISE   729 AM CST   SUNSET   451 PM CST
JANUARY 22 2019.......SUNRISE   728 AM CST   SUNSET   452 PM CST


-  INDICATES NEGATIVE NUMBERS.
R  INDICATES RECORD WAS SET OR TIED.
MM INDICATES DATA IS MISSING.
T  INDICATES TRACE AMOUNT.




$$
