000
CDUS43 KGRB 212128
CLIAUW


CLIMATE REPORT
NATIONAL WEATHER SERVICE GREEN BAY
428 PM CDT MON OCT 21 2019


...................................

...THE WAUSAU WI CLIMATE SUMMARY FOR OCTOBER 21 2019...
VALID TODAY AS OF 0400 PM LOCAL TIME.

CLIMATE NORMAL PERIOD 1981 TO 2010
CLIMATE RECORD PERIOD 1896 TO 2019


WEATHER ITEM   OBSERVED TIME   RECORD YEAR NORMAL DEPARTURE LAST
                VALUE   (LST)  VALUE       VALUE  FROM      YEAR
                                                  NORMAL
..................................................................
TEMPERATURE (F)
 TODAY
  MAXIMUM         58    239 PM  80    1953  53      5       47
  MINIMUM         42   1241 AM  18    1960  35      7       24
                                      1896
  AVERAGE         50                        44      6       36

PRECIPITATION (IN)
  TODAY            0.48          1.71 1943   0.08   0.40     0.00
  MONTH TO DATE    3.84                      2.16   1.68     5.55
  SINCE SEP 1     11.50                      6.06   5.44    11.08
  SINCE JAN 1     42.65                     28.27  14.38    35.60

SNOWFALL (IN)
  TODAY            0.0           7.8  2002   0.0    0.0      0.0
  MONTH TO DATE    T                         0.7   -0.7      0.5
  SINCE SEP 1      T                         0.7   -0.7      0.5
  SINCE JUL 1      T                         0.7   -0.7      0.5
  SNOW DEPTH       0

DEGREE DAYS
 HEATING
  TODAY           15                        21     -6       29
  MONTH TO DATE  359                       361     -2      434
  SINCE SEP 1    490                       588    -98      624
  SINCE JUL 1    538                       654   -116      644

 COOLING
  TODAY            0                         0      0        0
  MONTH TO DATE    0                         0      0        0
  SINCE JAN 1    363                       405    -42      628
..................................................................


WIND (MPH)
  HIGHEST WIND SPEED    28   HIGHEST WIND DIRECTION     E (100)
  HIGHEST GUST SPEED    41   HIGHEST GUST DIRECTION     E (90)
  AVERAGE WIND SPEED    15.5


SKY COVER
  POSSIBLE SUNSHINE  MM
  AVERAGE SKY COVER 0.6


WEATHER CONDITIONS
 THE FOLLOWING WEATHER WAS RECORDED TODAY.
  HEAVY RAIN
  RAIN
  LIGHT RAIN
  FOG


RELATIVE HUMIDITY (PERCENT)
 HIGHEST    96           100 PM
 LOWEST     76           400 AM
 AVERAGE    86

..........................................................


THE WAUSAU WI CLIMATE NORMALS FOR TOMORROW
                         NORMAL    RECORD    YEAR
 MAXIMUM TEMPERATURE (F)   53        80      1947
 MINIMUM TEMPERATURE (F)   35        16      1913
                                             1896


SUNRISE AND SUNSET
OCTOBER 21 2019.......SUNRISE   722 AM CDT   SUNSET   604 PM CDT
OCTOBER 22 2019.......SUNRISE   723 AM CDT   SUNSET   602 PM CDT


-  INDICATES NEGATIVE NUMBERS.
R  INDICATES RECORD WAS SET OR TIED.
MM INDICATES DATA IS MISSING.
T  INDICATES TRACE AMOUNT.




$$
