000
CDUS43 KGRB 160649
CLIAUW


CLIMATE REPORT
NATIONAL WEATHER SERVICE GREEN BAY
148 AM CDT MON JUL 16 2018


...................................

...THE WAUSAU WI CLIMATE SUMMARY FOR JULY 15 2018...

CLIMATE NORMAL PERIOD 1981 TO 2010
CLIMATE RECORD PERIOD 1896 TO 2018


WEATHER ITEM   OBSERVED TIME   RECORD YEAR NORMAL DEPARTURE LAST
                VALUE   (LST)  VALUE       VALUE  FROM      YEAR
                                                  NORMAL
..................................................................
TEMPERATURE (F)
 YESTERDAY
  MAXIMUM         88    500 PM  98    2006  80      8       85
  MINIMUM         64    458 AM  46    1946  59      5       56
                                      1945
  AVERAGE         76                        70      6

PRECIPITATION (IN)
  YESTERDAY        0.00          2.07 1995   0.12  -0.12     0.00
  MONTH TO DATE    0.68                      1.79  -1.11     2.79
  SINCE JUN 1      5.75                      6.10  -0.35     8.13
  SINCE JAN 1     16.16                     16.01   0.15    23.92

SNOWFALL (IN)
  YESTERDAY        0.0           0.0    MM   0.0    0.0      0.0
  MONTH TO DATE    0.0                       0.0    0.0      0.0
  SINCE JUL 1      0.0                       0.0    0.0      0.0
  SNOW DEPTH       0

DEGREE DAYS
 HEATING
  YESTERDAY        0                         1     -1        0
  MONTH TO DATE    0                        15    -15        2
  SINCE JUN 1     30                       104    -74       56
  SINCE JUL 1      0                        15    -15        2

 COOLING
  YESTERDAY       11                         5      6        6
  MONTH TO DATE  135                        75     60       63
  SINCE JUN 1    246                       160     86      142
  SINCE JAN 1    331                       179    152      143
..................................................................


WIND (MPH)
  HIGHEST WIND SPEED    12   HIGHEST WIND DIRECTION     W (260)
  HIGHEST GUST SPEED    14   HIGHEST GUST DIRECTION    SW (240)
  AVERAGE WIND SPEED     4.8


SKY COVER
  POSSIBLE SUNSHINE  MM
  AVERAGE SKY COVER 0.2


WEATHER CONDITIONS
 THE FOLLOWING WEATHER WAS RECORDED YESTERDAY.
  FOG
  HAZE


RELATIVE HUMIDITY (PERCENT)
 HIGHEST   100           200 AM
 LOWEST     46           500 PM
 AVERAGE    73

..........................................................


THE WAUSAU WI CLIMATE NORMALS FOR TODAY
                         NORMAL    RECORD    YEAR
 MAXIMUM TEMPERATURE (F)   80        98      2012
                                             1931
 MINIMUM TEMPERATURE (F)   59        42      1896


SUNRISE AND SUNSET
JULY 16 2018..........SUNRISE   527 AM CDT   SUNSET   841 PM CDT
JULY 17 2018..........SUNRISE   528 AM CDT   SUNSET   841 PM CDT


-  INDICATES NEGATIVE NUMBERS.
R  INDICATES RECORD WAS SET OR TIED.
MM INDICATES DATA IS MISSING.
T  INDICATES TRACE AMOUNT.




$$
