000
CDUS43 KGRB 040753
CLIAUW


CLIMATE REPORT
NATIONAL WEATHER SERVICE GREEN BAY
253 AM CDT THU JUN 4 2020


...................................

...THE WAUSAU WI CLIMATE SUMMARY FOR JUNE 3 2020...

CLIMATE NORMAL PERIOD 1981 TO 2010
CLIMATE RECORD PERIOD 1896 TO 2020


WEATHER ITEM   OBSERVED TIME   RECORD YEAR NORMAL DEPARTURE LAST
                VALUE   (LST)  VALUE       VALUE  FROM      YEAR
                                                  NORMAL
..................................................................
TEMPERATURE (F)
 YESTERDAY
  MAXIMUM         83    414 PM  90          72     11       69
  MINIMUM         59    522 AM  34    1945  50      9       42
  AVERAGE         71                        61     10       56

PRECIPITATION (IN)
  YESTERDAY        0.00          1.32 2016   0.14  -0.14     0.00
  MONTH TO DATE    0.22                      0.41  -0.19     0.20
  SINCE JUN 1      0.22                      0.41  -0.19     0.20
  SINCE JAN 1     11.42                     10.32   1.10    17.37

SNOWFALL (IN)
  YESTERDAY        0.0           0.0    MM   0.0    0.0      0.0
  MONTH TO DATE    0.0                       0.0    0.0      0.0
  SINCE JUL 1     70.7                      59.6   11.1     96.8
  SNOW DEPTH       0

DEGREE DAYS
 HEATING
  YESTERDAY        0                         5     -5        9
  MONTH TO DATE    6                        16    -10       24
  SINCE JUN 1      6                        16    -10       24
  SINCE JUL 1   8051                      8176   -125     8691

 COOLING
  YESTERDAY        6                         1      5        0
  MONTH TO DATE   16                         3     13        0
  SINCE JUN 1     16                         3     13        0
  SINCE JAN 1     43                        22     21        5
..................................................................


WIND (MPH)
  HIGHEST WIND SPEED    20   HIGHEST WIND DIRECTION    NW (300)
  HIGHEST GUST SPEED    27   HIGHEST GUST DIRECTION     W (270)
  AVERAGE WIND SPEED     9.0


SKY COVER
  POSSIBLE SUNSHINE  MM
  AVERAGE SKY COVER 0.0


WEATHER CONDITIONS
 THE FOLLOWING WEATHER WAS RECORDED YESTERDAY.
  NO SIGNIFICANT WEATHER WAS OBSERVED.


RELATIVE HUMIDITY (PERCENT)
 HIGHEST   100           200 AM
 LOWEST     34           400 PM
 AVERAGE    67

..........................................................


THE WAUSAU WI CLIMATE NORMALS FOR TODAY
                         NORMAL    RECORD    YEAR
 MAXIMUM TEMPERATURE (F)   73        92      1934
 MINIMUM TEMPERATURE (F)   50        33      1945


SUNRISE AND SUNSET
JUNE  4 2020..........SUNRISE   514 AM CDT   SUNSET   841 PM CDT
JUNE  5 2020..........SUNRISE   513 AM CDT   SUNSET   841 PM CDT


-  INDICATES NEGATIVE NUMBERS.
R  INDICATES RECORD WAS SET OR TIED.
MM INDICATES DATA IS MISSING.
T  INDICATES TRACE AMOUNT.




$$
