000
CDUS42 KGSP 242043
CLIAVL

CLIMATE REPORT
NATIONAL WEATHER SERVICE GREENVILLE-SPARTANBURG SC
442 PM EDT SUN MAY 24 2020


...................................

...THE ASHEVILLE NC CLIMATE SUMMARY FOR MAY 24 2020...
VALID TODAY AS OF 0430 PM LOCAL TIME.

CLIMATE NORMAL PERIOD 1981 TO 2010
CLIMATE RECORD PERIOD 1869 TO 2020


WEATHER ITEM   OBSERVED TIME   RECORD YEAR NORMAL DEPARTURE LAST
                VALUE   (LST)  VALUE       VALUE  FROM      YEAR
                                                  NORMAL
..................................................................
TEMPERATURE (F)
 TODAY
  MAXIMUM         83   1225 PM  90    1939  77      6       88
                                      1903
  MINIMUM         59    425 AM  36    1931  54      5       61
  AVERAGE         71                        65      6       75

PRECIPITATION (IN)
  TODAY            0.02          2.28 1959   0.11  -0.09     0.00
  MONTH TO DATE    5.44                      2.78   2.66     3.35
  SINCE MAR 1     15.72                      9.94   5.78    14.95
  SINCE JAN 1     27.88                     17.37  10.51    27.14

SNOWFALL (IN)
  TODAY            0.0           0.0    MM   0.0    0.0      0.0
  MONTH TO DATE    0.0                       0.0    0.0      0.0
  SINCE MAR 1      T                         2.6   -2.6       T
  SINCE JUL 1      3.0                       9.9   -6.9     11.4
  SNOW DEPTH       0

DEGREE DAYS
 HEATING
  TODAY            0                         2     -2        0
  MONTH TO DATE  148                        97     51       25
  SINCE MAR 1    763                       952   -189      746
  SINCE JUL 1   3366                      4169   -803     3552

 COOLING
  TODAY            6                         2      4       10
  MONTH TO DATE   23                        32     -9       89
  SINCE MAR 1     37                        40     -3      104
  SINCE JAN 1     37                        40     -3      106
..................................................................


WIND (MPH)
  HIGHEST WIND SPEED    13   HIGHEST WIND DIRECTION    SW (210)
  HIGHEST GUST SPEED    19   HIGHEST GUST DIRECTION     S (160)
  AVERAGE WIND SPEED     3.8


SKY COVER
  POSSIBLE SUNSHINE  MM
  AVERAGE SKY COVER 0.1


WEATHER CONDITIONS
 THE FOLLOWING WEATHER WAS RECORDED TODAY.
  THUNDERSTORM
  LIGHT RAIN


RELATIVE HUMIDITY (PERCENT)
 HIGHEST    97           400 AM
 LOWEST     46          1200 PM
 AVERAGE    72

..........................................................


THE ASHEVILLE NC CLIMATE NORMALS FOR TOMORROW
                         NORMAL    RECORD    YEAR
 MAXIMUM TEMPERATURE (F)   77        89      2019
                                             1896
 MINIMUM TEMPERATURE (F)   54        39      1925


SUNRISE AND SUNSET
MAY 24 2020...........SUNRISE   620 AM EDT   SUNSET   835 PM EDT
MAY 25 2020...........SUNRISE   619 AM EDT   SUNSET   836 PM EDT


-  INDICATES NEGATIVE NUMBERS.
R  INDICATES RECORD WAS SET OR TIED.
MM INDICATES DATA IS MISSING.
T  INDICATES TRACE AMOUNT.




$$
