000
CDUS42 KGSP 140644 RRB
CLIAVL

CLIMATE REPORT
NATIONAL WEATHER SERVICE GREENVILLE-SPARTANBURG SC
242 AM EDT MON OCT 14 2019


...................................

...THE ASHEVILLE NC CLIMATE SUMMARY FOR OCTOBER 13 2019...

CLIMATE NORMAL PERIOD 1981 TO 2010
CLIMATE RECORD PERIOD 1869 TO 2019


WEATHER ITEM   OBSERVED TIME   RECORD YEAR NORMAL DEPARTURE LAST
                VALUE   (LST)  VALUE       VALUE  FROM      YEAR
                                                  NORMAL
..................................................................
TEMPERATURE (F)
 YESTERDAY
  MAXIMUM         69    355 PM  83    1969  69      0       65
                                      1954
  MINIMUM         54   1159 PM  29    1917  46      8       51
  AVERAGE         62                        57      5       58

PRECIPITATION (IN)
  YESTERDAY        0.10          1.20 1893   0.09   0.01     0.00
  MONTH TO DATE    0.77                      1.28  -0.51     3.26
  SINCE SEP 1      1.67                      5.09  -3.42     7.26
  SINCE JAN 1     43.38                     36.70   6.68    58.86

SNOWFALL (IN)
  YESTERDAY        0.0           0.0    MM   0.0             0.0
  MONTH TO DATE    0.0                       0.0             0.0
  SINCE SEP 1      0.0                       0.0             0.0
  SINCE JUL 1      0.0                       0.0             0.0
  SNOW DEPTH       0

DEGREE DAYS
 HEATING
  YESTERDAY        3                         8     -5        7
  MONTH TO DATE   11                        84    -73       13
  SINCE SEP 1     13                       139   -126       13
  SINCE JUL 1     13                       141   -128       13

 COOLING
  YESTERDAY        0                         0      0        0
  MONTH TO DATE   54                         7     47       78
  SINCE SEP 1    321                       102    219      357
  SINCE JAN 1   1327                       859    468     1419
..................................................................


WIND (MPH)
  HIGHEST WIND SPEED    13   HIGHEST WIND DIRECTION     S (190)
  HIGHEST GUST SPEED    17   HIGHEST GUST DIRECTION    SW (210)
  AVERAGE WIND SPEED     3.6


SKY COVER
  POSSIBLE SUNSHINE  MM
  AVERAGE SKY COVER 0.6


WEATHER CONDITIONS
 THE FOLLOWING WEATHER WAS RECORDED YESTERDAY.
  HEAVY RAIN
  LIGHT RAIN
  FOG
  HAZE


RELATIVE HUMIDITY (PERCENT)
 HIGHEST    93           400 AM
 LOWEST     72           900 PM
 AVERAGE    83

..........................................................


THE ASHEVILLE NC CLIMATE NORMALS FOR TODAY
                         NORMAL    RECORD    YEAR
 MAXIMUM TEMPERATURE (F)   69        82      1928
 MINIMUM TEMPERATURE (F)   45        25      1988


SUNRISE AND SUNSET
OCTOBER 14 2019.......SUNRISE   735 AM EDT   SUNSET   656 PM EDT
OCTOBER 15 2019.......SUNRISE   736 AM EDT   SUNSET   655 PM EDT


-  INDICATES NEGATIVE NUMBERS.
R  INDICATES RECORD WAS SET OR TIED.
MM INDICATES DATA IS MISSING.
T  INDICATES TRACE AMOUNT.




$$
