728
CDUS42 KGSP 150630
CLIAVL

CLIMATE REPORT
NATIONAL WEATHER SERVICE GREENVILLE-SPARTANBURG SC
127 AM EST SAT DEC 15 2018


...................................

...THE ASHEVILLE NC CLIMATE SUMMARY FOR DECEMBER 14 2018...

CLIMATE NORMAL PERIOD 1981 TO 2010
CLIMATE RECORD PERIOD 1869 TO 2018


WEATHER ITEM   OBSERVED TIME   RECORD YEAR NORMAL DEPARTURE LAST
                VALUE   (LST)  VALUE       VALUE  FROM      YEAR
                                                  NORMAL
..................................................................
TEMPERATURE (F)
 YESTERDAY
  MAXIMUM         43    654 PM  73    1984  50     -7       52
  MINIMUM         37    801 AM   9    1917  30      7       31
  AVERAGE         40                        40      0       42

PRECIPITATION (IN)
  YESTERDAY        0.45          2.11 1879   0.13   0.32     0.00
  MONTH TO DATE    3.03                      1.80   1.23     1.52
  SINCE DEC 1      3.03                      1.80   1.23     1.52
  SINCE JAN 1     71.64                     43.78  27.86    53.15

SNOWFALL (IN)
  YESTERDAY        0.0           1.6  1958   0.0             0.0
  MONTH TO DATE   11.4                       0.2             8.7
  SINCE DEC 1     11.4                       0.2             8.7
  SINCE JUL 1     11.4                       0.3             8.7
  SNOW DEPTH       0

DEGREE DAYS
 HEATING
  YESTERDAY       25                        26     -1       23
  MONTH TO DATE  348                       336     12      332
  SINCE DEC 1    348                       336     12      332
  SINCE JUL 1   1152                      1203    -51     1050

 COOLING
  YESTERDAY        0                         0      0        0
  MONTH TO DATE    0                         0      0        0
  SINCE DEC 1      0                         0      0        0
  SINCE JAN 1   1425                       863    562     1042
..................................................................


WIND (MPH)
  HIGHEST WIND SPEED     9   HIGHEST WIND DIRECTION     S (180)
  HIGHEST GUST SPEED    11   HIGHEST GUST DIRECTION     S (180)
  AVERAGE WIND SPEED     1.6


SKY COVER
  POSSIBLE SUNSHINE  MM
  AVERAGE SKY COVER 1.0


WEATHER CONDITIONS
 THE FOLLOWING WEATHER WAS RECORDED YESTERDAY.
  RAIN
  LIGHT RAIN
  FOG
  FOG W/VISIBILITY <= 1/4 MILE
  HAZE


RELATIVE HUMIDITY (PERCENT)
 HIGHEST    93          1000 AM
 LOWEST     64          1200 AM
 AVERAGE    79

..........................................................


THE ASHEVILLE NC CLIMATE NORMALS FOR TODAY
                         NORMAL    RECORD    YEAR
 MAXIMUM TEMPERATURE (F)   49        72      1948
 MINIMUM TEMPERATURE (F)   29         4      1914


SUNRISE AND SUNSET
DECEMBER 15 2018......SUNRISE   732 AM EST   SUNSET   519 PM EST
DECEMBER 16 2018......SUNRISE   733 AM EST   SUNSET   519 PM EST


-  INDICATES NEGATIVE NUMBERS.
R  INDICATES RECORD WAS SET OR TIED.
MM INDICATES DATA IS MISSING.
T  INDICATES TRACE AMOUNT.




$$
