000
CDUS42 KGSP 210632 RRA
CLIAVL

CLIMATE REPORT
NATIONAL WEATHER SERVICE GREENVILLE-SPARTANBURG SC
232 AM EDT THU JUN 21 2018


...................................

...THE ASHEVILLE NC CLIMATE SUMMARY FOR JUNE 20 2018...

CLIMATE NORMAL PERIOD 1981 TO 2010
CLIMATE RECORD PERIOD 1869 TO 2018


WEATHER ITEM   OBSERVED TIME   RECORD YEAR NORMAL DEPARTURE LAST
                VALUE   (LST)  VALUE       VALUE  FROM      YEAR
                                                  NORMAL
..................................................................
TEMPERATURE (F)
 YESTERDAY
  MAXIMUM         87    126 PM  93    1953  82      5       81
  MINIMUM         69    453 AM  45    1965  61      8       62
  AVERAGE         78                        72      6       72

PRECIPITATION (IN)
  YESTERDAY        0.06          3.43 1972   0.16  -0.10     0.00
  MONTH TO DATE    1.19                      3.07  -1.88     1.29
  SINCE JUN 1      1.19                      3.07  -1.88     1.29
  SINCE JAN 1     33.23                     21.32  11.91    24.31

SNOWFALL (IN)
  YESTERDAY        0.0           0.0    MM   0.0             0.0
  MONTH TO DATE    0.0                       0.0             0.0
  SINCE JUN 1      0.0                       0.0             0.0
  SINCE JUL 1     12.0                       9.9             9.4
  SNOW DEPTH       0

DEGREE DAYS
 HEATING
  YESTERDAY        0                         0      0        0
  MONTH TO DATE    0                        11    -11        0
  SINCE JUN 1      0                        11    -11        0
  SINCE JUL 1   3778                      4192   -414     3123

 COOLING
  YESTERDAY       13                         7      6        7
  MONTH TO DATE  182                       104     78      133
  SINCE JUN 1    182                       104     78      133
  SINCE JAN 1    345                       162    183      232
..................................................................


WIND (MPH)
  HIGHEST WIND SPEED    16   HIGHEST WIND DIRECTION    NW (330)
  HIGHEST GUST SPEED    21   HIGHEST GUST DIRECTION     S (190)
  AVERAGE WIND SPEED     6.3


SKY COVER
  POSSIBLE SUNSHINE  MM
  AVERAGE SKY COVER 0.2


WEATHER CONDITIONS
 THE FOLLOWING WEATHER WAS RECORDED YESTERDAY.
  THUNDERSTORM
  LIGHT RAIN


RELATIVE HUMIDITY (PERCENT)
 HIGHEST    90           500 AM
 LOWEST     51           200 PM
 AVERAGE    71

..........................................................


THE ASHEVILLE NC CLIMATE NORMALS FOR TODAY
                         NORMAL    RECORD    YEAR
 MAXIMUM TEMPERATURE (F)   83        94      1933
 MINIMUM TEMPERATURE (F)   61        49      1985


SUNRISE AND SUNSET
JUNE 21 2018..........SUNRISE   615 AM EDT   SUNSET   849 PM EDT
JUNE 22 2018..........SUNRISE   616 AM EDT   SUNSET   849 PM EDT


-  INDICATES NEGATIVE NUMBERS.
R  INDICATES RECORD WAS SET OR TIED.
MM INDICATES DATA IS MISSING.
T  INDICATES TRACE AMOUNT.




$$
