000
CDUS42 KGSP 302040
CLIAVL

CLIMATE REPORT
NATIONAL WEATHER SERVICE GREENVILLE-SPARTANBURG SC
440 PM EDT FRI OCT 30 2020

...................................

...THE ASHEVILLE NC CLIMATE SUMMARY FOR OCTOBER 30 2020...
VALID TODAY AS OF 0400 PM LOCAL TIME.

CLIMATE NORMAL PERIOD 1981 TO 2010
CLIMATE RECORD PERIOD 1869 TO 2020


WEATHER ITEM   OBSERVED TIME   RECORD YEAR NORMAL DEPARTURE LAST
                VALUE   (LST)  VALUE       VALUE  FROM      YEAR
                                                  NORMAL
...................................................................
TEMPERATURE (F)
 TODAY
  MAXIMUM         58   1201 AM  81    1922  64     -6       63
                                      1946
  MINIMUM         49    840 AM  20    1910  40      9       60
  AVERAGE         54                        52      2       62

PRECIPITATION (IN)
  TODAY            T             1.82 1949   0.10  -0.10     1.76
  MONTH TO DATE    6.16                      2.82   3.34     7.02
  SINCE SEP 1     14.43                      6.63   7.80     7.92
  SINCE JAN 1     57.06                     38.24  18.82    49.63

SNOWFALL (IN)
  TODAY            0.0           T    1954   0.0    0.0      0.0
                                      2017
  MONTH TO DATE    0.0                       0.0    0.0      0.0
  SINCE SEP 1      0.0                       0.0    0.0      0.0
  SINCE JUL 1      0.0                       0.0    0.0      0.0
  SNOW DEPTH       0

DEGREE DAYS
 HEATING
  TODAY           11                        13     -2        3
  MONTH TO DATE  124                       264   -140      144
  SINCE SEP 1    172                       319   -147      146
  SINCE JUL 1    172                       321   -149      146

 COOLING
  TODAY            0                         0      0        0
  MONTH TO DATE   22                         7     15       54
  SINCE SEP 1    171                       102     69      321
  SINCE JAN 1   1153                       859    294     1327
...................................................................


WIND (MPH)
  HIGHEST WIND SPEED    31   HIGHEST WIND DIRECTION    NW (330)
  HIGHEST GUST SPEED    37   HIGHEST GUST DIRECTION    NW (330)
  AVERAGE WIND SPEED    15.5


SKY COVER
  POSSIBLE SUNSHINE  MM
  AVERAGE SKY COVER 0.6


WEATHER CONDITIONS
THE FOLLOWING WEATHER WAS RECORDED TODAY.
  LIGHT RAIN


RELATIVE HUMIDITY (PERCENT)
 HIGHEST    83           600 AM
 LOWEST     52           300 PM
 AVERAGE    68

..........................................................


THE ASHEVILLE NC CLIMATE NORMALS FOR TOMORROW
                         NORMAL    RECORD    YEAR
 MAXIMUM TEMPERATURE (F)   64        81      2016
 MINIMUM TEMPERATURE (F)   40        23      1917


SUNRISE AND SUNSET
OCTOBER 30 2020.......SUNRISE   750 AM EDT   SUNSET   637 PM EDT
OCTOBER 31 2020.......SUNRISE   751 AM EDT   SUNSET   636 PM EDT


-  INDICATES NEGATIVE NUMBERS.
R  INDICATES RECORD WAS SET OR TIED.
MM INDICATES DATA IS MISSING.
T  INDICATES TRACE AMOUNT.




$$
