000
CDUS42 KGSP 250646
CLIAVL

CLIMATE REPORT
NATIONAL WEATHER SERVICE GREENVILLE-SPARTANBURG SC
244 AM EDT TUE SEP 25 2018


...................................

...THE ASHEVILLE NC CLIMATE SUMMARY FOR SEPTEMBER 24 2018...

CLIMATE NORMAL PERIOD 1981 TO 2010
CLIMATE RECORD PERIOD 1869 TO 2018


WEATHER ITEM   OBSERVED TIME   RECORD YEAR NORMAL DEPARTURE LAST
                VALUE   (LST)  VALUE       VALUE  FROM      YEAR
                                                  NORMAL
..................................................................
TEMPERATURE (F)
 YESTERDAY
  MAXIMUM         73   1213 PM  90    2016  74     -1       83
  MINIMUM         66   1159 PM  35    1896  53     13       61
  AVERAGE         70                        64      6       72

PRECIPITATION (IN)
  YESTERDAY        0.11          2.61 1997   0.12  -0.01     0.00
  MONTH TO DATE    2.37                      3.10  -0.73     3.75
  SINCE SEP 1      2.37                      3.10  -0.73     3.75
  SINCE JAN 1     53.97                     34.71  19.26    40.36

SNOWFALL (IN)
  YESTERDAY        0.0           0.0    MM   0.0             0.0
  MONTH TO DATE    0.0                       0.0             0.0
  SINCE SEP 1      0.0                       0.0             0.0
  SINCE JUL 1      0.0                       0.0             0.0
  SNOW DEPTH       0

DEGREE DAYS
 HEATING
  YESTERDAY        0                         3     -3        0
  MONTH TO DATE    0                        29    -29       37
  SINCE SEP 1      0                        29    -29       37
  SINCE JUL 1      0                        31    -31       37

 COOLING
  YESTERDAY        5                         2      3        7
  MONTH TO DATE  239                        88    151       76
  SINCE SEP 1    239                        88    151       76
  SINCE JAN 1   1301                       845    456      942
..................................................................


WIND (MPH)
  HIGHEST WIND SPEED    14   HIGHEST WIND DIRECTION     S (170)
  HIGHEST GUST SPEED    18   HIGHEST GUST DIRECTION     S (160)
  AVERAGE WIND SPEED     5.2


SKY COVER
  POSSIBLE SUNSHINE  MM
  AVERAGE SKY COVER 0.9


WEATHER CONDITIONS
 THE FOLLOWING WEATHER WAS RECORDED YESTERDAY.
  HEAVY RAIN
  RAIN
  LIGHT RAIN
  FOG


RELATIVE HUMIDITY (PERCENT)
 HIGHEST   100           200 AM
 LOWEST     73           100 PM
 AVERAGE    87

..........................................................


THE ASHEVILLE NC CLIMATE NORMALS FOR TODAY
                         NORMAL    RECORD    YEAR
 MAXIMUM TEMPERATURE (F)   74        89      1895
 MINIMUM TEMPERATURE (F)   52        36      1990
                                             1983


SUNRISE AND SUNSET
SEPTEMBER 25 2018.....SUNRISE   720 AM EDT   SUNSET   723 PM EDT
SEPTEMBER 26 2018.....SUNRISE   721 AM EDT   SUNSET   721 PM EDT


-  INDICATES NEGATIVE NUMBERS.
R  INDICATES RECORD WAS SET OR TIED.
MM INDICATES DATA IS MISSING.
T  INDICATES TRACE AMOUNT.

$$

PM
