557
CDUS41 KBGM 110600
CLIAVP


CLIMATE REPORT
NATIONAL WEATHER SERVICE BINGHAMTON NY
1259 AM EST WED DEC 11 2019


...................................

...THE AVOCA PA CLIMATE SUMMARY FOR DECEMBER 10 2019...

CLIMATE NORMAL PERIOD 1981 TO 2010
CLIMATE RECORD PERIOD 1901 TO 2019


WEATHER ITEM   OBSERVED TIME   RECORD YEAR NORMAL DEPARTURE LAST
                VALUE   (LST)  VALUE       VALUE  FROM      YEAR
                                                  NORMAL
..................................................................
TEMPERATURE (F)
 YESTERDAY
  MAXIMUM         54   1204 PM  65    1966  39     15       36
  MINIMUM         34   1159 PM   4    1958  26      8       17
  AVERAGE         44                        32     12       27

PRECIPITATION (IN)
  YESTERDAY        0.07          1.43 1907   0.09  -0.02     0.00
  MONTH TO DATE    1.05                      0.98   0.07     0.29
  SINCE DEC 1      1.05                      0.98   0.07     0.29
  SINCE JAN 1     47.97                     36.56  11.41    58.18

SNOWFALL (IN)
  YESTERDAY        T             3.4  1997   0.2   -0.2      0.0
  MONTH TO DATE    6.0                       1.7    4.3       T
  SINCE DEC 1      6.0                       1.7    4.3       T
  SINCE JUL 1      7.0                       4.7    2.3     11.3

DEGREE DAYS
 HEATING
  YESTERDAY       21                        33    -12       38
  MONTH TO DATE  309                       310     -1      340
  SINCE DEC 1    309                       310     -1      340
  SINCE JUL 1   1415                      1623   -208     1630

 COOLING
  YESTERDAY        0                         0      0        0
  MONTH TO DATE    0                         0      0        0
  SINCE DEC 1      0                         0      0        0
  SINCE JAN 1    846                       580    266      935
..................................................................


WIND (MPH)
  HIGHEST WIND SPEED    24   HIGHEST WIND DIRECTION     W (260)
  HIGHEST GUST SPEED    32   HIGHEST GUST DIRECTION     W (260)
  AVERAGE WIND SPEED     7.6


SKY COVER
  AVERAGE SKY COVER 1.0



RELATIVE HUMIDITY (PERCENT)
 HIGHEST    93           600 AM
 LOWEST     53           600 PM
 AVERAGE    73

..........................................................


THE AVOCA PA CLIMATE NORMALS FOR TODAY
                         NORMAL    RECORD    YEAR
 MAXIMUM TEMPERATURE (F)   39        64      1979
 MINIMUM TEMPERATURE (F)   25        -1      1958


SUNRISE AND SUNSET
DECEMBER 11 2019......SUNRISE   718 AM EST   SUNSET   434 PM EST
DECEMBER 12 2019......SUNRISE   719 AM EST   SUNSET   434 PM EST


-  INDICATES NEGATIVE NUMBERS.
R  INDICATES RECORD WAS SET OR TIED.
MM INDICATES DATA IS MISSING.
T  INDICATES TRACE AMOUNT.




$$
