000
CDUS41 KBGM 180548
CLIAVP


CLIMATE REPORT
NATIONAL WEATHER SERVICE BINGHAMTON NY
1247 AM EST SUN NOV 18 2018


...................................

...THE AVOCA PA CLIMATE SUMMARY FOR NOVEMBER 17 2018...

CLIMATE NORMAL PERIOD 1981 TO 2010
CLIMATE RECORD PERIOD 1901 TO 2018


WEATHER ITEM   OBSERVED TIME   RECORD YEAR NORMAL DEPARTURE LAST
                VALUE   (LST)  VALUE       VALUE  FROM      YEAR
                                                  NORMAL
..................................................................
TEMPERATURE (F)
 YESTERDAY
  MAXIMUM         39    314 PM  68    1928  49    -10       44
                                      1927
  MINIMUM         34    154 AM  15    1933  33      1       29
                                      1924
  AVERAGE         37                        41     -4       37

PRECIPITATION (IN)
  YESTERDAY        T             2.18 1935   0.11  -0.11     0.00
  MONTH TO DATE    4.84                      1.75   3.09     0.51
  SINCE SEP 1     17.22                      9.16   8.06     5.15
  SINCE JAN 1     56.19                     34.19  22.00    35.27

SNOWFALL (IN)
  YESTERDAY        0.0           7.4  1980   0.1   -0.1      0.0
  MONTH TO DATE   11.0                       1.3    9.7       T
  SINCE SEP 1     11.0                       1.4    9.6       T
  SINCE JUL 1     11.0                       1.4    9.6       T

DEGREE DAYS
 HEATING
  YESTERDAY       28                        24      4       28
  MONTH TO DATE  392                       364     28      382
  SINCE SEP 1    870                       941    -71      703
  SINCE JUL 1    870                       967    -97      720

 COOLING
  YESTERDAY        0                         0      0        0
  MONTH TO DATE    0                         0      0        0
  SINCE SEP 1    173                        56    117      165
  SINCE JAN 1    935                       580    355      804
..................................................................


WIND (MPH)
  HIGHEST WIND SPEED    17   HIGHEST WIND DIRECTION    SW (230)
  HIGHEST GUST SPEED    23   HIGHEST GUST DIRECTION    SW (230)
  AVERAGE WIND SPEED     9.2


SKY COVER
  AVERAGE SKY COVER 1.0



RELATIVE HUMIDITY (PERCENT)
 HIGHEST    92          1000 PM
 LOWEST     70           100 PM
 AVERAGE    81

..........................................................


THE AVOCA PA CLIMATE NORMALS FOR TODAY
                         NORMAL    RECORD    YEAR
 MAXIMUM TEMPERATURE (F)   49        74      1921
 MINIMUM TEMPERATURE (F)   33        11      1959


SUNRISE AND SUNSET
NOVEMBER 18 2018......SUNRISE   655 AM EST   SUNSET   441 PM EST
NOVEMBER 19 2018......SUNRISE   656 AM EST   SUNSET   440 PM EST


-  INDICATES NEGATIVE NUMBERS.
R  INDICATES RECORD WAS SET OR TIED.
MM INDICATES DATA IS MISSING.
T  INDICATES TRACE AMOUNT.




$$
