000
CDUS41 KBGM 240526
CLIAVP


CLIMATE REPORT
NATIONAL WEATHER SERVICE BINGHAMTON NY
1225 AM EST SAT FEB 24 2018


...................................

...THE AVOCA PA CLIMATE SUMMARY FOR FEBRUARY 23 2018...

CLIMATE NORMAL PERIOD 1981 TO 2010
CLIMATE RECORD PERIOD 1901 TO 2018


WEATHER ITEM   OBSERVED TIME   RECORD YEAR NORMAL DEPARTURE LAST
                VALUE   (LST)  VALUE       VALUE  FROM      YEAR
                                                  NORMAL
..................................................................
TEMPERATURE (F)
 YESTERDAY
  MAXIMUM         39   1159 PM  70    2017  39      0       70
  MINIMUM         35    836 AM  -3    2015  22     13       36
  AVERAGE         37                        30      7       53

PRECIPITATION (IN)
  YESTERDAY        0.10          0.72 1981   0.07   0.03     0.05
                                      1975
  MONTH TO DATE    3.48                      1.68   1.80     1.54
  SINCE DEC 1      7.84                      6.73   1.11     6.85
  SINCE JAN 1      6.16                      4.05   2.11     4.79

SNOWFALL (IN)
  YESTERDAY        0.0           3.2  1994   0.3   -0.3      0.0
  MONTH TO DATE    9.6                       7.6    2.0      8.2
  SINCE DEC 1     27.0                      29.2   -2.2     19.0
  SINCE JUL 1     27.1                      32.2   -5.1     24.7

DEGREE DAYS
 HEATING
  YESTERDAY       28                        35     -7       12
  MONTH TO DATE  710                       846   -136      671
  SINCE DEC 1   3045                      3124    -79     2652
  SINCE JUL 1   4085                      4437   -352     3670

 COOLING
  YESTERDAY        0                         0      0        0
  MONTH TO DATE    0                         0      0        0
  SINCE DEC 1      0                         0      0        0
  SINCE JAN 1      0                         0      0        0
..................................................................


WIND (MPH)
  HIGHEST WIND SPEED    13   HIGHEST WIND DIRECTION     W (270)
  HIGHEST GUST SPEED    15   HIGHEST GUST DIRECTION     S (200)
  AVERAGE WIND SPEED     5.1


SKY COVER
  AVERAGE SKY COVER 1.0



RELATIVE HUMIDITY (PERCENT)
 HIGHEST    92           300 PM
 LOWEST     76          1000 AM
 AVERAGE    84

..........................................................


THE AVOCA PA CLIMATE NORMALS FOR TODAY
                         NORMAL    RECORD    YEAR
 MAXIMUM TEMPERATURE (F)   39        76      2017
 MINIMUM TEMPERATURE (F)   22        -9      2015


SUNRISE AND SUNSET
FEBRUARY 24 2018......SUNRISE   645 AM EST   SUNSET   548 PM EST
FEBRUARY 25 2018......SUNRISE   643 AM EST   SUNSET   549 PM EST


-  INDICATES NEGATIVE NUMBERS.
R  INDICATES RECORD WAS SET OR TIED.
MM INDICATES DATA IS MISSING.
T  INDICATES TRACE AMOUNT.




$$
