000
CDUS41 KBGM 130551
CLIAVP


CLIMATE REPORT
NATIONAL WEATHER SERVICE BINGHAMTON NY
149 AM EDT SUN OCT 13 2019


...................................

...THE AVOCA PA CLIMATE SUMMARY FOR OCTOBER 12 2019...

CLIMATE NORMAL PERIOD 1981 TO 2010
CLIMATE RECORD PERIOD 1901 TO 2019


WEATHER ITEM   OBSERVED TIME   RECORD YEAR NORMAL DEPARTURE LAST
                VALUE   (LST)  VALUE       VALUE  FROM      YEAR
                                                  NORMAL
..................................................................
TEMPERATURE (F)
 YESTERDAY
  MAXIMUM         62    426 PM  86    1954  62      0       60
  MINIMUM         44    609 AM  26    1996  42      2       48
  AVERAGE         53                        52      1       54

PRECIPITATION (IN)
  YESTERDAY        T             1.58 1927   0.11  -0.11     0.00
  MONTH TO DATE    1.66                      1.40   0.26     2.93
  SINCE SEP 1      2.87                      5.47  -2.60    10.36
  SINCE JAN 1     40.53                     30.50  10.03    49.33

SNOWFALL (IN)
  YESTERDAY        0.0           T    1988   0.0    MM        0.0
  MONTH TO DATE    0.0                       0.0    0.0      0.0
  SINCE SEP 1      0.0                       0.0    0.0      0.0
  SINCE JUL 1      0.0                       0.0    0.0      0.0

DEGREE DAYS
 HEATING
  YESTERDAY       12                        13     -1       11
  MONTH TO DATE   89                       134    -45       26
  SINCE SEP 1    126                       270   -144       97
  SINCE JUL 1    127                       296   -169       97

 COOLING
  YESTERDAY        0                         0      0        0
  MONTH TO DATE   16                         0     16       30
  SINCE SEP 1    107                        52     55      173
  SINCE JAN 1    846                       576    270      935
..................................................................


WIND (MPH)
  HIGHEST WIND SPEED     9   HIGHEST WIND DIRECTION     W (260)
  HIGHEST GUST SPEED    12   HIGHEST GUST DIRECTION     W (260)
  AVERAGE WIND SPEED     2.7


SKY COVER
  AVERAGE SKY COVER 0.5



RELATIVE HUMIDITY (PERCENT)
 HIGHEST    92           500 AM
 LOWEST     60           400 PM
 AVERAGE    76

..........................................................


THE AVOCA PA CLIMATE NORMALS FOR TODAY
                         NORMAL    RECORD    YEAR
 MAXIMUM TEMPERATURE (F)   62        81      1995
                                             1954
 MINIMUM TEMPERATURE (F)   42        27      2012


SUNRISE AND SUNSET
OCTOBER 13 2019.......SUNRISE   712 AM EDT   SUNSET   625 PM EDT
OCTOBER 14 2019.......SUNRISE   713 AM EDT   SUNSET   624 PM EDT


-  INDICATES NEGATIVE NUMBERS.
R  INDICATES RECORD WAS SET OR TIED.
MM INDICATES DATA IS MISSING.
T  INDICATES TRACE AMOUNT.




$$
