000
CDUS41 KBGM 212117
CLIAVP


CLIMATE REPORT
NATIONAL WEATHER SERVICE BINGHAMTON NY
516 PM EDT TUE AUG 21 2018


...................................

...THE AVOCA PA CLIMATE SUMMARY FOR AUGUST 21 2018...
VALID TODAY AS OF 0500 PM LOCAL TIME.

CLIMATE NORMAL PERIOD 1981 TO 2010
CLIMATE RECORD PERIOD 1901 TO 2018


WEATHER ITEM   OBSERVED TIME   RECORD YEAR NORMAL DEPARTURE LAST
                VALUE   (LST)  VALUE       VALUE  FROM      YEAR
                                                  NORMAL
..................................................................
TEMPERATURE (F)
 TODAY
  MAXIMUM         74   1205 PM  95    1916  79     -5       85
  MINIMUM         67    704 AM  43    2000  59      8       61
                                      1908
  AVERAGE         71                        69      2       73

PRECIPITATION (IN)
  TODAY            T             1.07 1991   0.11  -0.11     0.06
  MONTH TO DATE    9.48                      2.37   7.11     1.61
  SINCE JUN 1     18.61                     10.19   8.42    11.30
  SINCE JAN 1     37.86                     23.99  13.87    29.63

SNOWFALL (IN)
  TODAY            0.0           0.0  1995   0.0    0.0      0.0
  MONTH TO DATE    0.0                       0.0    0.0      0.0
  SINCE JUN 1      0.0                       0.0    0.0      0.0
  SINCE JUL 1      0.0                       0.0    0.0      0.0

DEGREE DAYS
 HEATING
  TODAY            0                         1     -1        0
  MONTH TO DATE    0                         4     -4        2
  SINCE JUN 1     26                        66    -40       45
  SINCE JUL 1      0                        12    -12        2

 COOLING
  TODAY            6                         5      1        8
  MONTH TO DATE  213                       120     93      142
  SINCE JUN 1    600                       443    157      569
  SINCE JAN 1    685                       480    205      621
..................................................................


WIND (MPH)
  HIGHEST WIND SPEED    10   HIGHEST WIND DIRECTION     S (170)
  HIGHEST GUST SPEED    16   HIGHEST GUST DIRECTION     S (190)
  AVERAGE WIND SPEED     3.5


SKY COVER
  AVERAGE SKY COVER 1.0


WEATHER CONDITIONS
 THE FOLLOWING WEATHER WAS RECORDED TODAY.
  NO SIGNIFICANT WEATHER WAS OBSERVED.


RELATIVE HUMIDITY (PERCENT)
 HIGHEST    87           700 AM
 LOWEST     73           800 AM
 AVERAGE    80

..........................................................


THE AVOCA PA CLIMATE NORMALS FOR TOMORROW
                         NORMAL    RECORD    YEAR
 MAXIMUM TEMPERATURE (F)   79        98      1916
 MINIMUM TEMPERATURE (F)   59        42      1982


SUNRISE AND SUNSET
AUGUST 21 2018........SUNRISE   618 AM EDT   SUNSET   753 PM EDT
AUGUST 22 2018........SUNRISE   619 AM EDT   SUNSET   752 PM EDT


-  INDICATES NEGATIVE NUMBERS.
R  INDICATES RECORD WAS SET OR TIED.
MM INDICATES DATA IS MISSING.
T  INDICATES TRACE AMOUNT.




$$
