000
CDUS41 KBGM 232222
CLIAVP


CLIMATE REPORT
NATIONAL WEATHER SERVICE BINGHAMTON NY
521 PM EST SAT FEB 23 2019


...................................

...THE AVOCA PA CLIMATE SUMMARY FOR FEBRUARY 23 2019...
VALID AS OF 0500 PM LOCAL TIME.

CLIMATE NORMAL PERIOD 1981 TO 2010
CLIMATE RECORD PERIOD 1901 TO 2019


WEATHER ITEM   OBSERVED TIME   RECORD YEAR NORMAL DEPARTURE LAST
                VALUE   (LST)  VALUE       VALUE  FROM      YEAR
                                                  NORMAL
..................................................................
TEMPERATURE (F)
 TODAY
  MAXIMUM         41    157 PM  70    2017  39      2       39
  MINIMUM         25    712 AM  -3    2015  22      3       35
  AVERAGE         33                        30      3       37

PRECIPITATION (IN)
  TODAY            0.00          0.72 1981   0.07  -0.07     0.10
                                      1975
  MONTH TO DATE    1.49                      1.68  -0.19     3.48
  SINCE DEC 1      8.78                      6.73   2.05     7.84
  SINCE JAN 1      5.59                      4.05   1.54     6.16

SNOWFALL (IN)
  TODAY            0.0           3.2  1994   0.3   -0.3      0.0
  MONTH TO DATE    2.6                       7.6   -5.0      9.6
  SINCE DEC 1     14.6                      29.2  -14.6     27.0
  SINCE JUL 1     25.9                      32.2   -6.3     27.1

DEGREE DAYS
 HEATING
  TODAY           32                        35     -3       28
  MONTH TO DATE  771                       846    -75      710
  SINCE DEC 1   2892                      3124   -232     3045
  SINCE JUL 1   4182                      4437   -255     4085

 COOLING
  TODAY            0                         0      0        0
  MONTH TO DATE    0                         0      0        0
  SINCE DEC 1      0                         0      0        0
  SINCE JAN 1      0                         0      0        0
..................................................................


WIND (MPH)
  HIGHEST WIND SPEED     9   HIGHEST WIND DIRECTION     S (200)
  HIGHEST GUST SPEED    15   HIGHEST GUST DIRECTION    SE (140)
  AVERAGE WIND SPEED     3.2


SKY COVER
  AVERAGE SKY COVER 0.1


WEATHER CONDITIONS
 THE FOLLOWING WEATHER WAS RECORDED TODAY.
  HAZE


RELATIVE HUMIDITY (PERCENT)
 HIGHEST    81          1200 AM
 LOWEST     45           200 PM
 AVERAGE    63

..........................................................


THE AVOCA PA CLIMATE NORMALS FOR TOMORROW
                         NORMAL    RECORD    YEAR
 MAXIMUM TEMPERATURE (F)   39        76      2017
 MINIMUM TEMPERATURE (F)   22        -9      2015


SUNRISE AND SUNSET
FEBRUARY 23 2019......SUNRISE   647 AM EST   SUNSET   546 PM EST
FEBRUARY 24 2019......SUNRISE   645 AM EST   SUNSET   548 PM EST


-  INDICATES NEGATIVE NUMBERS.
R  INDICATES RECORD WAS SET OR TIED.
MM INDICATES DATA IS MISSING.
T  INDICATES TRACE AMOUNT.




$$
