000
CDUS43 KGRR 230543
CLIAZO


CLIMATE REPORT
NATIONAL WEATHER SERVICE GRAND RAPIDS, MI
1242 AM EST WED JAN 23 2019


...................................

...THE KALAMAZOO CLIMATE SUMMARY FOR JANUARY 22 2019...

CLIMATE NORMAL PERIOD 1981 TO 2010
CLIMATE RECORD PERIOD 1998 TO 2019


WEATHER ITEM   OBSERVED TIME   RECORD YEAR NORMAL DEPARTURE LAST
                VALUE   (LST)  VALUE       VALUE  FROM      YEAR
                                                  NORMAL
..................................................................
TEMPERATURE (F)
 YESTERDAY
  MAXIMUM         34   1159 PM  57    1933  31      3       54
  MINIMUM          2   1207 AM -11    1970  18    -16       42
  AVERAGE         18                        24     -6       48

PRECIPITATION (IN)
  YESTERDAY        0.06          1.03 1999   0.06   0.00     0.62
  MONTH TO DATE    0.57                      1.26  -0.69     0.99
  SINCE DEC 1      2.43                      3.24  -0.81     1.68
  SINCE JAN 1      0.57                      1.26  -0.69     0.99

DEGREE DAYS
 HEATING
  YESTERDAY       47                        41      6       17
  MONTH TO DATE  844                       894    -50      947
  SINCE DEC 1   1838                      2018   -180     2147
  SINCE JUL 1   3269                      3345    -76     3310

 COOLING
  YESTERDAY        0                         0      0        0
  MONTH TO DATE    0                         0      0        0
  SINCE DEC 1      0                         0      0        0
  SINCE JAN 1      0                         0      0        0
..................................................................


WIND (MPH)
  RESULTANT WIND SPEED   9   RESULTANT WIND DIRECTION   S (160)
  HIGHEST WIND SPEED    17   HIGHEST WIND DIRECTION     S (170)
  HIGHEST GUST SPEED    26   HIGHEST GUST DIRECTION     S (170)
  AVERAGE WIND SPEED     9.3


SKY COVER
  AVERAGE SKY COVER 0.7


WEATHER CONDITIONS
 THE FOLLOWING WEATHER WAS RECORDED YESTERDAY.
  LIGHT RAIN
  LT FREEZING RAIN
  LIGHT SNOW
  FOG


RELATIVE HUMIDITY (PERCENT)
 HIGHEST    92           400 PM
 LOWEST     49          1100 AM
 AVERAGE    71

..........................................................


THE KALAMAZOO CLIMATE NORMALS FOR TODAY
                         NORMAL
 MAXIMUM TEMPERATURE (F)   31
 MINIMUM TEMPERATURE (F)   18


SUNRISE AND SUNSET
JANUARY 23 2019.......SUNRISE   804 AM EST   SUNSET   545 PM EST
JANUARY 24 2019.......SUNRISE   803 AM EST   SUNSET   546 PM EST


-  INDICATES NEGATIVE NUMBERS.
R  INDICATES RECORD WAS SET OR TIED.
MM INDICATES DATA IS MISSING.
T  INDICATES TRACE AMOUNT.




$$
