000
CDUS43 KGRR 200519
CLIAZO


CLIMATE REPORT
NATIONAL WEATHER SERVICE GRAND RAPIDS, MI
118 AM EDT TUE OCT 20 2020


...................................

...THE KALAMAZOO CLIMATE SUMMARY FOR OCTOBER 19 2020...

CLIMATE NORMAL PERIOD 1981 TO 2010
CLIMATE RECORD PERIOD 1998 TO 2020


WEATHER ITEM   OBSERVED TIME   RECORD YEAR NORMAL DEPARTURE LAST
                VALUE   (LST)  VALUE       VALUE  FROM      YEAR
                                                  NORMAL
..................................................................
TEMPERATURE (F)
 YESTERDAY
  MAXIMUM         50    353 PM  86    1953  59     -9       64
  MINIMUM         40    845 AM  22    1909  41     -1       39
  AVERAGE         45                        50     -5       52

PRECIPITATION (IN)
  YESTERDAY        0.09          2.05 1985   0.11  -0.02     0.00
  MONTH TO DATE    0.83                      2.04  -1.21     1.92
  SINCE SEP 1      3.62                      5.86  -2.24     6.03
  SINCE JAN 1     24.99                     29.45  -4.46    31.08

DEGREE DAYS
 HEATING
  YESTERDAY       20                        15      5       13
  MONTH TO DATE  248                       239      9      209
  SINCE SEP 1    353                       372    -19      233
  SINCE JUL 1    355                       388    -33      236

 COOLING
  YESTERDAY        0                         0      0        0
  MONTH TO DATE    0                         7     -7       14
  SINCE SEP 1     47                        63    -16      154
  SINCE JAN 1    921                       674    247      870
..................................................................


WIND (MPH)
  RESULTANT WIND SPEED   2   RESULTANT WIND DIRECTION  NE (50)
  HIGHEST WIND SPEED    12   HIGHEST WIND DIRECTION     N (350)
  HIGHEST GUST SPEED    15   HIGHEST GUST DIRECTION     N (20)
  AVERAGE WIND SPEED     2.4


SKY COVER
  AVERAGE SKY COVER 0.7


WEATHER CONDITIONS
 THE FOLLOWING WEATHER WAS RECORDED YESTERDAY.
  LIGHT RAIN


RELATIVE HUMIDITY (PERCENT)
 HIGHEST    86           300 AM
 LOWEST     50          1200 PM
 AVERAGE    68

..........................................................


THE KALAMAZOO CLIMATE NORMALS FOR TODAY
                         NORMAL
 MAXIMUM TEMPERATURE (F)   59
 MINIMUM TEMPERATURE (F)   40


SUNRISE AND SUNSET
OCTOBER 20 2020.......SUNRISE   801 AM EDT   SUNSET   652 PM EDT
OCTOBER 21 2020.......SUNRISE   803 AM EDT   SUNSET   650 PM EDT


-  INDICATES NEGATIVE NUMBERS.
R  INDICATES RECORD WAS SET OR TIED.
MM INDICATES DATA IS MISSING.
T  INDICATES TRACE AMOUNT.




$$
