000
CDUS43 KGRR 272126
CLIAZO


CLIMATE REPORT
NATIONAL WEATHER SERVICE GRAND RAPIDS, MI
525 PM EDT WED MAY 27 2020


...................................

...THE KALAMAZOO CLIMATE SUMMARY FOR MAY 27 2020...
VALID TODAY AS OF 0500 PM LOCAL TIME.

CLIMATE NORMAL PERIOD 1981 TO 2010
CLIMATE RECORD PERIOD 1998 TO 2020


WEATHER ITEM   OBSERVED TIME   RECORD YEAR NORMAL DEPARTURE LAST
                VALUE   (LST)  VALUE       VALUE  FROM      YEAR
                                                  NORMAL
..................................................................
TEMPERATURE (F)
 TODAY
  MAXIMUM         87    230 PM  94    2012  73     14       76
  MINIMUM         66    343 AM  31    1983  51     15       51
                                      1961
                                      1915
  AVERAGE         77                        62     15       64

PRECIPITATION (IN)
  TODAY            0.03          1.52 1899   0.12  -0.09     0.25
  MONTH TO DATE    4.92                      3.39   1.53     5.28
  SINCE MAR 1     10.49                      8.72   1.77    11.80
  SINCE JAN 1     14.35                     11.96   2.39    14.41

DEGREE DAYS
 HEATING
  TODAY            0                         5     -5        1
  MONTH TO DATE  253                       208     45      213
  SINCE MAR 1   1602                      1578     24     1675
  SINCE JUL 1   5958                      6351   -393     6452

 COOLING
  TODAY           12                         2     10        0
  MONTH TO DATE   48                        28     20       12
  SINCE MAR 1     48                        32     16       12
  SINCE JAN 1     48                        32     16       12
..................................................................


WIND (MPH)
  RESULTANT WIND SPEED   2   RESULTANT WIND DIRECTION   S (190)
  HIGHEST WIND SPEED    26   HIGHEST WIND DIRECTION     S (180)
  HIGHEST GUST SPEED    38   HIGHEST GUST DIRECTION     S (180)
  AVERAGE WIND SPEED     3.2


SKY COVER
  AVERAGE SKY COVER 0.5


WEATHER CONDITIONS
 THE FOLLOWING WEATHER WAS RECORDED TODAY.
  THUNDERSTORM
  LIGHT RAIN
  FOG
  HAZE


RELATIVE HUMIDITY (PERCENT)
 HIGHEST    93          1200 AM
 LOWEST     55           200 PM
 AVERAGE    74

..........................................................


THE KALAMAZOO CLIMATE NORMALS FOR TOMORROW
                         NORMAL
 MAXIMUM TEMPERATURE (F)   74
 MINIMUM TEMPERATURE (F)   52


SUNRISE AND SUNSET
MAY 27 2020...........SUNRISE   611 AM EDT   SUNSET   908 PM EDT
MAY 28 2020...........SUNRISE   610 AM EDT   SUNSET   909 PM EDT


-  INDICATES NEGATIVE NUMBERS.
R  INDICATES RECORD WAS SET OR TIED.
MM INDICATES DATA IS MISSING.
T  INDICATES TRACE AMOUNT.




$$
