000
CDUS43 KGRR 180517
CLIAZO


CLIMATE REPORT
NATIONAL WEATHER SERVICE GRAND RAPIDS, MI
117 AM EDT WED JUL 18 2018


...................................

...THE KALAMAZOO CLIMATE SUMMARY FOR JULY 17 2018...

CLIMATE NORMAL PERIOD 1981 TO 2010
CLIMATE RECORD PERIOD 1998 TO 2018


WEATHER ITEM   OBSERVED TIME   RECORD YEAR NORMAL DEPARTURE LAST
                VALUE   (LST)  VALUE       VALUE  FROM      YEAR
                                                  NORMAL
..................................................................
TEMPERATURE (F)
 YESTERDAY
  MAXIMUM         83    154 PM 100    2012  83      0       81
                                      1931
                                      1901
  MINIMUM         61   1159 PM  46    2014  62     -1       59
  AVERAGE         72                        73     -1       70

PRECIPITATION (IN)
  YESTERDAY        0.00          4.75 1982   0.13  -0.13     0.00
  MONTH TO DATE    1.50                      1.97  -0.47     2.94
  SINCE JUN 1      5.51                      5.55  -0.04     4.18
  SINCE JAN 1     23.15                     17.99   5.16    19.33

DEGREE DAYS
 HEATING
  YESTERDAY        0                         0      0        0
  MONTH TO DATE    0                         0      0        0
  SINCE JUN 1      7                        48    -41       19
  SINCE JUL 1      0                         0      0        0

 COOLING
  YESTERDAY        7                         8     -1        5
  MONTH TO DATE  192                       133     59      133
  SINCE JUN 1    379                       278    101      305
  SINCE JAN 1    509                       319    190      344
..................................................................


WIND (MPH)
  RESULTANT WIND SPEED   6   RESULTANT WIND DIRECTION  NW (330)
  HIGHEST WIND SPEED    20   HIGHEST WIND DIRECTION    NW (330)
  HIGHEST GUST SPEED    25   HIGHEST GUST DIRECTION     W (280)
  AVERAGE WIND SPEED     7.6


SKY COVER
  AVERAGE SKY COVER 0.1


WEATHER CONDITIONS
 THE FOLLOWING WEATHER WAS RECORDED YESTERDAY.
  NO SIGNIFICANT WEATHER WAS OBSERVED.


RELATIVE HUMIDITY (PERCENT)
 HIGHEST    87           300 AM
 LOWEST     36           300 PM
 AVERAGE    62

..........................................................


THE KALAMAZOO CLIMATE NORMALS FOR TODAY
                         NORMAL
 MAXIMUM TEMPERATURE (F)   83
 MINIMUM TEMPERATURE (F)   62


SUNRISE AND SUNSET
JULY 18 2018..........SUNRISE   622 AM EDT   SUNSET   915 PM EDT
JULY 19 2018..........SUNRISE   623 AM EDT   SUNSET   914 PM EDT


-  INDICATES NEGATIVE NUMBERS.
R  INDICATES RECORD WAS SET OR TIED.
MM INDICATES DATA IS MISSING.
T  INDICATES TRACE AMOUNT.




$$
