000
CDUS43 KGRR 202133
CLIAZO


CLIMATE REPORT
NATIONAL WEATHER SERVICE GRAND RAPIDS, MI
533 PM EDT SAT OCT 20 2018


...................................

...THE KALAMAZOO CLIMATE SUMMARY FOR OCTOBER 20 2018...
VALID TODAY AS OF 0500 PM LOCAL TIME.

CLIMATE NORMAL PERIOD 1981 TO 2010
CLIMATE RECORD PERIOD 1998 TO 2018


WEATHER ITEM   OBSERVED TIME   RECORD YEAR NORMAL DEPARTURE LAST
                VALUE   (LST)  VALUE       VALUE  FROM      YEAR
                                                  NORMAL
..................................................................
TEMPERATURE (F)
 TODAY
  MAXIMUM         54   1025 AM  85    1953  59     -5       76
  MINIMUM         39    302 PM  22    1952  40     -1       40
  AVERAGE         47                        50     -3       58

PRECIPITATION (IN)
  TODAY            0.21          1.12 1962   0.11   0.10     0.00
  MONTH TO DATE    3.25                      2.15   1.10     9.60
  SINCE SEP 1      5.49                      5.97  -0.48    11.41
  SINCE JAN 1     35.48                     29.56   5.92    32.44

DEGREE DAYS
 HEATING
  TODAY           18                        15      3        7
  MONTH TO DATE  229                       254    -25      101
  SINCE SEP 1    312                       387    -75      183
  SINCE JUL 1    314                       403    -89      201

 COOLING
  TODAY            0                         0      0        0
  MONTH TO DATE   27                         7     20       17
  SINCE SEP 1    175                        63    112      149
  SINCE JAN 1   1030                       674    356      765
..................................................................


WIND (MPH)
  RESULTANT WIND SPEED   8   RESULTANT WIND DIRECTION   W (270)
  HIGHEST WIND SPEED    33   HIGHEST WIND DIRECTION     W (290)
  HIGHEST GUST SPEED    44   HIGHEST GUST DIRECTION     W (270)
  AVERAGE WIND SPEED     8.9


SKY COVER
  AVERAGE SKY COVER 0.2


WEATHER CONDITIONS
 THE FOLLOWING WEATHER WAS RECORDED TODAY.
  THUNDERSTORM
  HEAVY RAIN
  RAIN
  LIGHT RAIN
  FOG


RELATIVE HUMIDITY (PERCENT)
 HIGHEST    93           200 AM
 LOWEST     71           900 AM
 AVERAGE    82

..........................................................


THE KALAMAZOO CLIMATE NORMALS FOR TOMORROW
                         NORMAL
 MAXIMUM TEMPERATURE (F)   59
 MINIMUM TEMPERATURE (F)   40


SUNRISE AND SUNSET
OCTOBER 20 2018.......SUNRISE   801 AM EDT   SUNSET   653 PM EDT
OCTOBER 21 2018.......SUNRISE   802 AM EDT   SUNSET   651 PM EDT


-  INDICATES NEGATIVE NUMBERS.
R  INDICATES RECORD WAS SET OR TIED.
MM INDICATES DATA IS MISSING.
T  INDICATES TRACE AMOUNT.




$$
