992
CDUS43 KGRR 190523
CLIAZO


CLIMATE REPORT
NATIONAL WEATHER SERVICE GRAND RAPIDS, MI
123 AM EDT SAT OCT 19 2019


...................................

...THE KALAMAZOO CLIMATE SUMMARY FOR OCTOBER 18 2019...

CLIMATE NORMAL PERIOD 1981 TO 2010
CLIMATE RECORD PERIOD 1998 TO 2019


WEATHER ITEM   OBSERVED TIME   RECORD YEAR NORMAL DEPARTURE LAST
                VALUE   (LST)  VALUE       VALUE  FROM      YEAR
                                                  NORMAL
..................................................................
TEMPERATURE (F)
 YESTERDAY
  MAXIMUM         56    443 PM  85    1950  60     -4       55
                                      1910
  MINIMUM         33    724 AM  23    1952  41     -8       27
  AVERAGE         45                        50     -5       41

PRECIPITATION (IN)
  YESTERDAY        0.00          2.10 1917   0.11  -0.11     0.00
  MONTH TO DATE    1.92                      1.93  -0.01     2.93
  SINCE SEP 1      6.03                      5.75   0.28     5.17
  SINCE JAN 1     31.08                     29.34   1.74    35.16

DEGREE DAYS
 HEATING
  YESTERDAY       20                        15      5       24
  MONTH TO DATE  196                       224    -28      192
  SINCE SEP 1    220                       357   -137      275
  SINCE JUL 1    223                       373   -150      277

 COOLING
  YESTERDAY        0                         0      0        0
  MONTH TO DATE   14                         7      7       27
  SINCE SEP 1    154                        63     91      175
  SINCE JAN 1    870                       674    196     1030
..................................................................


WIND (MPH)
  RESULTANT WIND SPEED   1   RESULTANT WIND DIRECTION   S (170)
  HIGHEST WIND SPEED    10   HIGHEST WIND DIRECTION     S (190)
  HIGHEST GUST SPEED    16   HIGHEST GUST DIRECTION     S (190)
  AVERAGE WIND SPEED     2.5


SKY COVER
  AVERAGE SKY COVER 0.0


WEATHER CONDITIONS
 THE FOLLOWING WEATHER WAS RECORDED YESTERDAY.
  FOG


RELATIVE HUMIDITY (PERCENT)
 HIGHEST    96           800 AM
 LOWEST     47           200 PM
 AVERAGE    72

..........................................................


THE KALAMAZOO CLIMATE NORMALS FOR TODAY
                         NORMAL
 MAXIMUM TEMPERATURE (F)   59
 MINIMUM TEMPERATURE (F)   41


SUNRISE AND SUNSET
OCTOBER 19 2019.......SUNRISE   759 AM EDT   SUNSET   654 PM EDT
OCTOBER 20 2019.......SUNRISE   800 AM EDT   SUNSET   653 PM EDT


-  INDICATES NEGATIVE NUMBERS.
R  INDICATES RECORD WAS SET OR TIED.
MM INDICATES DATA IS MISSING.
T  INDICATES TRACE AMOUNT.




$$
