000
CDUS43 KLBF 090735
CLIBBW


CLIMATE REPORT
NATIONAL WEATHER SERVICE NORTH PLATTE
232 AM CDT SUN AUG 9 2020


...................................

...THE BROKEN BOW  CLIMATE SUMMARY FOR AUGUST 8 2020...

CLIMATE NORMAL PERIOD 1981 TO 2010
CLIMATE RECORD PERIOD 1894 TO 2020


WEATHER ITEM   OBSERVED TIME   RECORD YEAR NORMAL DEPARTURE LAST
                VALUE   (LST)  VALUE       VALUE  FROM      YEAR
                                                  NORMAL
..................................................................
TEMPERATURE (F)
 YESTERDAY
  MAXIMUM         93    428 PM 104    1936  85      8       84
                                      1935
  MINIMUM         67    230 AM  42    1989  61      6       66
  AVERAGE         80                        73      7       75

PRECIPITATION (IN)
  YESTERDAY        0.00          1.82 1957   0.08  -0.08     0.19
  MONTH TO DATE    0.38                      0.65  -0.27     0.83
  SINCE JUN 1      7.71                      7.60   0.11    10.95
  SINCE JAN 1     17.05                     16.50   0.55    22.55

SNOWFALL (IN)
  YESTERDAY       MM
  SNOW DEPTH      MM

DEGREE DAYS
 HEATING
  YESTERDAY        0                         0      0        0
  MONTH TO DATE    1                         0      1        0
  SINCE JUN 1      6                        51    -45       36

 COOLING
  YESTERDAY       15                         8      7       10
  MONTH TO DATE   52                        71    -19       77
  SINCE JUN 1    672                       511    161      546
  SINCE JAN 1    684                       545    139      567
..................................................................


WIND (MPH)
  HIGHEST WIND SPEED    33   HIGHEST WIND DIRECTION    NW (300)
  HIGHEST GUST SPEED    49   HIGHEST GUST DIRECTION    NW (320)
  AVERAGE WIND SPEED     7.7



WEATHER CONDITIONS
 THE FOLLOWING WEATHER WAS RECORDED YESTERDAY.
  THUNDERSTORM
  FOG


RELATIVE HUMIDITY (PERCENT)
 HIGHEST   100           100 AM
 LOWEST     54          1100 PM
 AVERAGE    77

..........................................................


THE BROKEN BOW  CLIMATE NORMALS FOR TODAY
                         NORMAL    RECORD    YEAR
 MAXIMUM TEMPERATURE (F)   85       110      1937
 MINIMUM TEMPERATURE (F)   61        43      1989


SUNRISE AND SUNSET
AUGUST  9 2020........SUNRISE   642 AM CDT   SUNSET   845 PM CDT
AUGUST 10 2020........SUNRISE   643 AM CDT   SUNSET   844 PM CDT


-  INDICATES NEGATIVE NUMBERS.
R  INDICATES RECORD WAS SET OR TIED.
MM INDICATES DATA IS MISSING.
T  INDICATES TRACE AMOUNT.

&&

...SNOWFALL AND SNOW DEPTH UNAVAILABLE AT THIS LOCATION...

$$
